000
CXUS54 KJAN 011925
CF6HBG
PRELIMINARY LOCAL CLIMATOLOGICAL DATA (WS FORM: F-6)
STATION: HATTIESBURG
MONTH: NOVEMBER
YEAR: 2022
LATITUDE: 31 16 N
LONGITUDE: 89 15 W
TEMPERATURE IN F: :PCPN: SNOW: WIND :SUNSHINE: SKY :PK WND
================================================================================
1 2 3 4 5 6A 6B 7 8 9 10 11 12 13 14 15 16 17 18
12Z AVG MX 2MIN
DY MAX MIN AVG DEP HDD CDD WTR SNW DPTH SPD SPD DIR MIN PSBL S-S WX SPD DR
================================================================================
1 76 52 64 3 1 0 0.00 0.0 0 2.0 10 30 M M 0 1 16 20
2 80 53 67 7 0 2 0.00 0.0 0 1.6 8 60 M M 0 1 13 70
3 84 52 68 8 0 3 0.00 0.0 0 1.8 8 120 M M 0 1 12 120
4 82 57 70 10 0 5 0.00 0.0 0 7.4 16 160 M M 6 12 25 160
5 73 66 70 11 0 5 1.49 0.0 0 8.2 22 320 M M 9 13 30 320
6 85 65 75 16 0 10 0.00 0.0 0 3.0 9 110 M M 5 12 13 150
7 88 62 75 16 0 10 T 0.0 0 1.6 10 40 M M 1 16 80
8 87 62 75 17 0 10 0.00 0.0 0 1.9 10 40 M M 1 1 16 30
9 77 51 64 6 1 0 0.00 0.0 0 3.3 15 90 M M 0 1 21 80
10 76 48 62 4 3 0 0.00 0.0 0 4.5 13 310 M M 0 22 320
11 80 58 69 11 0 4 0.00 0.0 0 4.4 13 270 M M 0 1 18 260
12 62 39 51 -6 14 0 T 0.0 0 8.2 21 330 M M 7 29 330
13 54 33 44 -13 21 0 0.00 0.0 0 5.6 14 360 M M 0 20 20
14 61 30 46 -11 19 0 0.64 0.0 0 4.2 16 110 M M 3 13 21 110
15 56 45 51 -5 14 0 0.72 0.0 0 8.9 15 340 M M 10 1 26 310
16 51 38 45 -11 20 0 0.00 0.0 0 6.0 15 30 M M 1 27 350
17 53 30 42 -14 23 0 0.00 0.0 0 3.5 14 350 M M 0 8 22 310
18 58 27 43 -13 22 0 0.00 0.0 0 2.2 10 20 M M 0 15 20
19 49 35 42 -14 23 0 T 0.0 0 2.6 8 70 M M 4 1 10 330
20 54 31 43 -12 22 0 0.00 0.0 0 4.6 13 30 M M 0 1 19 40
21 61 30 46 -9 19 0 T T 0 3.2 10 360 M M 2 16 20
22 66 40 53 -2 12 0 0.00 0.0 0 1.6 8 20 M M 4 11 150
23 76 45 61 6 4 0 0.00 0.0 0 1.2 7 80 M M 2 10 80
24 76 46 61 7 4 0 2.82 0.0 0 4.8 15 140 M M 5 13 19 330
25 68 59 64 10 1 0 0.02 0.0 0 5.0 12 20 M M 10 1 15 20
26 71 59 65 11 0 0 1.11 0.0 0 6.9 18 230 M M 9 1 28 230
27 73 50 62 8 3 0 0.00 0.0 0 6.0 18 280 M M 0 28 290
28 75 49 62 8 3 0 0.00 0.0 0 1.7 7 150 M M 3 12 11 240
29 81 48 65 11 0 0 T 0.0 0 7.4 20 170 M M 6 1 31 180
30 76 43 60 6 5 0 1.96 0.0 0 9.8 23 300 M M 3 13 39 250
================================================================================
SM 2109 1403 234 49 8.76 T 133.1 M 91
================================================================================
AV 70.3 46.8 4.4 FASTST M M 3 MAX(MPH)
MISC ----> 23 300 39 250
================================================================================
NOTES:
# LAST OF SEVERAL OCCURRENCES
COLUMN 17 PEAK WIND IN M.P.H.
PRELIMINARY LOCAL CLIMATOLOGICAL DATA (WS FORM: F-6) , PAGE 2
STATION: HATTIESBURG
MONTH: NOVEMBER
YEAR: 2022
LATITUDE: 31 16 N
LONGITUDE: 89 15 W
[TEMPERATURE DATA] [PRECIPITATION DATA] SYMBOLS USED IN COLUMN 16
AVERAGE MONTHLY: 58.5 TOTAL FOR MONTH: 8.76 1 = FOG OR MIST
DPTR FM NORMAL: 1.9 DPTR FM NORMAL: 5.06 2 = FOG REDUCING VISIBILITY
HIGHEST: 88 ON 7 GRTST 24HR 2.84 ON 24-25 TO 1/4 MILE OR LESS
LOWEST: 27 ON 18 3 = THUNDER
SNOW, ICE PELLETS, HAIL 4 = ICE PELLETS
TOTAL MONTH: T 5 = HAIL
GRTST 24HR T ON 21-21 6 = FREEZING RAIN OR DRIZZLE
GRTST DEPTH: 0 7 = DUSTSTORM OR SANDSTORM:
VSBY 1/2 MILE OR LESS
8 = SMOKE OR HAZE
[NO. OF DAYS WITH] [WEATHER - DAYS WITH] 9 = BLOWING SNOW
X = TORNADO
MAX 32 OR BELOW: 0 0.01 INCH OR MORE: 7
MAX 90 OR ABOVE: 0 0.10 INCH OR MORE: 6
MIN 32 OR BELOW: 5 0.50 INCH OR MORE: 6
MIN 0 OR BELOW: 0 1.00 INCH OR MORE: 4
[HDD (BASE 65) ]
TOTAL THIS MO. 234 CLEAR (SCALE 0-3) 18
DPTR FM NORMAL -42 PTCLDY (SCALE 4-7) 8
TOTAL FM JUL 1 297 CLOUDY (SCALE 8-10) 4
DPTR FM NORMAL -51
[CDD (BASE 65) ]
TOTAL THIS MO. 49
DPTR FM NORMAL 25 [PRESSURE DATA]
TOTAL FM JAN 1 2700 HIGHEST SLP 30.47 ON 20
DPTR FM NORMAL 237 LOWEST SLP 29.72 ON 11
[REMARKS]
#FINAL-11-22#