000
CXUS54 KOUN 010810
CF6HBR
PRELIMINARY LOCAL CLIMATOLOGICAL DATA (WS FORM: F-6)
STATION: HOBART
MONTH: JUNE
YEAR: 2021
LATITUDE: 35 0 N
LONGITUDE: 99 3 W
TEMPERATURE IN F: :PCPN: SNOW: WIND :SUNSHINE: SKY :PK WND
================================================================================
1 2 3 4 5 6A 6B 7 8 9 10 11 12 13 14 15 16 17 18
12Z AVG MX 2MIN
DY MAX MIN AVG DEP HDD CDD WTR SNW DPTH SPD SPD DIR MIN PSBL S-S WX SPD DR
================================================================================
1 77 59 68 -8 0 3 0.00 0.0 M 8.4 16 360 M M 8 21 360
2 78 57 68 -9 0 3 0.01 0.0 M 4.9 15 70 M M 4 1 19 70
3 84 61 73 -4 0 8 0.09 M M 7.0 17 300 M M 4 24 170
4 86 63 75 -2 0 10 0.00 M M 10.8 18 170 M M 1 22 170
5 81 60 71 -7 0 6 0.00 M M 9.3 17 170 M M 0 1 22 170
6 90 63 77 -1 0 12 0.00 M M 10.8 20 130 M M 4 27 140
7 85 65 75 -3 0 10 0.14 M M 8.1 35 130 M M 2 13 43 140
8 92 70 81 2 0 16 0.00 M M 9.7 21 180 M M 1 24 180
9 95 75 85 6 0 20 0.00 M M 14.3 23 160 M M 1 18 30 180
10 95 72 84 5 0 19 0.00 M M 12.5 21 180 M M 0 18 28 160
11 96 73 85 6 0 20 0.00 M M 13.8 24 190 M M 0 30 190
12 93 69 81 1 0 16 T M M 10.6 39 60 M M 1 50 70
13 87 67 77 -3 0 12 0.19 0.0 0 8.3 33 310 M M 2 13 42 310
14 95 67 81 1 0 16 0.00 M M 5.7 14 140 M M 0 1 16 140
15 97 69 83 3 0 18 0.00 M M 5.9 14 160 M M 0 19 140
16 96 67 82 2 0 17 0.00 M M 9.3 18 180 M M 0 25 190
17 98 66 82 1 0 17 0.00 M M 11.5 21 170 M M 0 26 170
18 98 68 83 2 0 18 0.00 M M 13.1 22 190 M M 0 30 160
19 98 69 84 3 0 19 0.00 M M 13.5 22 170 M M 0 27 170
20 99 72 86 5 0 21 0.00 M M 15.8 25 210 M M 0 36 190
21 80 60 70 -12 0 5 0.06 M M 14.2 31 10 M M 4 13 40 40
22 87 53 70 -12 0 5 0.00 M M 12.2 24 170 M M 0 30 170
23 98 71 85 3 0 20 0.00 M M 20.3 29 190 M M 2 1 36 180
24 100 76 88 6 0 23 0.00 M M 18.2 29 200 M M 0 36 190
25 98 78 88 6 0 23 0.00 M M 18.8 29 160 M M 1 36 160
26 86 68 77 -5 0 12 0.76 M M 7.9 35 320 M M 7 13 40 320
27 82 66 74 -8 0 9 1.31 M M 8.0 14 50 M M 5 13 21 50
28 80 68 74 -9 0 9 0.14 M M 7.6 18 80 M M 6 13 24 80
29 81 70 76 -7 0 11 0.44 M M 6.8 16 160 M M 8 18 20 160
30 88 70 79 -4 0 14 0.01 M M 6.9 13 190 M M 5 1 17 200
================================================================================
SM 2700 2012 0 412 3.15 0.0 324.2 M 66
================================================================================
AV 90.0 67.1 10.8 FASTST M M 2 MAX(MPH)
MISC ----> 39 60 50 70
================================================================================
NOTES:
# LAST OF SEVERAL OCCURRENCES
COLUMN 17 PEAK WIND IN M.P.H.
PRELIMINARY LOCAL CLIMATOLOGICAL DATA (WS FORM: F-6) , PAGE 2
STATION: HOBART
MONTH: JUNE
YEAR: 2021
LATITUDE: 35 0 N
LONGITUDE: 99 3 W
[TEMPERATURE DATA] [PRECIPITATION DATA] SYMBOLS USED IN COLUMN 16
AVERAGE MONTHLY: 78.5 TOTAL FOR MONTH: 3.15 1 = FOG OR MIST
DPTR FM NORMAL: -1.7 DPTR FM NORMAL: -0.20 2 = FOG REDUCING VISIBILITY
HIGHEST: 100 ON 24 GRTST 24HR 1.71 ON 26-27 TO 1/4 MILE OR LESS
LOWEST: 53 ON 22 3 = THUNDER
SNOW, ICE PELLETS, HAIL 4 = ICE PELLETS
TOTAL MONTH: 0.0 INCH 5 = HAIL
GRTST 24HR 0.0 6 = FREEZING RAIN OR DRIZZLE
GRTST DEPTH: 0 7 = DUSTSTORM OR SANDSTORM:
VSBY 1/2 MILE OR LESS
8 = SMOKE OR HAZE
[NO. OF DAYS WITH] [WEATHER - DAYS WITH] 9 = BLOWING SNOW
X = TORNADO
MAX 32 OR BELOW: 0 0.01 INCH OR MORE: 10
MAX 90 OR ABOVE: 16 0.10 INCH OR MORE: 6
MIN 32 OR BELOW: 0 0.50 INCH OR MORE: 2
MIN 0 OR BELOW: 0 1.00 INCH OR MORE: 1
[HDD (BASE 65) ]
TOTAL THIS MO. 0 CLEAR (SCALE 0-3) 20
DPTR FM NORMAL -1 PTCLDY (SCALE 4-7) 10
TOTAL FM JUL 1 3477 CLOUDY (SCALE 8-10) 0
DPTR FM NORMAL 72
[CDD (BASE 65) ]
TOTAL THIS MO. 412
DPTR FM NORMAL -43 [PRESSURE DATA]
TOTAL FM JAN 1 597 HIGHEST SLP M ON M
DPTR FM NORMAL -123 LOWEST SLP 29.61 ON 20
[REMARKS]
#FINAL-06-21#