000
CXUS54 KOUN 010700
CF6HBR
PRELIMINARY LOCAL CLIMATOLOGICAL DATA (WS FORM: F-6)
STATION: HOBART
MONTH: JUNE
YEAR: 2020
LATITUDE: 35 0 N
LONGITUDE: 99 3 W
TEMPERATURE IN F: :PCPN: SNOW: WIND :SUNSHINE: SKY :PK WND
================================================================================
1 2 3 4 5 6A 6B 7 8 9 10 11 12 13 14 15 16 17 18
12Z AVG MX 2MIN
DY MAX MIN AVG DEP HDD CDD WTR SNW DPTH SPD SPD DIR MIN PSBL S-S WX SPD DR
================================================================================
1 91 67 79 5 0 14 0.00 0.0 0 13.2 23 160 M M 0 32 170
2 94 67 81 6 0 16 0.00 0.0 0 13.0 22 190 M M 2 32 200
3 100 71 86 11 0 21 0.00 0.0 0 14.4 23 180 M M 0 29 200
4 105 71 88 13 0 23 0.30 0.0 0 11.4 47 10 M M 0 38 54 10
5 98 71 85 9 0 20 0.05 0.0 0 10.4 43 330 M M 1 3 55 330
6 100 72 86 10 0 21 0.00 0.0 0 12.3 23 150 M M 0 30 160
7 95 75 85 9 0 20 0.00 0.0 0 15.0 24 140 M M 0 30 130
8 97 71 84 8 0 19 0.00 0.0 0 12.5 18 170 M M 0 28 160
9 84 61 73 -4 0 8 0.00 0.0 0 21.9 40 330 M M 5 8 53 320
10 89 54 72 -5 0 7 0.00 0.0 0 12.9 29 320 M M 0 35 320
11 95 60 78 1 0 13 0.00 0.0 0 13.8 23 170 M M 0 40 210
12 96 60 78 0 0 13 0.00 0.0 0 12.7 29 200 M M 0 38 190
13 98 65 82 4 0 17 0.00 0.0 0 15.5 24 170 M M 0 33 200
14 95 67 81 3 0 16 0.00 0.0 0 14.5 25 210 M M 0 30 210
15 96 65 81 3 0 16 0.00 0.0 0 13.4 24 160 M M 0 30 160
16 96 74 85 6 0 20 0.00 0.0 0 17.5 25 160 M M 1 35 150
17 97 74 86 7 0 21 0.00 0.0 0 20.9 29 160 M M 1 38 160
18 97 74 86 7 0 21 T 0.0 0 20.5 30 170 M M 0 8 36 170
19 89 67 78 -1 0 13 0.17 0.0 0 16.4 29 90 M M 3 13 34 80
20 91 66 79 -1 0 14 T 0.0 0 10.8 36 330 M M 1 44 330
21 92 65 79 -1 0 14 0.23 0.0 0 16.7 53 30 M M 1 138 69 30
22 94 65 80 0 0 15 0.54 0.0 0 8.6 25 80 M M 3 13 29 90
23 89 68 79 -1 0 14 1.32 0.0 0 10.1 31 10 M M 2 138 41 10
24 90 65 78 -3 0 13 0.00 0.0 0 7.1 15 160 M M 0 19 170
25 93 66 80 -1 0 15 0.00 0.0 0 11.6 22 160 M M 0 26 170
26 98 70 84 3 0 19 0.00 0.0 0 15.5 24 180 M M 0 1 30 180
27 95 73 84 3 0 19 0.00 0.0 0 19.5 30 190 M M 0 8 37 190
28 94 76 85 4 0 20 0.00 0.0 0 23.8 32 170 M M 1 8 40 170
29 100 76 88 6 0 23 0.00 0.0 0 26.4 35 160 M M 0 42 180
30 105 76 91 9 0 26 0.00 0.0 0 19.5 29 190 M M 0 37 200
================================================================================
SM 2853 2052 0 511 2.61 0.0 451.8 M 21
================================================================================
AV 95.1 68.4 15.1 FASTST M M 1 MAX(MPH)
MISC ----> # 53 30 # 69 30
================================================================================
NOTES:
# LAST OF SEVERAL OCCURRENCES
COLUMN 17 PEAK WIND IN M.P.H.
PRELIMINARY LOCAL CLIMATOLOGICAL DATA (WS FORM: F-6) , PAGE 2
STATION: HOBART
MONTH: JUNE
YEAR: 2020
LATITUDE: 35 0 N
LONGITUDE: 99 3 W
[TEMPERATURE DATA] [PRECIPITATION DATA] SYMBOLS USED IN COLUMN 16
AVERAGE MONTHLY: 81.8 TOTAL FOR MONTH: 2.61 1 = FOG OR MIST
DPTR FM NORMAL: 3.3 DPTR FM NORMAL: -1.06 2 = FOG REDUCING VISIBILITY
HIGHEST: 105 ON 30, 4 GRTST 24HR 1.32 ON 23-23 TO 1/4 MILE OR LESS
LOWEST: 54 ON 10 3 = THUNDER
SNOW, ICE PELLETS, HAIL 4 = ICE PELLETS
TOTAL MONTH: 0.0 INCH 5 = HAIL
GRTST 24HR 0.0 6 = FREEZING RAIN OR DRIZZLE
GRTST DEPTH: 0 7 = DUSTSTORM OR SANDSTORM:
VSBY 1/2 MILE OR LESS
8 = SMOKE OR HAZE
[NO. OF DAYS WITH] [WEATHER - DAYS WITH] 9 = BLOWING SNOW
X = TORNADO
MAX 32 OR BELOW: 0 0.01 INCH OR MORE: 6
MAX 90 OR ABOVE: 26 0.10 INCH OR MORE: 5
MIN 32 OR BELOW: 0 0.50 INCH OR MORE: 2
MIN 0 OR BELOW: 0 1.00 INCH OR MORE: 1
[HDD (BASE 65) ]
TOTAL THIS MO. 0 CLEAR (SCALE 0-3) 29
DPTR FM NORMAL -2 PTCLDY (SCALE 4-7) 1
TOTAL FM JUL 1 3133 CLOUDY (SCALE 8-10) 0
DPTR FM NORMAL -533
[CDD (BASE 65) ]
TOTAL THIS MO. 511
DPTR FM NORMAL 109 [PRESSURE DATA]
TOTAL FM JAN 1 824 HIGHEST SLP M ON M
DPTR FM NORMAL 205 LOWEST SLP 29.45 ON 9
[REMARKS]
#FINAL-06-20#