441
CXUS53 KBIS 010830
CF6HEI
PRELIMINARY LOCAL CLIMATOLOGICAL DATA (WS FORM: F-6)
STATION: HETTINGER ND
MONTH: MARCH
YEAR: 2021
LATITUDE: 46 0 N
LONGITUDE: 102 39 W
TEMPERATURE IN F: :PCPN: SNOW: WIND :SUNSHINE: SKY :PK WND
================================================================================
1 2 3 4 5 6A 6B 7 8 9 10 11 12 13 14 15 16 17 18
12Z AVG MX 2MIN
DY MAX MIN AVG DEP HDD CDD WTR SNW DPTH SPD SPD DIR MIN PSBL S-S WX SPD DR
================================================================================
1 56 11 34 10 31 0 0.00 M M 10.7 23 230 M M 3 1 31 230
2 58 22 40 15 25 0 0.00 M M 11.5 28 300 M M 1 39 310
3 62 19 41 16 24 0 0.00 M M 5.3 21 280 M M 1 28 290
4 64 17 41 16 24 0 0.00 M M 5.2 16 100 M M 0 21 100
5 63 16 40 14 25 0 0.00 M M 6.1 14 130 M M 0 20 120
6 61 30 46 20 19 0 0.00 M M 13.3 26 150 M M 3 12 38 150
7 57 21 39 13 26 0 0.00 M M 11.6 25 300 M M 1 32 290
8 59 22 41 14 24 0 0.00 M M 11.7 24 130 M M 0 8 33 130
9 50 28 39 12 26 0 0.00 M M 14.5 36 300 M M 0 50 310
10 35 22 29 2 36 0 0.00 M M 8.7 15 340 M M 9 1 21 350
11 37 11 24 -4 41 0 0.00 M M 5.8 17 330 M M 4 1 23 320
12 56 7 32 4 33 0 0.00 M M 5.5 16 210 M M 0 22 200
13 61 17 39 11 26 0 0.00 M M 4.1 14 100 M M 0 18 70
14 48 29 39 10 26 0 T M M 15.1 26 90 M M 3 1 36 100
15 30 27 29 0 36 0 T M M 8.5 15 110 M M 10 16 21 110
16 35 27 31 1 34 0 0.01 M M 3.2 12 310 M M 10 1 17 30
17 46 14 30 0 35 0 0.00 M M 8.8 18 330 M M 4 25 10
18 47 16 32 2 33 0 0.00 M M 10.4 22 170 M M 6 30 170
19 64 22 43 12 22 0 0.00 M M 10.3 15 160 M M 0 23 150
20 67 24 46 15 19 0 0.00 M M 9.1 24 340 M M 0 31 350
21 56 16 36 4 29 0 T M M 13.3 30 330 M M 4 39 330
22 59 12 36 4 29 0 0.00 M M 8.1 21 180 M M 3 34 180
23 53 25 39 7 26 0 0.03 M M 11.7 23 30 M M 8 1 33 30
24 49 26 38 5 27 0 0.00 M M 8.0 20 360 M M 5 26 110
25 57 18 38 5 27 0 0.00 M M 6.3 16 340 M M 2 23 330
26 47 30 39 5 26 0 0.00 M M 9.5 24 340 M M 9 31 350
27 46 12 29 -5 36 0 0.00 M M 13.8 29 330 M M 6 41 310
28 69 13 41 7 24 0 0.00 M M 10.0 29 270 M M 1 42 250
29 59 21 40 5 25 0 0.00 M M 29.6 52 290 M M 3 8 70 280
30 31 5 18 -17 47 0 0.00 M M 27.7 44 300 M M 3 59 290
31 48 6 27 -9 38 0 0.00 M M 9.6 25 330 M M 5 35 320
================================================================================
SM 1630 586 899 0 0.04 M 327.0 M 104
================================================================================
AV 52.6 18.9 10.5 FASTST M M 3 MAX(MPH)
MISC ----> 52 290 70 280
================================================================================
NOTES:
# LAST OF SEVERAL OCCURRENCES
COLUMN 17 PEAK WIND IN M.P.H.
PRELIMINARY LOCAL CLIMATOLOGICAL DATA (WS FORM: F-6) , PAGE 2
STATION: HETTINGER ND
MONTH: MARCH
YEAR: 2021
LATITUDE: 46 0 N
LONGITUDE: 102 39 W
[TEMPERATURE DATA] [PRECIPITATION DATA] SYMBOLS USED IN COLUMN 16
AVERAGE MONTHLY: 35.7 TOTAL FOR MONTH: 0.04 1 = FOG OR MIST
DPTR FM NORMAL: 6.0 DPTR FM NORMAL: -0.72 2 = FOG REDUCING VISIBILITY
HIGHEST: 69 ON 28 GRTST 24HR 0.03 ON 23-23 TO 1/4 MILE OR LESS
LOWEST: 5 ON 30 3 = THUNDER
SNOW, ICE PELLETS, HAIL 4 = ICE PELLETS
TOTAL MONTH: M 5 = HAIL
GRTST 24HR M ON M 6 = FREEZING RAIN OR DRIZZLE
GRTST DEPTH: M ON M 7 = DUSTSTORM OR SANDSTORM:
VSBY 1/2 MILE OR LESS
8 = SMOKE OR HAZE
[NO. OF DAYS WITH] [WEATHER - DAYS WITH] 9 = BLOWING SNOW
X = TORNADO
MAX 32 OR BELOW: 2 0.01 INCH OR MORE: 2
MAX 90 OR ABOVE: 0 0.10 INCH OR MORE: 0
MIN 32 OR BELOW: 31 0.50 INCH OR MORE: 0
MIN 0 OR BELOW: 0 1.00 INCH OR MORE: 0
[HDD (BASE 65) ]
TOTAL THIS MO. 899 CLEAR (SCALE 0-3) 18
DPTR FM NORMAL -194 PTCLDY (SCALE 4-7) 8
TOTAL FM JUL 1 6907 CLOUDY (SCALE 8-10) 5
DPTR FM NORMAL -502
[CDD (BASE 65) ]
TOTAL THIS MO. 0
DPTR FM NORMAL 0 [PRESSURE DATA]
TOTAL FM JAN 1 0 HIGHEST SLP M ON M
DPTR FM NORMAL 0 LOWEST SLP 29.15 ON 29
[REMARKS]
#FINAL-03-21#