000
CXUS54 KJAN 022116
CF6HEZ
PRELIMINARY LOCAL CLIMATOLOGICAL DATA (WS FORM: F-6)
STATION: NATCHEZ
MONTH: FEBRUARY
YEAR: 2021
LATITUDE: 31 37 N
LONGITUDE: 91 15 W
TEMPERATURE IN F: :PCPN: SNOW: WIND :SUNSHINE: SKY :PK WND
================================================================================
1 2 3 4 5 6A 6B 7 8 9 10 11 12 13 14 15 16 17 18
12Z AVG MX 2MIN
DY MAX MIN AVG DEP HDD CDD WTR SNW DPTH SPD SPD DIR MIN PSBL S-S WX SPD DR
================================================================================
1 49 34 42 M 23 0 M M M 10.5 17 350 M M 5 22 350
2 51 27 39 M 26 0 M M M 4.1 10 340 M M 0 1 M M
3 62 26 44 M 21 0 M M M 2.2 7 160 M M 0 M M
4 68 44 56 M 9 0 0.27 M M 10.9 16 360 M M 6 1 30 200
5 56 40 48 M 17 0 T M M 7.8 17 360 M M 5 25 10
6 50 40 45 M 20 0 0.13 M M 7.0 16 300 M M 10 1 M M
7 55 42 49 M 16 0 T 0.0 0 8.5 18 360 M M 6 23 310
8 63 37 50 M 15 0 M M M 7.7 17 150 M M 3 M M
9 70 54 62 M 3 0 M M M 3.6 8 150 M M 8 12 M M
10 70 49 60 M 5 0 0.09 M M 4.3 9 150 M M 7 1 M M
11 64 34 49 M 16 0 2.47 M M 10.1 17 20 M M 10 13 22 20
12 34 30 32 M 33 0 0.04 M M 12.6 18 10 M M 10 1 28 20
13 32 27 30 M 35 0 T M M 12.9 18 10 M M 10 1 24 10
14 27 21 24 M 41 0 0.02 M M 12.2 17 20 M M 10 1 21 20
15 25 18 22 M 43 0 0.29 M M 11.6 17 50 M M 10 1 25 310
16 35 17 26 M 39 0 0.41 M M 6.8 13 10 M M 4 M M
17 32 22 27 M 38 0 0.96 M M 8.1 21 20 M M 6 13 24 50
18 28 27 28 M 37 0 M M M 11.3 15 350 M M 9 22 350
19 34 22 28 M 37 0 M M M 7.1 13 360 M M 4 17 360
20 53 19 36 M 29 0 M M M 1.7 6 150 M M 2 12 M M
21 65 31 48 M 17 0 T M M 11.2 18 160 M M 6 25 150
22 64 38 51 M 14 0 0.03 M M 6.4 13 340 M M 3 1 20 290
23 74 31 53 M 12 0 M M M 5.8 9 180 M M 0 16 250
24 76 39 58 M 7 0 M M M 7.9 14 240 M M 5 18 220
25 74 63 69 M 0 4 T M M 4.5 10 280 M M 10 1 M M
26 83 57 70 M 0 5 T M M 9.0 17 200 M M 5 26 200
27 79 67 73 M 0 8 0.05 M M 10.1 20 180 M M 7 1 25 150
28 81 69 75 M 0 10 T M M 10.2 20 180 M M 8 29 180
================================================================================
SM 1554 1025 553 27 4.76 0.0 226.1 M 169
================================================================================
AV 55.5 36.6 8.1 FASTST M M 6 MAX(MPH)
MISC ----> 21 20 30 200
================================================================================
NOTES:
# LAST OF SEVERAL OCCURRENCES
COLUMN 17 PEAK WIND IN M.P.H.
PRELIMINARY LOCAL CLIMATOLOGICAL DATA (WS FORM: F-6) , PAGE 2
STATION: NATCHEZ
MONTH: FEBRUARY
YEAR: 2021
LATITUDE: 31 37 N
LONGITUDE: 91 15 W
[TEMPERATURE DATA] [PRECIPITATION DATA] SYMBOLS USED IN COLUMN 16
AVERAGE MONTHLY: 46.1 TOTAL FOR MONTH: 4.76 1 = FOG OR MIST
DPTR FM NORMAL: 0.0 DPTR FM NORMAL: 4.76 2 = FOG REDUCING VISIBILITY
HIGHEST: 83 ON 26 GRTST 24HR 2.47 ON 11-11 TO 1/4 MILE OR LESS
LOWEST: 17 ON 16 3 = THUNDER
SNOW, ICE PELLETS, HAIL 4 = ICE PELLETS
TOTAL MONTH: 0.0 INCH 5 = HAIL
GRTST 24HR 0.0 6 = FREEZING RAIN OR DRIZZLE
GRTST DEPTH: 0 7 = DUSTSTORM OR SANDSTORM:
VSBY 1/2 MILE OR LESS
8 = SMOKE OR HAZE
[NO. OF DAYS WITH] [WEATHER - DAYS WITH] 9 = BLOWING SNOW
X = TORNADO
MAX 32 OR BELOW: 5 0.01 INCH OR MORE: 11
MAX 90 OR ABOVE: 0 0.10 INCH OR MORE: 6
MIN 32 OR BELOW: 13 0.50 INCH OR MORE: 2
MIN 0 OR BELOW: 0 1.00 INCH OR MORE: 1
[HDD (BASE 65) ]
TOTAL THIS MO. 553 CLEAR (SCALE 0-3) 6
DPTR FM NORMAL M PTCLDY (SCALE 4-7) 13
TOTAL FM JUL 1 1754 CLOUDY (SCALE 8-10) 9
DPTR FM NORMAL M
[CDD (BASE 65) ]
TOTAL THIS MO. 27
DPTR FM NORMAL M [PRESSURE DATA]
TOTAL FM JAN 1 30 HIGHEST SLP M ON M
DPTR FM NORMAL M LOWEST SLP M ON M
[REMARKS]
#FINAL-02-21#