000
CXUS51 KLWX 010815
CF6HGR
PRELIMINARY LOCAL CLIMATOLOGICAL DATA (WS FORM: F-6)
STATION: HAGERSTOWN MD
MONTH: JUNE
YEAR: 2023
LATITUDE: 39 42 N
LONGITUDE: 77 43 W
TEMPERATURE IN F: :PCPN: SNOW: WIND :SUNSHINE: SKY :PK WND
================================================================================
1 2 3 4 5 6A 6B 7 8 9 10 11 12 13 14 15 16 17 18
12Z AVG MX 2MIN
DY MAX MIN AVG DEP HDD CDD WTR SNW DPTH SPD SPD DIR MIN PSBL S-S WX SPD DR
================================================================================
1 88 52 70 1 0 5 0.00 M M 4.0 15 60 M M 0 20 90
2 94 58 76 7 0 11 0.00 M M 3.5 15 80 M M 1 24 60
3 90 63 77 7 0 12 0.16 M M 8.6 17 130 M M 3 3 23 140
4 79 55 67 -3 0 2 T M M 5.8 15 340 M M 6 18 350
5 78 49 64 -6 1 0 0.00 M M 5.8 15 320 M M 0 22 330
6 82 52 67 -3 0 2 0.00 M M 9.0 22 280 M M 2 8 28 280
7 78 55 67 -4 0 2 0.00 M M 5.4 16 290 M M 4 8 21 310
8 77 50 64 -7 1 0 0.00 M M 6.8 20 310 M M 7 8 24 330
9 69 54 62 -9 3 0 0.29 M M 4.4 22 320 M M 5 27 320
10 84 53 69 -3 0 4 0.00 M M 5.6 15 300 M M 2 23 170
11 87 57 72 0 0 7 0.00 M M 7.9 18 160 M M 2 26 160
12 77 58 68 -4 0 3 0.29 M M 11.4 21 290 M M 8 1 28 160
13 77 56 67 -6 0 2 0.01 M M 7.5 22 270 M M 5 28 270
14 77 59 68 -5 0 3 0.04 M M 9.1 24 290 M M 6 31 270
15 78 55 67 -6 0 2 0.00 M M 3.8 15 290 M M 1 18 290
16 76 59 68 -6 0 3 0.36 M M 5.6 21 120 M M 6 13 25 130
17 82 59 71 -3 0 6 0.00 M M 9.3 23 310 M M 3 8 31 300
18 83 54 69 -5 0 4 0.00 M M 4.5 12 270 M M 0 15 320
19 88 56 72 -2 0 7 0.02 M M 6.8 20 180 M M 3 13 24 190
20 82 68 75 1 0 10 0.00 M M 8.0 16 120 M M 3 18 22 70
21 69 57 63 -12 2 0 0.21 M M 10.9 20 70 M M 5 18 27 70
22 65 56 61 -14 4 0 0.39 M M 8.4 14 70 M M 10 1 18 40
23 74 63 69 -6 0 4 0.23 M M 5.3 13 60 M M 10 123 16 70
24 84 68 76 0 0 11 0.01 M M 4.8 14 300 M M 8 12 22 230
25 86 66 76 0 0 11 0.01 M M 5.8 17 210 M M 3 3 26 230
26 89 68 79 3 0 14 0.18 M M 5.5 28 270 M M 2 13 34 270
27 80 65 73 -3 0 8 0.11 M M 6.1 20 290 M M 5 13 26 260
28 77 65 71 -5 0 6 0.00 M M 8.1 17 290 M M 6 8 21 290
29 82 59 71 -5 0 6 0.00 M M 3.9 9 270 M M 9 18 12 270
30 84 62 73 -4 0 8 T M M 5.0 14 160 M M 7 18 17 170
================================================================================
SM 2416 1751 11 153 2.31 M 196.6 M 132
================================================================================
AV 80.5 58.4 6.6 FASTST M M 4 MAX(MPH)
MISC ----> 28 270 34 270
================================================================================
NOTES:
# LAST OF SEVERAL OCCURRENCES
COLUMN 17 PEAK WIND IN M.P.H.
PRELIMINARY LOCAL CLIMATOLOGICAL DATA (WS FORM: F-6) , PAGE 2
STATION: HAGERSTOWN MD
MONTH: JUNE
YEAR: 2023
LATITUDE: 39 42 N
LONGITUDE: 77 43 W
[TEMPERATURE DATA] [PRECIPITATION DATA] SYMBOLS USED IN COLUMN 16
AVERAGE MONTHLY: 69.5 TOTAL FOR MONTH: 2.31 1 = FOG OR MIST
DPTR FM NORMAL: -3.7 DPTR FM NORMAL: -1.05 2 = FOG REDUCING VISIBILITY
HIGHEST: 94 ON 2 GRTST 24HR 0.54 ON 21-22 TO 1/4 MILE OR LESS
LOWEST: 49 ON 5 3 = THUNDER
SNOW, ICE PELLETS, HAIL 4 = ICE PELLETS
TOTAL MONTH: M 5 = HAIL
GRTST 24HR M ON M 6 = FREEZING RAIN OR DRIZZLE
GRTST DEPTH: M ON M 7 = DUSTSTORM OR SANDSTORM:
VSBY 1/2 MILE OR LESS
8 = SMOKE OR HAZE
[NO. OF DAYS WITH] [WEATHER - DAYS WITH] 9 = BLOWING SNOW
X = TORNADO
MAX 32 OR BELOW: 0 0.01 INCH OR MORE: 14
MAX 90 OR ABOVE: 2 0.10 INCH OR MORE: 9
MIN 32 OR BELOW: 0 0.50 INCH OR MORE: 0
MIN 0 OR BELOW: 0 1.00 INCH OR MORE: 0
[HDD (BASE 65) ]
TOTAL THIS MO. 11 CLEAR (SCALE 0-3) 13
DPTR FM NORMAL 1 PTCLDY (SCALE 4-7) 13
TOTAL FM JUL 1 4226 CLOUDY (SCALE 8-10) 4
DPTR FM NORMAL -486
[CDD (BASE 65) ]
TOTAL THIS MO. 153
DPTR FM NORMAL -102 [PRESSURE DATA]
TOTAL FM JAN 1 224 HIGHEST SLP 30.23 ON 21
DPTR FM NORMAL -145 LOWEST SLP 29.55 ON 14
[REMARKS]
#FINAL-06-23#