000
CXUS56 KLOX 011155
CF6HHR
PRELIMINARY LOCAL CLIMATOLOGICAL DATA (WS FORM: F-6)
STATION: HAWTHORNE AIRPORT CA
MONTH: AUGUST
YEAR: 2021
LATITUDE: 33 55 N
LONGITUDE: 118 20 W
TEMPERATURE IN F: :PCPN: SNOW: WIND :SUNSHINE: SKY :PK WND
================================================================================
1 2 3 4 5 6A 6B 7 8 9 10 11 12 13 14 15 16 17 18
12Z AVG MX 2MIN
DY MAX MIN AVG DEP HDD CDD WTR SNW DPTH SPD SPD DIR MIN PSBL S-S WX SPD DR
================================================================================
1 79 63 71 -1 0 6 0.00 M M 5.7 22 260 M M 0 8 25 260
2 84 64 74 2 0 9 0.00 M M 4.8 18 260 M M 0 8 22 270
3 79 64 72 0 0 7 0.00 M M 6.7 16 250 M M 0 20 260
4 77 64 71 -1 0 6 0.00 M M 6.1 17 260 M M 0 8 22 260
5 78 66 72 0 0 7 0.00 M M 4.6 15 260 M M 0 19 270
6 77 65 71 -1 0 6 0.00 M M 5.8 13 270 M M 5 8 16 260
7 76 66 71 -1 0 6 0.00 M M 6.1 13 250 M M 6 17 260
8 77 66 72 0 0 7 0.00 M M 4.6 15 250 M M 6 19 260
9 79 65 72 0 0 7 0.00 M M 5.6 16 250 M M 1 20 260
10 78 64 71 -1 0 6 0.00 M M 6.3 14 260 M M 4 18 260
11 82 66 74 2 0 9 0.00 M M 5.0 16 260 M M 0 19 260
12 86 68 77 5 0 12 0.00 M M 4.5 15 260 M M 0 8 18 250
13 83 68 76 4 0 11 0.00 M M 5.4 15 250 M M 0 8 18 260
14 79 67 73 1 0 8 0.00 M M 6.5 17 260 M M 0 8 20 260
15 81 67 74 2 0 9 0.00 M M 5.1 14 250 M M 0 19 260
16 83 68 76 4 0 11 0.00 M M 4.6 13 270 M M 0 8 17 260
17 81 69 75 3 0 10 0.00 M M 5.6 14 250 M M 5 19 260
18 77 68 73 1 0 8 T M M 7.0 14 260 M M 10 18 17 160
19 79 67 73 1 0 8 0.00 M M 6.1 15 260 M M 3 22 260
20 78 67 73 1 0 8 0.00 M M 5.8 16 260 M M 5 22 260
21 75 65 70 -2 0 5 0.00 M M 5.9 13 250 M M 6 18 16 260
22 75 66 71 -1 0 6 0.00 M M 6.5 16 260 M M 5 22 250
23 75 64 70 -2 0 5 0.00 M M 4.3 15 260 M M 3 19 260
24 75 63 69 -3 0 4 0.00 M M 5.3 16 260 M M 0 20 260
25 76 64 70 -2 0 5 0.00 M M 5.4 14 260 M M 0 8 19 270
26 85 66 76 4 0 11 0.00 M M 5.2 18 260 M M 0 8 21 260
27 80 63 72 0 0 7 0.00 M M 4.9 15 260 M M 0 1 19 260
28 75 61 68 -4 0 3 0.00 M M 6.0 14 260 M M 4 18 19 270
29 73 62 68 -4 0 3 0.00 M M 7.1 14 260 M M 4 18 19 250
30 76 65 71 -1 0 6 0.00 M M 5.3 14 250 M M 2 19 260
31 72 66 69 -3 0 4 T M M 4.6 15 250 M M 6 8 17 250
================================================================================
SM 2430 2027 0 220 T M 172.4 M 75
================================================================================
AV 78.4 65.4 5.6 FASTST M M 2 MAX(MPH)
MISC ----> 22 260 25 260
================================================================================
NOTES:
# LAST OF SEVERAL OCCURRENCES
COLUMN 17 PEAK WIND IN M.P.H.
PRELIMINARY LOCAL CLIMATOLOGICAL DATA (WS FORM: F-6) , PAGE 2
STATION: HAWTHORNE AIRPORT CA
MONTH: AUGUST
YEAR: 2021
LATITUDE: 33 55 N
LONGITUDE: 118 20 W
[TEMPERATURE DATA] [PRECIPITATION DATA] SYMBOLS USED IN COLUMN 16
AVERAGE MONTHLY: 71.9 TOTAL FOR MONTH: T 1 = FOG OR MIST
DPTR FM NORMAL: -0.1 DPTR FM NORMAL: -0.00 2 = FOG REDUCING VISIBILITY
HIGHEST: 86 ON 12 GRTST 24HR T ON 18-18 TO 1/4 MILE OR LESS
LOWEST: 61 ON 28 3 = THUNDER
SNOW, ICE PELLETS, HAIL 4 = ICE PELLETS
TOTAL MONTH: M 5 = HAIL
GRTST 24HR M ON M 6 = FREEZING RAIN OR DRIZZLE
GRTST DEPTH: M ON M 7 = DUSTSTORM OR SANDSTORM:
VSBY 1/2 MILE OR LESS
8 = SMOKE OR HAZE
[NO. OF DAYS WITH] [WEATHER - DAYS WITH] 9 = BLOWING SNOW
X = TORNADO
MAX 32 OR BELOW: 0 0.01 INCH OR MORE: 0
MAX 90 OR ABOVE: 0 0.10 INCH OR MORE: 0
MIN 32 OR BELOW: 0 0.50 INCH OR MORE: 0
MIN 0 OR BELOW: 0 1.00 INCH OR MORE: 0
[HDD (BASE 65) ]
TOTAL THIS MO. 0 CLEAR (SCALE 0-3) 18
DPTR FM NORMAL 0 PTCLDY (SCALE 4-7) 12
TOTAL FM JUL 1 0 CLOUDY (SCALE 8-10) 1
DPTR FM NORMAL -1
[CDD (BASE 65) ]
TOTAL THIS MO. 220
DPTR FM NORMAL 3 [PRESSURE DATA]
TOTAL FM JAN 1 543 HIGHEST SLP 30.09 ON 14
DPTR FM NORMAL -27 LOWEST SLP 29.67 ON 27
[REMARKS]
#FINAL-08-21#