000
CXUS53 KDLH 011844
CLMHIB
CLIMATE REPORT
NATIONAL WEATHER SERVICE DULUTH MN
144 PM CDT MON MAY 01 2023
...................................
...THE HIBBING CLIMATE SUMMARY FOR THE MONTH OF APRIL 2023...
CLIMATE NORMAL PERIOD: 1991 TO 2020
CLIMATE RECORD PERIOD: 1931 TO 2023
WEATHER OBSERVED NORMAL DEPART LAST YEAR`S
VALUE DATE(S) VALUE FROM VALUE DATE(S)
NORMAL
................................................................
TEMPERATURE (F)
RECORD
HIGH 89 04/21/1980
04/27/1952
LOW -6 04/03/1954
HIGHEST 74 04/14 MM MM 51 04/23
LOWEST -2 04/07 MM MM 10 04/01
AVG. MAXIMUM 44.7 49.5 -4.8 40.6
AVG. MINIMUM 23.5 24.8 -1.3 23.8
MEAN 34.1 37.1 -3.0 32.2
DAYS MAX >= 90 0 0.0 0.0 0
DAYS MAX <= 32 4 2.0 2.0 3
DAYS MIN <= 32 26 23.6 2.4 26
DAYS MIN <= 0 1 0.2 0.8 0
PRECIPITATION (INCHES)
RECORD
MAXIMUM 4.36 2001
MINIMUM 0.24 1987
TOTALS 2.26 1.61 0.65 3.03
DAILY AVG. 0.08 0.05 0.03 0.10
DAYS >= .01 12 8.1 3.9 17
DAYS >= .10 6 4.0 2.0 8
DAYS >= .50 2 0.9 1.1 1
DAYS >= 1.00 0 0.2 -0.2 0
GREATEST
24 HR. TOTAL 0.61 04/21 TO 04/21
04/20 TO 04/21
04/21 TO 04/21
DEGREE DAYS
HEATING TOTAL 918 836 82 977
SINCE 7/1 9356 9651 -295 MM
COOLING TOTAL 0 0 0 0
SINCE 1/1 0 0 0 MM
................................................................
WIND (MPH)
AVERAGE WIND SPEED 8.3
HIGHEST WIND SPEED/DIRECTION 31/340 DATE 04/16
31/340 04/30
HIGHEST GUST SPEED/DIRECTION 46/330 DATE 04/16
SKY COVER
POSSIBLE SUNSHINE (PERCENT) MM
AVERAGE SKY COVER 0.61
NUMBER OF DAYS FAIR 8
NUMBER OF DAYS PC 4
NUMBER OF DAYS CLOUDY 13
AVERAGE RH (PERCENT) 63
WEATHER CONDITIONS. NUMBER OF DAYS WITH
THUNDERSTORM 2 MIXED PRECIP 0
HEAVY RAIN 0 RAIN 2
LIGHT RAIN 10 FREEZING RAIN 1
LT FREEZING RAIN 3 HAIL 0
HEAVY SNOW 1 SNOW 6
LIGHT SNOW 11 SLEET 0
FOG 17 FOG W/VIS <= 1/4 MILE 6
HAZE 5
- INDICATES NEGATIVE NUMBERS.
R INDICATES RECORD WAS SET OR TIED.
MM INDICATES DATA IS MISSING.
T INDICATES TRACE AMOUNT.
$$
NOTE: PRECIPITATION DATA MAY BE ERRONEOUS AT THIS SITE WHEN TEMPERATURES ARE BELOW FREEZING. PLEASE USE THIS DATA WITH CAUTION.