000
CXUS53 KGID 011950
CF6HJH
PRELIMINARY LOCAL CLIMATOLOGICAL DATA (WS FORM: F-6)
STATION: HEBRON
MONTH: JANUARY
YEAR: 2021
LATITUDE: 40 9 N
LONGITUDE: 97 35 W
TEMPERATURE IN F: :PCPN: SNOW: WIND :SUNSHINE: SKY :PK WND
================================================================================
1 2 3 4 5 6A 6B 7 8 9 10 11 12 13 14 15 16 17 18
12Z AVG MX 2MIN
DY MAX MIN AVG DEP HDD CDD WTR SNW DPTH SPD SPD DIR MIN PSBL S-S WX SPD DR
================================================================================
1 35 24 30 4 35 0 0.00 M M 3.4 9 10 M M 0 1 M M
2 45 19 32 6 33 0 0.00 M M 2.2 9 200 M M 0 M M
3 51 28 40 14 25 0 0.00 M M 7.1 10 240 M M 0 M M
4 50 24 37 11 28 0 0.00 M M 6.8 16 350 M M 1 23 330
5 54 24 39 13 26 0 T M M 9.1 25 150 M M 3 30 150
6 42 34 38 12 27 0 T M M 7.4 14 350 M M 10 1 18 340
7 37 31 34 8 31 0 T M M 5.8 8 60 M M 10 1 M M
8 36 22 29 3 36 0 0.00 M M 0.4 6 60 M M 8 1 M M
9 40 25 33 7 32 0 0.00 M M 3.4 8 40 M M 10 1 M M
10 36 30 33 7 32 0 0.00 M M 2.3 7 210 M M 10 1 M M
11 50 24 37 11 28 0 0.00 M M 7.0 18 240 M M 2 1 23 240
12 58 23 41 15 24 0 0.00 M M 3.5 9 240 M M 0 M M
13 62 26 44 18 21 0 0.00 M M 4.8 10 300 M M 0 M M
14 54 37 46 21 19 0 0.00 M M 22.1 33 320 M M 4 47 320
15 38 32 35 10 30 0 M M M 22.7 36 330 M M 10 53 330
16 43 21 32 7 33 0 0.00 M M 6.4 13 330 M M 2 21 340
17 48 26 37 12 28 0 0.00 M M 9.3 16 320 M M 2 23 320
18 48 27 38 13 27 0 0.00 M M 3.2 15 30 M M 6 18 310
19 46 19 33 8 32 0 0.00 M M 9.2 23 320 M M 4 36 330
20 56 21 39 14 26 0 0.00 M M 7.5 22 240 M M 0 28 240
21 56 18 37 12 28 0 0.00 M M 4.4 18 20 M M 0 22 30
22 31 15 23 -3 42 0 M M M 5.9 10 20 M M 4 M M
23 31 16 24 -2 41 0 0.01 M M 6.3 15 140 M M 9 1 21 140
24 31 28 30 4 35 0 M M M 7.5 13 50 M M 10 1 20 350
25 29 22 26 0 39 0 M M M 11.6 16 40 M M 10 1 23 40
26 21 16 19 -7 46 0 M M M 9.5 15 20 M M 10 1 21 20
27 19 -3 8 -18 57 0 M M M 3.6 10 40 M M 4 M M
28 29 -3 13 -13 52 0 M M M 7.4 14 160 M M 7 1 20 180
29 38 15 27 1 38 0 0.00 M M 4.8 10 160 M M 0 1 18 170
30 37 28 33 7 32 0 0.00 M M 10.7 24 350 M M 8 12 37 350
31 32 14 23 -3 42 0 0.00 M M 11.7 21 340 M M 7 18 30 340
================================================================================
SM 1283 683 1025 0 M M 227.0 M 151
================================================================================
AV 41.4 22.0 7.3 FASTST M M 5 MAX(MPH)
MISC ----> 36 330 M M
================================================================================
NOTES:
# LAST OF SEVERAL OCCURRENCES
COLUMN 17 PEAK WIND IN M.P.H.
PRELIMINARY LOCAL CLIMATOLOGICAL DATA (WS FORM: F-6) , PAGE 2
STATION: HEBRON
MONTH: JANUARY
YEAR: 2021
LATITUDE: 40 9 N
LONGITUDE: 97 35 W
[TEMPERATURE DATA] [PRECIPITATION DATA] SYMBOLS USED IN COLUMN 16
AVERAGE MONTHLY: 31.7 TOTAL FOR MONTH: M 1 = FOG OR MIST
DPTR FM NORMAL: 6.1 DPTR FM NORMAL: M 2 = FOG REDUCING VISIBILITY
HIGHEST: 62 ON 13 GRTST 24HR M ON M TO 1/4 MILE OR LESS
LOWEST: -3 ON 28,27 3 = THUNDER
SNOW, ICE PELLETS, HAIL 4 = ICE PELLETS
TOTAL MONTH: M 5 = HAIL
GRTST 24HR M ON M 6 = FREEZING RAIN OR DRIZZLE
GRTST DEPTH: M ON M 7 = DUSTSTORM OR SANDSTORM:
VSBY 1/2 MILE OR LESS
8 = SMOKE OR HAZE
[NO. OF DAYS WITH] [WEATHER - DAYS WITH] 9 = BLOWING SNOW
X = TORNADO
MAX 32 OR BELOW: 8 0.01 INCH OR MORE: M
MAX 90 OR ABOVE: 0 0.10 INCH OR MORE: M
MIN 32 OR BELOW: 29 0.50 INCH OR MORE: M
MIN 0 OR BELOW: 2 1.00 INCH OR MORE: M
[HDD (BASE 65) ]
TOTAL THIS MO. 1025 CLEAR (SCALE 0-3) 13
DPTR FM NORMAL -196 PTCLDY (SCALE 4-7) 8
TOTAL FM JUL 1 3108 CLOUDY (SCALE 8-10) 10
DPTR FM NORMAL -511
[CDD (BASE 65) ]
TOTAL THIS MO. 0
DPTR FM NORMAL 0 [PRESSURE DATA]
TOTAL FM JAN 1 0 HIGHEST SLP M ON M
DPTR FM NORMAL 0 LOWEST SLP M ON M
[REMARKS]
#FINAL-01-21#