000
CXUS53 KGID 011444
CF6HJH
PRELIMINARY LOCAL CLIMATOLOGICAL DATA (WS FORM: F-6)
STATION: HEBRON
MONTH: JULY
YEAR: 2020
LATITUDE: 40 9 N
LONGITUDE: 97 35 W
TEMPERATURE IN F: :PCPN: SNOW: WIND :SUNSHINE: SKY :PK WND
================================================================================
1 2 3 4 5 6A 6B 7 8 9 10 11 12 13 14 15 16 17 18
12Z AVG MX 2MIN
DY MAX MIN AVG DEP HDD CDD WTR SNW DPTH SPD SPD DIR MIN PSBL S-S WX SPD DR
================================================================================
1 88 71 80 4 0 15 T M M 6.6 13 70 M M 5 20 10
2 89 67 78 2 0 13 0.31 M M 6.1 25 250 M M 3 3 32 250
3 87 68 78 2 0 13 0.03 M M 2.8 15 350 M M 3 3 21 350
4 87 68 78 1 0 13 0.00 M M 2.7 9 60 M M 3 1 M M
5 88 67 78 1 0 13 0.00 M M 3.3 9 100 M M 4 1 M M
6 87 67 77 0 0 12 0.00 M M 3.2 10 160 M M 0 1 M M
7 91 68 80 3 0 15 0.00 M M 5.3 12 180 M M 1 1 17 190
8 92 72 82 5 0 17 0.00 M M 10.5 17 160 M M 1 3 25 170
9 84 62 73 -4 0 8 1.18 M M 2.0 7 90 M M 0 M M
10 88 65 77 0 0 12 0.00 M M 4.4 13 190 M M 0 18 190
11 87 66 77 0 0 12 0.00 M M 8.4 17 360 M M 2 3 28 360
12 83 60 72 -5 0 7 0.00 M M 3.7 9 50 M M 0 M M
13 90 64 77 0 0 12 0.00 M M 8.9 15 170 M M 0 22 170
14 87 70 79 2 0 14 0.03 M M 7.1 14 150 M M 2 23 150
15 78 63 71 -6 0 6 1.04 M M 4.9 13 10 M M 7 13 16 20
16 86 64 75 -2 0 10 0.00 M M 5.5 12 190 M M 4 1 M M
17 90 72 81 4 0 16 0.00 M M 7.7 12 170 M M 0 18 180
18 94 75 85 8 0 20 0.12 M M 11.5 18 190 M M 1 28 190
19 86 73 80 3 0 15 0.19 M M 6.0 12 120 M M 4 3 M M
20 81 67 74 -3 0 9 4.25 M M 5.1 14 280 M M 6 3 20 280
21 85 67 76 -1 0 11 0.33 M M 4.1 10 50 M M 6 138 17 350
22 86 67 77 0 0 12 T M M 3.9 9 110 M M 2 M M
23 89 71 80 3 0 15 0.00 M M 7.5 13 150 M M 0 22 170
24 90 72 81 4 0 16 0.00 M M 8.7 16 190 M M 1 22 180
25 91 76 84 7 0 19 0.00 M M 9.4 17 180 M M 1 23 190
26 90 71 81 4 0 16 3.87 M M 7.7 20 320 M M 6 3 25 320
27 82 67 75 -2 0 10 0.25 M M 3.5 13 60 M M 6 M M
28 86 65 76 -1 0 11 0.00 M M 2.4 7 130 M M 6 12 M M
29 82 70 76 -1 0 11 2.17 M M 4.2 12 80 M M 7 13 18 90
30 75 66 71 -6 0 6 0.80 M M 7.3 13 330 M M 6 1 21 360
31 80 62 71 -6 0 6 0.00 M M 4.9 10 10 M M 1 M M
================================================================================
SM 2679 2103 0 385 14.57 M 179.3 M 88
================================================================================
AV 86.4 67.8 5.8 FASTST M M 3 MAX(MPH)
MISC ----> # 25 250 # M M
================================================================================
NOTES:
# LAST OF SEVERAL OCCURRENCES
COLUMN 17 PEAK WIND IN M.P.H.
PRELIMINARY LOCAL CLIMATOLOGICAL DATA (WS FORM: F-6) , PAGE 2
STATION: HEBRON
MONTH: JULY
YEAR: 2020
LATITUDE: 40 9 N
LONGITUDE: 97 35 W
[TEMPERATURE DATA] [PRECIPITATION DATA] SYMBOLS USED IN COLUMN 16
AVERAGE MONTHLY: 77.1 TOTAL FOR MONTH: 14.57 1 = FOG OR MIST
DPTR FM NORMAL: 0.0 DPTR FM NORMAL: 10.44 2 = FOG REDUCING VISIBILITY
HIGHEST: 94 ON 18 GRTST 24HR 4.25 ON 20-20 TO 1/4 MILE OR LESS
LOWEST: 60 ON 12 3 = THUNDER
SNOW, ICE PELLETS, HAIL 4 = ICE PELLETS
TOTAL MONTH: M 5 = HAIL
GRTST 24HR M ON M 6 = FREEZING RAIN OR DRIZZLE
GRTST DEPTH: M ON M 7 = DUSTSTORM OR SANDSTORM:
VSBY 1/2 MILE OR LESS
8 = SMOKE OR HAZE
[NO. OF DAYS WITH] [WEATHER - DAYS WITH] 9 = BLOWING SNOW
X = TORNADO
MAX 32 OR BELOW: 0 0.01 INCH OR MORE: 13
MAX 90 OR ABOVE: 8 0.10 INCH OR MORE: 11
MIN 32 OR BELOW: 0 0.50 INCH OR MORE: 6
MIN 0 OR BELOW: 0 1.00 INCH OR MORE: 5
[HDD (BASE 65) ]
TOTAL THIS MO. 0 CLEAR (SCALE 0-3) 19
DPTR FM NORMAL -2 PTCLDY (SCALE 4-7) 12
TOTAL FM JUL 1 0 CLOUDY (SCALE 8-10) 0
DPTR FM NORMAL -2
[CDD (BASE 65) ]
TOTAL THIS MO. 385
DPTR FM NORMAL 8 [PRESSURE DATA]
TOTAL FM JAN 1 821 HIGHEST SLP M ON M
DPTR FM NORMAL 142 LOWEST SLP M ON M
[REMARKS]
#FINAL-07-20#