000
CXUS53 KGID 011237 AAA
CF6HJH
PRELIMINARY LOCAL CLIMATOLOGICAL DATA (WS FORM: F-6)
STATION: HEBRON NE
MONTH: SEPTEMBER
YEAR: 2023
LATITUDE: 40 9 N
LONGITUDE: 97 35 W
TEMPERATURE IN F: :PCPN: SNOW: WIND :SUNSHINE: SKY :PK WND
================================================================================
1 2 3 4 5 6A 6B 7 8 9 10 11 12 13 14 15 16 17 18
12Z AVG MX 2MIN
DY MAX MIN AVG DEP HDD CDD WTR SNW DPTH SPD SPD DIR MIN PSBL S-S WX SPD DR
================================================================================
1 96 64 80 M 0 15 0.00 M M 8.6 15 190 M M 0 22 160
2 102 69 86 M 0 21 0.00 M M 9.5 16 180 M M 0 22 190
3 101 69 85 M 0 20 0.00 M M 10.7 22 210 M M 0 27 210
4 100 68 84 M 0 19 0.00 M M 10.6 18 160 M M 0 25 160
5 86 63 75 M 0 10 0.00 M M 12.5 20 310 M M 0 30 310
6 81 55 68 M 0 3 0.00 M M 5.3 12 330 M M 0 18 16 330
7 87 50 69 M 0 4 0.00 M M 4.7 10 120 M M 1 18 23 130
8 89 61 75 M 0 10 0.00 M M 4.6 10 30 M M 0 8 16 30
9 89 54 72 M 0 7 0.00 M M 2.9 8 200 M M 0 M M
10 83 57 70 M 0 5 0.09 M M 4.8 12 340 M M 5 17 300
11 74 50 62 M 3 0 T M M 5.8 10 40 M M 7 1 16 40
12 79 44 62 M 3 0 0.00 M M 0.6 6 150 M M 0 1 M M
13 83 45 64 M 1 0 0.00 M M 4.0 12 210 M M 3 18 210
14 84 52 68 M 0 3 0.00 M M 5.5 15 180 M M 6 20 180
15 76 53 65 M 0 0 0.39 M M 3.0 9 220 M M 6 1 16 220
16 84 55 70 M 0 5 0.08 M M 2.6 13 10 M M 4 123 17 320
17 80 48 64 M 1 0 0.00 M M 1.7 8 160 M M 1 18 M M
18 95 55 75 M 0 10 0.00 M M 9.3 16 190 M M 0 8 23 190
19 90 63 77 M 0 12 0.00 M M 7.7 13 190 M M 0 20 190
20 89 63 76 M 0 11 0.00 M M 7.7 14 160 M M 0 1 18 160
21 85 63 74 M 0 9 0.95 M M 8.6 16 130 M M 4 38 24 110
22 74 61 68 M 0 3 0.51 M M 4.4 10 170 M M 9 13 36 320
23 85 57 71 M 0 6 0.01 M M 5.9 10 300 M M 5 1 17 300
24 83 53 68 M 0 3 0.00 M M 4.1 14 320 M M 0 20 320
25 85 53 69 M 0 4 0.00 M M 1.7 9 290 M M 0 M M
26 81 53 67 M 0 2 0.00 M M 3.9 12 60 M M 0 16 50
27 82 51 67 M 0 2 0.00 M M 2.3 8 140 M M 0 M M
28 96 56 76 M 0 11 0.00 M M 6.8 16 170 M M 0 8 24 170
29 95 70 83 M 0 18 0.00 M M 12.6 22 190 M M 0 8 30 190
30 95 73 84 M 0 19 0.00 M M 13.0 22 190 M M 1 32 190
================================================================================
SM 2609 1728 8 232 2.03 M 185.4 M 52
================================================================================
AV 87.0 57.6 6.2 FASTST M M 2 MAX(MPH)
MISC ----> # 22 210 M M
================================================================================
NOTES:
# LAST OF SEVERAL OCCURRENCES
COLUMN 17 PEAK WIND IN M.P.H.
PRELIMINARY LOCAL CLIMATOLOGICAL DATA (WS FORM: F-6) , PAGE 2
STATION: HEBRON NE
MONTH: SEPTEMBER
YEAR: 2023
LATITUDE: 40 9 N
LONGITUDE: 97 35 W
[TEMPERATURE DATA] [PRECIPITATION DATA] SYMBOLS USED IN COLUMN 16
AVERAGE MONTHLY: 72.3 TOTAL FOR MONTH: 2.03 1 = FOG OR MIST
DPTR FM NORMAL: M DPTR FM NORMAL: M 2 = FOG REDUCING VISIBILITY
HIGHEST: 102 ON 2 GRTST 24HR 0.95 ON 21-21 TO 1/4 MILE OR LESS
LOWEST: 44 ON 12 3 = THUNDER
SNOW, ICE PELLETS, HAIL 4 = ICE PELLETS
TOTAL MONTH: M 5 = HAIL
GRTST 24HR M ON M 6 = FREEZING RAIN OR DRIZZLE
GRTST DEPTH: M ON M 7 = DUSTSTORM OR SANDSTORM:
VSBY 1/2 MILE OR LESS
8 = SMOKE OR HAZE
[NO. OF DAYS WITH] [WEATHER - DAYS WITH] 9 = BLOWING SNOW
X = TORNADO
MAX 32 OR BELOW: 0 0.01 INCH OR MORE: 6
MAX 90 OR ABOVE: 9 0.10 INCH OR MORE: 3
MIN 32 OR BELOW: 0 0.50 INCH OR MORE: 2
MIN 0 OR BELOW: 0 1.00 INCH OR MORE: 0
[HDD (BASE 65) ]
TOTAL THIS MO. 8 CLEAR (SCALE 0-3) 21
DPTR FM NORMAL M PTCLDY (SCALE 4-7) 8
TOTAL FM JUL 1 8 CLOUDY (SCALE 8-10) 1
DPTR FM NORMAL M
[CDD (BASE 65) ]
TOTAL THIS MO. 232
DPTR FM NORMAL M [PRESSURE DATA]
TOTAL FM JAN 1 1530 HIGHEST SLP M ON M
DPTR FM NORMAL M LOWEST SLP M ON M
[REMARKS]
#FINAL-09-23#