000
CXUS56 KHNX 150659
CF6HJO
PRELIMINARY LOCAL CLIMATOLOGICAL DATA (WS FORM: F-6)
STATION: HANFORD CA AIRPORT
MONTH: FEBRUARY
YEAR: 2023
LATITUDE: 36 19 N
LONGITUDE: 119 38 W
TEMPERATURE IN F: :PCPN: SNOW: WIND :SUNSHINE: SKY :PK WND
================================================================================
1 2 3 4 5 6A 6B 7 8 9 10 11 12 13 14 15 16 17 18
12Z AVG MX 2MIN
DY MAX MIN AVG DEP HDD CDD WTR SNW DPTH SPD SPD DIR MIN PSBL S-S WX SPD DR
================================================================================
1 61 30 46 -2 19 0 0.00 0.0 0 2.1 5 90 M M 0 12 M M
2 62 32 47 -2 18 0 0.00 0.0 0 1.5 7 130 M M 0 18 8 140
3 67 41 54 5 11 0 0.00 0.0 0 3.5 8 310 M M 1 18 12 110
4 66 36 51 2 14 0 0.09 0.0 0 4.1 12 170 M M 3 12 17 180
5 63 43 53 4 12 0 0.09 0.0 0 6.3 22 330 M M 5 1 27 330
6 54 35 45 -4 20 0 0.00 0.0 0 2.5 8 310 M M 3 12 12 310
7 59 32 46 -3 19 0 0.00 0.0 0 2.2 7 180 M M 2 128 11 140
8 63 33 48 -2 17 0 0.00 0.0 0 1.3 6 80 M M 1 128 7 160
9 67 36 52 2 13 0 0.00 0.0 0 1.7 7 130 M M 2 128 9 140
10 69 37 53 3 12 0 0.00 0.0 0 5.1 21 320 M M 3 128 26 330
11 58 41 50 0 15 0 0.00 0.0 0 5.2 16 320 M M 4 22 320
12 61 36 49 -1 16 0 T 0.0 0 3.2 17 320 M M 1 1 19 320
13 67 34 51 1 14 0 0.00 0.0 0 2.6 7 160 M M 0 1 10 160
14 57 35 46 -5 19 0 0.00 0.0 0 13.7 29 330 M M 4 36 320
15 56 30 43 -8 22 0 0.00 0.0 0 3.8 10 180 M M 0 13 190
16 60 29 45 -6 20 0 0.00 0.0 0 3.4 7 180 M M 0 1 10 190
17 64 31 48 -3 17 0 0.00 0.0 0 3.9 12 340 M M 0 1 18 320
18 65 30 48 -4 17 0 0.00 0.0 0 2.1 9 330 M M 0 1 10 330
19 67 32 50 -2 15 0 0.00 0.0 0 1.9 7 70 M M 0 18 10 350
20 69 34 52 0 13 0 0.00 0.0 0 1.9 7 260 M M 0 18 10 150
21 68 37 53 1 12 0 0.00 0.0 0 8.4 31 290 M M 1 18 40 290
22 53 31 42 -10 23 0 0.01 0.0 0 3.7 17 190 M M 3 22 200
23 54 33 44 -9 21 0 0.01 0.0 0 6.9 22 170 M M 5 27 180
24 49 42 46 -7 19 0 2.70 0.0 0 8.4 23 140 M M 10 1 36 160
25 50 35 43 -10 22 0 0.44 0.0 0 2.0 8 110 M M 8 1 13 90
26 55 34 45 -8 20 0 0.03 0.0 0 4.6 12 170 M M 8 1 14 170
27 58 38 48 -6 17 0 0.12 0.0 0 7.7 21 190 M M 6 1 29 190
28 55 36 46 -8 19 0 0.25 0.0 0 6.9 15 150 M M 8 12 19 150
================================================================================
SM 1697 973 476 0 3.74 0.0 120.6 M 78
================================================================================
AV 60.6 34.8 4.3 FASTST M M 3 MAX(MPH)
MISC ----> 31 290 40 290
================================================================================
NOTES:
# LAST OF SEVERAL OCCURRENCES
COLUMN 17 PEAK WIND IN M.P.H.
PRELIMINARY LOCAL CLIMATOLOGICAL DATA (WS FORM: F-6) , PAGE 2
STATION: HANFORD CA AIRPORT
MONTH: FEBRUARY
YEAR: 2023
LATITUDE: 36 19 N
LONGITUDE: 119 38 W
[TEMPERATURE DATA] [PRECIPITATION DATA] SYMBOLS USED IN COLUMN 16
AVERAGE MONTHLY: 47.7 TOTAL FOR MONTH: 3.74 1 = FOG OR MIST
DPTR FM NORMAL: -3.2 DPTR FM NORMAL: 2.30 2 = FOG REDUCING VISIBILITY
HIGHEST: 69 ON 20,10 GRTST 24HR 3.11 ON 24-25 TO 1/4 MILE OR LESS
LOWEST: 29 ON 16 3 = THUNDER
SNOW, ICE PELLETS, HAIL 4 = ICE PELLETS
TOTAL MONTH: 0.0 INCH 5 = HAIL
GRTST 24HR 0.0 6 = FREEZING RAIN OR DRIZZLE
GRTST DEPTH: 0 7 = DUSTSTORM OR SANDSTORM:
VSBY 1/2 MILE OR LESS
8 = SMOKE OR HAZE
[NO. OF DAYS WITH] [WEATHER - DAYS WITH] 9 = BLOWING SNOW
X = TORNADO
MAX 32 OR BELOW: 0 0.01 INCH OR MORE: 9
MAX 90 OR ABOVE: 0 0.10 INCH OR MORE: 4
MIN 32 OR BELOW: 9 0.50 INCH OR MORE: 1
MIN 0 OR BELOW: 0 1.00 INCH OR MORE: 1
[HDD (BASE 65) ]
TOTAL THIS MO. 476 CLEAR (SCALE 0-3) 19
DPTR FM NORMAL 83 PTCLDY (SCALE 4-7) 6
TOTAL FM JUL 1 2037 CLOUDY (SCALE 8-10) 3
DPTR FM NORMAL 52
[CDD (BASE 65) ]
TOTAL THIS MO. 0
DPTR FM NORMAL 0 [PRESSURE DATA]
TOTAL FM JAN 1 0 HIGHEST SLP 30.46 ON 6
DPTR FM NORMAL 0 LOWEST SLP 29.60 ON 21
[REMARKS]
#FINAL-02-23#