000
CXUS51 KPBZ 011436
CLMHLG
CLIMATE REPORT
NATIONAL WEATHER SERVICE PITTSBURGH PA
1036 AM EDT WED NOV 01 2023
...................................
...THE WHEELING WV CLIMATE SUMMARY FOR THE MONTH OF OCTOBER 2023...
CLIMATE NORMAL PERIOD 1991 TO 2020
CLIMATE RECORD PERIOD 1878 TO 2023
WEATHER OBSERVED NORMAL DEPART LAST YEAR`S
VALUE DATE(S) VALUE FROM VALUE DATE(S)
NORMAL
................................................................
TEMPERATURE (F)
RECORD
HIGH 91 10/09/1939
LOW 16 10/22/1930
HIGHEST 83 10/02 80 3 75 10/24
10/03
10/04
10/25
LOWEST 29 10/23 29 0 34 10/19
10/20
10/29
AVG. MAXIMUM 65.6 63.6 2.0 62.5
AVG. MINIMUM 47.7 44.9 2.8 42.2
MEAN 56.7 54.2 2.5 52.3
DAYS MAX >= 90 0 0.0 0.0 0
DAYS MAX <= 32 0 0.0 0.0 0
DAYS MIN <= 32 2 2.1 -0.1 0
DAYS MIN <= 0 0 0.0 0.0 0
PRECIPITATION (INCHES)
RECORD
MAXIMUM 6.16 1919
MINIMUM 0.23 1924
TOTALS 3.17 2.81 0.36 2.35
DAILY AVG. 0.10 0.09 0.01 0.08
DAYS >= .01 14 12.3 1.7 8
DAYS >= .10 7 7.1 -0.1 6
DAYS >= .50 3 2.0 1.0 1
DAYS >= 1.00 0 0.4 -0.4 1
GREATEST
24 HR. TOTAL 0.81 10/14 TO 10/14 1.18
DEGREE DAYS
HEATING TOTAL 280 349 -69 383
SINCE 7/1 336 440 -104 MM
COOLING TOTAL 27 15 12 0
SINCE 1/1 743 781 -38 MM
................................................................
WIND (MPH)
AVERAGE WIND SPEED 6.6
HIGHEST WIND SPEED/DIRECTION 25/270 DATE 10/08
HIGHEST GUST SPEED/DIRECTION 34/260 DATE 10/08
AVERAGE RH (PERCENT) 69
WEATHER CONDITIONS. NUMBER OF DAYS WITH
THUNDERSTORM 1 MIXED PRECIP 4
HEAVY RAIN 3 RAIN 13
LIGHT RAIN 16 FREEZING RAIN 0
LT FREEZING RAIN 0 HAIL 0
HEAVY SNOW 0 SNOW 1
LIGHT SNOW 1 SLEET 0
FOG 17 FOG W/VIS <= 1/4 MILE 5
HAZE 0
- INDICATES NEGATIVE NUMBERS.
R INDICATES RECORD WAS SET OR TIED.
MM INDICATES DATA IS MISSING.
T INDICATES TRACE AMOUNT.
$$