000
CXUS51 KPBZ 011340
CLMHLG
CLIMATE REPORT
NATIONAL WEATHER SERVICE PITTSBURGH PA
940 AM EDT SUN OCT 01 2023
...................................
...THE WHEELING WV CLIMATE SUMMARY FOR THE MONTH OF SEPTEMBER 2023...
CLIMATE NORMAL PERIOD 1991 TO 2020
CLIMATE RECORD PERIOD 1878 TO 2023
WEATHER OBSERVED NORMAL DEPART LAST YEAR`S
VALUE DATE(S) VALUE FROM VALUE DATE(S)
NORMAL
................................................................
TEMPERATURE (F)
RECORD
HIGH 100 09/08/1939
LOW 26 09/29/1942
HIGHEST 89 09/06 86 3 84 09/21
LOWEST 43 09/16 41 2 42 09/23
AVG. MAXIMUM 75.5 75.0 0.5 73.4
AVG. MINIMUM 56.4 55.1 1.3 56.3
MEAN 65.9 65.1 0.8 64.9
DAYS MAX >= 90 0 0.9 -0.9 0
DAYS MAX <= 32 0 0.0 0.0 0
DAYS MIN <= 32 0 0.0 0.0 0
DAYS MIN <= 0 0 0.0 0.0 0
PRECIPITATION (INCHES)
RECORD
MAXIMUM 12.44 1911
MINIMUM 0.66 2014
TOTALS 0.97 3.21 -2.24 2.46
DAILY AVG. 0.03 0.11 -0.08 0.08
DAYS >= .01 9 11.5 -2.5 13
DAYS >= .10 3 5.8 -2.8 8
DAYS >= .50 0 1.9 -1.9 2
DAYS >= 1.00 0 0.6 -0.6 0
GREATEST
24 HR. TOTAL 0.38 09/07 TO 09/07 0.80
DEGREE DAYS
HEATING TOTAL 56 83 -27 89
SINCE 7/1 56 93 -37 89
COOLING TOTAL 89 84 5 93
SINCE 1/1 716 766 -50 878
................................................................
WIND (MPH)
AVERAGE WIND SPEED 4.9
HIGHEST WIND SPEED/DIRECTION 22/220 DATE 09/07
HIGHEST GUST SPEED/DIRECTION 37/240 DATE 09/07
AVERAGE RH (PERCENT) 74
WEATHER CONDITIONS. NUMBER OF DAYS WITH
THUNDERSTORM 2 MIXED PRECIP 2
HEAVY RAIN 3 RAIN 14
LIGHT RAIN 10 FREEZING RAIN 0
LT FREEZING RAIN 0 HAIL 0
HEAVY SNOW 0 SNOW 0
LIGHT SNOW 0 SLEET 0
FOG 20 FOG W/VIS <= 1/4 MILE 10
HAZE 1
- INDICATES NEGATIVE NUMBERS.
R INDICATES RECORD WAS SET OR TIED.
MM INDICATES DATA IS MISSING.
T INDICATES TRACE AMOUNT.
$$