889
CXHW50 PHFO 011250
CF6HNL
PRELIMINARY LOCAL CLIMATOLOGICAL DATA (WS FORM: F-6)
STATION: HONOLULU HI
MONTH: SEPTEMBER
YEAR: 2020
LATITUDE: 21 21 N
LONGITUDE: 157 56 W
TEMPERATURE IN F: :PCPN: SNOW: WIND :SUNSHINE: SKY :PK WND
================================================================================
1 2 3 4 5 6A 6B 7 8 9 10 11 12 13 14 15 16 17 18
12Z AVG MX 2MIN
DY MAX MIN AVG DEP HDD CDD WTR SNW DPTH SPD SPD DIR MIN PSBL S-S WX SPD DR
================================================================================
1 89 77 83 1 0 18 T 0.0 M 16.1 29 70 M M M 38 80
2 90 76 83 1 0 18 T 0.0 M 10.8 20 60 M M M 26 70
3 90 75 83 1 0 18 0.00 0.0 M 10.6 22 80 M M M 27 90
4 90 75 83 1 0 18 0.00 0.0 M 9.5 17 30 M M M 27 60
5 90 77 84 2 0 19 T 0.0 M 13.9 22 50 M M M 30 40
6 88 75 82 0 0 17 0.02 0.0 M 12.2 24 50 M M M 28 60
7 90 78 84 2 0 19 T 0.0 M 10.3 17 40 M M M 22 130
8 89 78 84 2 0 19 T 0.0 M 13.2 23 60 M M M 29 70
9 90 78 84 2 0 19 T 0.0 M 12.9 24 70 M M M 33 60
10 90 77 84 2 0 19 T 0.0 M 12.3 24 80 M M M 35 70
11 90 76 83 1 0 18 0.00 0.0 M 10.8 22 70 M M M 30 70
12 M M M M M M M M M M M M M M M M M
13 88 75 82 0 0 17 0.00 0.0 M 9.2 18 130 M M M 24 140
14 90 72 81 -1 0 16 0.00 0.0 M 7.6 18 130 M M M 23 10
15 90 74 82 0 0 17 0.00 0.0 M 8.3 18 150 M M M 24 70
16 90 74 82 0 0 17 0.00 0.0 M 8.9 17 70 M M M 28 70
17 89 77 83 1 0 18 0.00 0.0 M 11.8 21 60 M M M 27 60
18 91 76 84 2 0 19 0.00 0.0 M 13.1 23 50 M M M 32 50
19 89 78 84 3 0 19 T 0.0 M 13.6 22 60 M M M 29 60
20 89 74 82 1 0 17 T 0.0 M 11.6 22 50 M M M 26 60
21 85 69 77 -4 0 12 0.03 0.0 M 10.5 22 70 M M M 1 39 60
22 90 75 83 2 0 18 0.00 0.0 M 11.3 18 60 M M M 27 90
23 90 76 83 2 0 18 0.01 0.0 M 12.2 23 40 M M M 29 40
24 90 79 85 4 0 20 T 0.0 M 14.0 25 40 M M M 32 50
25 90 75 83 2 0 18 T 0.0 M 12.7 23 70 M M M 29 60
26 90 74 82 1 0 17 0.01 0.0 M 10.0 22 80 M M M 30 30
27 90 76 83 2 0 18 0.00 0.0 M 8.4 20 70 M M M 26 80
28 90 75 83 2 0 18 T 0.0 M 6.8 17 50 M M M 22 40
29 93 73 83 2 0 18 0.00 0.0 M 5.9 16 230 M M M 19 220
30 87 71 79 -2 0 14 0.00 0.0 M 6.4 15 240 M M M 18 230
================================================================================
SM 2597 2185 0 513 0.07 0.0 314.9 M M
================================================================================
AV 89.6 75.3 10.9 FASTST M M 0 MAX(MPH)
MISC ----> # 29 70 # 39 60
================================================================================
NOTES:
# LAST OF SEVERAL OCCURRENCES
COLUMN 17 PEAK WIND IN M.P.H.
PRELIMINARY LOCAL CLIMATOLOGICAL DATA (WS FORM: F-6) , PAGE 2
STATION: HONOLULU HI
MONTH: SEPTEMBER
YEAR: 2020
LATITUDE: 21 21 N
LONGITUDE: 157 56 W
[TEMPERATURE DATA] [PRECIPITATION DATA] SYMBOLS USED IN COLUMN 16
AVERAGE MONTHLY: 82.5 TOTAL FOR MONTH: 0.07 1 = FOG OR MIST
DPTR FM NORMAL: 0.9 DPTR FM NORMAL: -0.63 2 = FOG REDUCING VISIBILITY
HIGHEST: 93 ON 29 GRTST 24HR 0.03 ON 21-21 TO 1/4 MILE OR LESS
LOWEST: 69 ON 21 3 = THUNDER
SNOW, ICE PELLETS, HAIL 4 = ICE PELLETS
TOTAL MONTH: 0.0 INCH 5 = HAIL
GRTST 24HR 0.0 6 = FREEZING RAIN OR DRIZZLE
GRTST DEPTH: M ON M 7 = DUSTSTORM OR SANDSTORM:
VSBY 1/2 MILE OR LESS
8 = SMOKE OR HAZE
[NO. OF DAYS WITH] [WEATHER - DAYS WITH] 9 = BLOWING SNOW
X = TORNADO
MAX 32 OR BELOW: 0 0.01 INCH OR MORE: 4
MAX 90 OR ABOVE: 20 0.10 INCH OR MORE: 0
MIN 32 OR BELOW: 0 0.50 INCH OR MORE: 0
MIN 0 OR BELOW: 0 1.00 INCH OR MORE: 0
[HDD (BASE 65) ]
TOTAL THIS MO. 0 CLEAR (SCALE 0-3) 0
DPTR FM NORMAL 0 PTCLDY (SCALE 4-7) 0
TOTAL FM JUL 1 0 CLOUDY (SCALE 8-10) 0
DPTR FM NORMAL 0
[CDD (BASE 65) ]
TOTAL THIS MO. 513
DPTR FM NORMAL 18 [PRESSURE DATA]
TOTAL FM JAN 1 3837 HIGHEST SLP 30.11 ON 24
DPTR FM NORMAL 358 LOWEST SLP 29.84 ON 29
[REMARKS]
#FINAL-09-20#