000
CXUS54 KLZK 011230
CF6HOT
PRELIMINARY LOCAL CLIMATOLOGICAL DATA (WS FORM: F-6)
STATION: HOT SPRINGS MEMORIAL FIELD
MONTH: OCTOBER
YEAR: 2022
LATITUDE: 34 28 N
LONGITUDE: 93 6 W
TEMPERATURE IN F: :PCPN: SNOW: WIND :SUNSHINE: SKY :PK WND
================================================================================
1 2 3 4 5 6A 6B 7 8 9 10 11 12 13 14 15 16 17 18
12Z AVG MX 2MIN
DY MAX MIN AVG DEP HDD CDD WTR SNW DPTH SPD SPD DIR MIN PSBL S-S WX SPD DR
================================================================================
1 83 46 65 -5 0 0 0.00 M M 3.1 14 60 M M 0 22 40
2 85 47 66 -3 0 1 0.00 M M 3.0 14 70 M M 0 19 90
3 85 50 68 -1 0 3 0.00 M M 4.2 14 60 M M 0 19 80
4 83 49 66 -2 0 1 0.00 M M 2.6 12 90 M M 0 16 70
5 85 48 67 -1 0 2 0.00 M M 2.9 9 100 M M 0 13 160
6 89 55 72 4 0 7 0.00 M M 3.8 13 340 M M 0 18 320
7 86 54 70 3 0 5 0.00 M M 5.5 15 60 M M 2 19 50
8 77 55 66 -1 0 1 0.00 M M 6.0 14 60 M M 1 19 70
9 78 50 64 -3 1 0 0.00 M M 2.8 14 240 M M 2 18 240
10 84 54 69 3 0 4 0.00 M M 1.4 6 350 M M 3 M M
11 84 57 71 5 0 6 T M M 5.2 15 180 M M 1 21 190
12 87 62 75 10 0 10 T M M 5.8 17 250 M M 2 3 24 260
13 78 50 64 -1 1 0 0.00 M M 3.1 14 290 M M 0 23 350
14 87 44 66 1 0 1 0.00 M M 5.5 21 240 M M 0 28 240
15 91 57 74 10 0 9 0.02 M M 6.6 20 240 M M 2 13 29 30
16 79 62 71 7 0 6 0.66 M M 4.7 15 330 M M 4 13 24 340
17 66 50 58 -5 7 0 0.00 M M 6.0 14 360 M M 0 20 330
18 56 35 46 -17 19 0 0.00 M M 5.3 15 50 M M 0 19 50
19 61 31 46 -17 19 0 0.00 M M 2.5 12 240 M M 0 17 270
20 74 33 54 -8 11 0 0.00 M M 2.2 10 190 M M 0 15 190
21 82 43 63 1 2 0 0.00 M M 3.1 14 210 M M 0 17 230
22 80 61 71 10 0 6 0.00 M M 8.8 20 180 M M 0 29 180
23 83 66 75 14 0 10 0.00 M M 9.2 17 190 M M 5 26 180
24 82 63 73 12 0 8 0.30 M M 8.0 20 160 M M 8 1 29 160
25 71 44 58 -2 7 0 0.03 M M 9.2 23 240 M M 6 1 34 180
26 70 40 55 -5 10 0 0.00 M M 3.4 15 50 M M 1 1 21 40
27 68 41 55 -5 10 0 0.00 M M 5.9 13 90 M M 0 17 130
28 68 50 59 0 6 0 T M M 8.0 17 60 M M 1 22 80
29 62 57 60 1 5 0 1.43 M M 8.9 21 60 M M 10 1 26 70
30 66 57 62 4 3 0 T M M 2.4 7 320 M M 10 1 11 310
31 75 51 63 5 2 0 0.00 M M 2.2 9 260 M M 1 12 12 300
================================================================================
SM 2405 1562 103 80 2.44 M 151.3 M 59
================================================================================
AV 77.6 50.4 4.9 FASTST M M 2 MAX(MPH)
MISC ----> 23 240 34 180
================================================================================
NOTES:
# LAST OF SEVERAL OCCURRENCES
COLUMN 17 PEAK WIND IN M.P.H.
PRELIMINARY LOCAL CLIMATOLOGICAL DATA (WS FORM: F-6) , PAGE 2
STATION: HOT SPRINGS MEMORIAL FIELD
MONTH: OCTOBER
YEAR: 2022
LATITUDE: 34 28 N
LONGITUDE: 93 6 W
[TEMPERATURE DATA] [PRECIPITATION DATA] SYMBOLS USED IN COLUMN 16
AVERAGE MONTHLY: 64.0 TOTAL FOR MONTH: 2.44 1 = FOG OR MIST
DPTR FM NORMAL: 0.2 DPTR FM NORMAL: -2.45 2 = FOG REDUCING VISIBILITY
HIGHEST: 91 ON 15 GRTST 24HR 1.43 ON 28-29 TO 1/4 MILE OR LESS
LOWEST: 31 ON 19 3 = THUNDER
SNOW, ICE PELLETS, HAIL 4 = ICE PELLETS
TOTAL MONTH: M 5 = HAIL
GRTST 24HR M ON M 6 = FREEZING RAIN OR DRIZZLE
GRTST DEPTH: M ON M 7 = DUSTSTORM OR SANDSTORM:
VSBY 1/2 MILE OR LESS
8 = SMOKE OR HAZE
[NO. OF DAYS WITH] [WEATHER - DAYS WITH] 9 = BLOWING SNOW
X = TORNADO
MAX 32 OR BELOW: 0 0.01 INCH OR MORE: 5
MAX 90 OR ABOVE: 1 0.10 INCH OR MORE: 3
MIN 32 OR BELOW: 1 0.50 INCH OR MORE: 2
MIN 0 OR BELOW: 0 1.00 INCH OR MORE: 1
[HDD (BASE 65) ]
TOTAL THIS MO. 103 CLEAR (SCALE 0-3) 24
DPTR FM NORMAL -20 PTCLDY (SCALE 4-7) 4
TOTAL FM JUL 1 103 CLOUDY (SCALE 8-10) 3
DPTR FM NORMAL -29
[CDD (BASE 65) ]
TOTAL THIS MO. 80
DPTR FM NORMAL -6 [PRESSURE DATA]
TOTAL FM JAN 1 2462 HIGHEST SLP 30.42 ON 8
DPTR FM NORMAL 266 LOWEST SLP 29.57 ON 25
[REMARKS]
#FINAL-10-22#