000
CXUS54 KHGX 011535
CF6HOU
PRELIMINARY LOCAL CLIMATOLOGICAL DATA (WS FORM: F-6)
STATION: HOUSTON/HOBBY AIRPORT
MONTH: FEBRUARY
YEAR: 2022
LATITUDE: 29 38 N
LONGITUDE: 95 17 W
TEMPERATURE IN F: :PCPN: SNOW: WIND :SUNSHINE: SKY :PK WND
================================================================================
1 2 3 4 5 6A 6B 7 8 9 10 11 12 13 14 15 16 17 18
12Z AVG MX 2MIN
DY MAX MIN AVG DEP HDD CDD WTR SNW DPTH SPD SPD DIR MIN PSBL S-S WX SPD DR
================================================================================
1 68 56 62 6 3 0 0.04 0.0 0 7.6 22 120 M M 8 128 28 120
2 69 53 61 5 4 0 0.01 0.0 0 7.1 22 310 M M 10 128 27 310
3 53 30 42 -15 23 0 0.52 0.0 0 17.3 26 320 M M 10 13 37 330
4 34 27 31 -26 34 0 0.00 0.0 0 16.6 26 340 M M 10 34 340
5 50 27 39 -18 26 0 0.00 0.0 0 6.0 16 350 M M 1 22 360
6 57 30 44 -13 21 0 0.00 0.0 0 3.8 12 110 M M 4 20 120
7 64 44 54 -3 11 0 0.00 0.0 0 8.0 18 340 M M 5 25 360
8 64 37 51 -7 14 0 0.00 0.0 0 4.2 13 160 M M 0 17 150
9 70 37 54 -4 11 0 0.00 0.0 0 6.1 14 240 M M 0 18 240
10 69 42 56 -2 9 0 0.00 0.0 0 3.0 10 170 M M 3 1 15 170
11 74 32 53 -5 12 0 0.00 0.0 0 7.2 21 180 M M 1 1 26 170
12 63 39 51 -7 14 0 0.00 0.0 0 12.7 32 350 M M 7 128 43 360
13 61 31 46 -12 19 0 0.00 0.0 0 7.7 16 350 M M 1 27 360
14 68 38 53 -6 12 0 0.00 0.0 0 6.9 15 160 M M 2 22 150
15 73 46 60 1 5 0 0.00 0.0 0 11.9 22 110 M M 6 30 140
16 77 63 70 11 0 5 0.03 0.0 0 15.1 29 170 M M 8 1 40 180
17 82 42 62 3 3 0 0.03 0.0 0 16.8 29 320 M M 6 1 38 320
18 59 36 48 -12 17 0 0.00 0.0 0 13.3 26 360 M M 5 36 340
19 66 43 55 -5 10 0 0.00 0.0 0 6.4 14 90 M M 6 17 60
20 66 47 57 -3 8 0 0.01 0.0 0 6.8 15 120 M M 9 1 20 150
21 83 60 72 12 0 7 T 0.0 0 18.2 32 180 M M 8 1 46 190
22 79 69 74 14 0 9 0.01 0.0 0 10.8 23 180 M M 10 1 32 180
23 71 39 55 -5 10 0 0.04 0.0 0 12.4 20 340 M M 10 1 29 10
24 52 40 46 -15 19 0 0.01 0.0 0 11.5 20 360 M M 10 18 29 360
25 46 39 43 -18 22 0 0.02 0.0 0 13.5 21 350 M M 10 1 29 10
26 44 41 43 -18 22 0 0.06 0.0 0 11.1 16 10 M M 10 1 26 20
27 61 41 51 -10 14 0 0.00 0.0 0 13.2 21 350 M M 6 1 30 360
28 66 36 51 -11 14 0 0.00 0.0 0 5.1 15 80 M M 3 18 80
================================================================================
SM 1789 1165 357 21 0.78 0.0 280.3 M 169
================================================================================
AV 63.9 41.6 10.0 FASTST M M 6 MAX(MPH)
MISC ----> # 32 350 46 190
================================================================================
NOTES:
# LAST OF SEVERAL OCCURRENCES
COLUMN 17 PEAK WIND IN M.P.H.
PRELIMINARY LOCAL CLIMATOLOGICAL DATA (WS FORM: F-6) , PAGE 2
STATION: HOUSTON/HOBBY AIRPORT
MONTH: FEBRUARY
YEAR: 2022
LATITUDE: 29 38 N
LONGITUDE: 95 17 W
[TEMPERATURE DATA] [PRECIPITATION DATA] SYMBOLS USED IN COLUMN 16
AVERAGE MONTHLY: 52.8 TOTAL FOR MONTH: 0.78 1 = FOG OR MIST
DPTR FM NORMAL: -6.0 DPTR FM NORMAL: -2.07 2 = FOG REDUCING VISIBILITY
HIGHEST: 83 ON 21 GRTST 24HR 1.22 ON 31- 1 TO 1/4 MILE OR LESS
LOWEST: 27 ON 5, 4 3 = THUNDER
SNOW, ICE PELLETS, HAIL 4 = ICE PELLETS
TOTAL MONTH: 0.0 INCH 5 = HAIL
GRTST 24HR 0.0 6 = FREEZING RAIN OR DRIZZLE
GRTST DEPTH: 0 7 = DUSTSTORM OR SANDSTORM:
VSBY 1/2 MILE OR LESS
8 = SMOKE OR HAZE
[NO. OF DAYS WITH] [WEATHER - DAYS WITH] 9 = BLOWING SNOW
X = TORNADO
MAX 32 OR BELOW: 0 0.01 INCH OR MORE: 11
MAX 90 OR ABOVE: 0 0.10 INCH OR MORE: 1
MIN 32 OR BELOW: 6 0.50 INCH OR MORE: 1
MIN 0 OR BELOW: 0 1.00 INCH OR MORE: 0
[HDD (BASE 65) ]
TOTAL THIS MO. 357 CLEAR (SCALE 0-3) 7
DPTR FM NORMAL 151 PTCLDY (SCALE 4-7) 10
TOTAL FM JUL 1 803 CLOUDY (SCALE 8-10) 11
DPTR FM NORMAL -171
[CDD (BASE 65) ]
TOTAL THIS MO. 21
DPTR FM NORMAL -12 [PRESSURE DATA]
TOTAL FM JAN 1 46 HIGHEST SLP 30.64 ON 5
DPTR FM NORMAL -7 LOWEST SLP 29.78 ON 2
[REMARKS]
#FINAL-02-22#