000
CXUS54 KBRO 010800
CF6HRL
PRELIMINARY LOCAL CLIMATOLOGICAL DATA (WS FORM: F-6)
STATION: HARLINGEN
MONTH: APRIL
YEAR: 2023
LATITUDE: 26 13 N
LONGITUDE: 97 40 W
TEMPERATURE IN F: :PCPN: SNOW: WIND :SUNSHINE: SKY :PK WND
================================================================================
1 2 3 4 5 6A 6B 7 8 9 10 11 12 13 14 15 16 17 18
12Z AVG MX 2MIN
DY MAX MIN AVG DEP HDD CDD WTR SNW DPTH SPD SPD DIR MIN PSBL S-S WX SPD DR
================================================================================
1 90 70 80 7 0 15 0.00 0.0 0 10.6 20 80 M M 7 1 26 80
2 90 72 81 7 0 16 0.00 0.0 0 14.2 28 160 M M 5 1 37 180
3 92 74 83 9 0 18 0.00 0.0 0 18.3 28 180 M M 3 1 39 160
4 89 74 82 8 0 17 0.00 0.0 0 22.7 38 190 M M 3 48 180
5 89 65 77 3 0 12 0.03 0.0 0 13.7 25 20 M M 9 1 34 160
6 66 56 61 -13 4 0 0.03 0.0 0 13.9 22 330 M M 10 1 28 330
7 63 57 60 -14 5 0 1.27 0.0 0 12.3 22 350 M M 10 13 28 350
8 70 57 64 -11 1 0 0.00 0.0 0 8.6 15 330 M M 10 1 18 330
9 79 64 72 -3 0 7 0.00 0.0 0 8.9 17 30 M M 9 1 22 30
10 81 63 72 -3 0 7 0.05 0.0 0 9.1 22 30 M M 8 13 28 40
11 80 61 71 -4 0 6 0.00 0.0 0 9.9 21 50 M M 2 28 70
12 81 56 69 -6 0 4 0.00 0.0 0 7.4 16 80 M M 1 1 24 20
13 85 56 71 -5 0 6 0.00 0.0 0 8.2 21 140 M M 4 12 27 140
14 87 67 77 1 0 12 0.00 0.0 0 12.4 25 180 M M 3 32 180
15 96 72 84 8 0 19 0.00 0.0 0 9.9 23 170 M M 3 1 28 150
16 80 59 70 -6 0 5 0.00 0.0 0 12.7 25 50 M M 1 1 33 60
17 82 54 68 -8 0 3 0.00 0.0 0 11.4 25 120 M M 2 34 120
18 81 66 74 -2 0 9 T 0.0 0 14.0 29 140 M M 6 37 150
19 85 70 78 2 0 13 0.00 0.0 0 13.4 24 140 M M 9 30 140
20 86 75 81 4 0 16 T 0.0 0 12.5 22 140 M M 10 27 150
21 92 68 80 3 0 15 0.15 0.0 0 6.5 23 40 M M 7 13 30 50
22 86 67 77 0 0 12 0.00 0.0 0 11.5 23 110 M M 6 1 29 100
23 87 64 76 -1 0 11 1.16 0.0 0 16.2 41 330 M M 9 13 62 310
24 75 61 68 -9 0 3 T 0.0 0 11.1 17 30 M M 9 25 10
25 79 64 72 -6 0 7 0.26 0.0 0 4.4 14 100 M M 8 12 18 100
26 89 68 79 1 0 14 0.00 0.0 0 7.2 17 140 M M 6 128 23 150
27 85 66 76 -2 0 11 0.06 0.0 0 6.9 22 60 M M 6 13 30 30
28 88 65 77 -1 0 12 0.00 0.0 0 8.5 20 40 M M 5 123 27 40
29 82 55 69 -9 0 4 0.65 0.0 0 17.2 49 350 M M 2 3 61 340
30 89 51 70 -8 0 5 0.00 0.0 M 6.0 12 180 M M 0 16 260
================================================================================
SM 2504 1917 10 279 3.66 0.0 339.6 M 173
================================================================================
AV 83.5 63.9 11.3 FASTST M M 6 MAX(MPH)
MISC ----> 49 350 62 310
================================================================================
NOTES:
# LAST OF SEVERAL OCCURRENCES
COLUMN 17 PEAK WIND IN M.P.H.
PRELIMINARY LOCAL CLIMATOLOGICAL DATA (WS FORM: F-6) , PAGE 2
STATION: HARLINGEN
MONTH: APRIL
YEAR: 2023
LATITUDE: 26 13 N
LONGITUDE: 97 40 W
[TEMPERATURE DATA] [PRECIPITATION DATA] SYMBOLS USED IN COLUMN 16
AVERAGE MONTHLY: 73.7 TOTAL FOR MONTH: 3.66 1 = FOG OR MIST
DPTR FM NORMAL: -2.1 DPTR FM NORMAL: 2.20 2 = FOG REDUCING VISIBILITY
HIGHEST: 96 ON 15 GRTST 24HR 1.27 ON 6- 7 TO 1/4 MILE OR LESS
LOWEST: 51 ON 30 3 = THUNDER
SNOW, ICE PELLETS, HAIL 4 = ICE PELLETS
TOTAL MONTH: 0.0 INCH 5 = HAIL
GRTST 24HR 0.0 6 = FREEZING RAIN OR DRIZZLE
GRTST DEPTH: 0 7 = DUSTSTORM OR SANDSTORM:
VSBY 1/2 MILE OR LESS
8 = SMOKE OR HAZE
[NO. OF DAYS WITH] [WEATHER - DAYS WITH] 9 = BLOWING SNOW
X = TORNADO
MAX 32 OR BELOW: 0 0.01 INCH OR MORE: 9
MAX 90 OR ABOVE: 5 0.10 INCH OR MORE: 5
MIN 32 OR BELOW: 0 0.50 INCH OR MORE: 3
MIN 0 OR BELOW: 0 1.00 INCH OR MORE: 2
[HDD (BASE 65) ]
TOTAL THIS MO. 10 CLEAR (SCALE 0-3) 8
DPTR FM NORMAL 3 PTCLDY (SCALE 4-7) 13
TOTAL FM JUL 1 534 CLOUDY (SCALE 8-10) 9
DPTR FM NORMAL -30
[CDD (BASE 65) ]
TOTAL THIS MO. 279
DPTR FM NORMAL -53 [PRESSURE DATA]
TOTAL FM JAN 1 918 HIGHEST SLP M ON M
DPTR FM NORMAL 225 LOWEST SLP 29.56 ON 4
[REMARKS]
#FINAL-04-23#