000
CXUS54 KLZK 032016
CF6HRO
PRELIMINARY LOCAL CLIMATOLOGICAL DATA (WS FORM: F-6)
STATION: HARRISON
MONTH: DECEMBER
YEAR: 2021
LATITUDE: 36 15 N
LONGITUDE: 93 9 W
TEMPERATURE IN F: :PCPN: SNOW: WIND :SUNSHINE: SKY :PK WND
================================================================================
1 2 3 4 5 6A 6B 7 8 9 10 11 12 13 14 15 16 17 18
12Z AVG MX 2MIN
DY MAX MIN AVG DEP HDD CDD WTR SNW DPTH SPD SPD DIR MIN PSBL S-S WX SPD DR
================================================================================
1 69 47 58 15 7 0 0.00 0.0 0 7.1 16 230 M M 0 25 220
2 78 54 66 23 0 1 0.00 0.0 0 6.3 17 270 M M 0 24 280
3 80 51 66 23 0 1 0.00 0.0 0 5.3 10 220 M M 0 16 210
4 61 50 56 14 9 0 T 0.0 0 8.0 16 150 M M 7 19 130
5 73 52 63 21 2 0 0.17 0.0 0 10.9 23 230 M M 6 13 34 250
6 55 25 40 -2 25 0 0.15 0.0 0 8.3 22 340 M M 3 13 30 320
7 41 23 32 -10 33 0 0.00 0.0 0 6.9 18 140 M M 2 23 130
8 55 25 40 -1 25 0 0.00 0.0 0 6.2 18 140 M M 0 26 140
9 68 45 57 16 8 0 0.00 0.0 0 11.3 23 160 M M 0 1 35 160
10 76 52 64 23 1 0 0.35 0.0 0 12.4 28 250 M M 2 13 41 250
11 66 30 48 8 17 0 T T 0 9.7 22 290 M M 3 36 290
12 52 24 38 -2 27 0 0.00 0.0 0 9.0 21 160 M M 0 26 170
13 70 35 53 13 12 0 0.00 0.0 0 8.9 15 150 M M 0 19 150
14 66 44 55 15 10 0 T 0.0 0 9.7 17 170 M M 7 23 180
15 73 65 69 29 0 4 T 0.0 0 14.9 26 180 M M 9 41 170
16 70 39 55 16 10 0 0.35 0.0 0 7.1 16 310 M M 5 13 24 170
17 56 44 50 11 15 0 2.21 0.0 0 10.1 21 140 M M 10 123 24 140
18 57 34 46 7 19 0 0.90 T 0 9.7 20 330 M M 7 1 27 320
19 41 25 33 -6 32 0 T T 0 4.4 9 350 M M 5 13 330
20 43 20 32 -7 33 0 0.00 0.0 0 3.0 8 300 M M 0 1 10 280
21 57 30 44 6 21 0 0.00 0.0 0 6.1 14 310 M M 0 21 320
22 53 31 42 4 23 0 0.00 0.0 0 6.9 14 150 M M 0 17 150
23 63 35 49 11 16 0 0.00 0.0 0 10.0 20 160 M M 0 26 190
24 73 57 65 27 0 0 0.00 0.0 0 12.8 22 170 M M 0 32 210
25 73 47 60 22 5 0 0.00 0.0 0 9.1 23 240 M M 0 8 36 250
26 74 42 58 20 7 0 0.00 0.0 0 10.5 23 180 M M 0 32 190
27 70 51 61 23 4 0 T 0.0 0 7.3 18 200 M M 2 30 190
28 70 46 58 20 7 0 0.02 0.0 0 7.2 22 240 M M 6 33 260
29 51 40 46 9 19 0 0.09 0.0 0 4.5 14 160 M M 5 12 17 150
30 68 36 52 15 13 0 0.00 0.0 0 4.2 17 230 M M 3 12 25 240
31 74 49 62 25 3 0 0.25 0.0 0 9.6 24 240 M M 3 1 38 220
================================================================================
SM 1976 1248 403 6 4.49 T 257.4 M 85
================================================================================
AV 63.7 40.3 8.3 FASTST M M 3 MAX(MPH)
MISC ----> 28 250 # 41 170
================================================================================
NOTES:
# LAST OF SEVERAL OCCURRENCES
COLUMN 17 PEAK WIND IN M.P.H.
PRELIMINARY LOCAL CLIMATOLOGICAL DATA (WS FORM: F-6) , PAGE 2
STATION: HARRISON
MONTH: DECEMBER
YEAR: 2021
LATITUDE: 36 15 N
LONGITUDE: 93 9 W
[TEMPERATURE DATA] [PRECIPITATION DATA] SYMBOLS USED IN COLUMN 16
AVERAGE MONTHLY: 52.0 TOTAL FOR MONTH: 4.49 1 = FOG OR MIST
DPTR FM NORMAL: 12.3 DPTR FM NORMAL: 1.55 2 = FOG REDUCING VISIBILITY
HIGHEST: 80 ON 3 GRTST 24HR 3.11 ON 17-18 TO 1/4 MILE OR LESS
LOWEST: 20 ON 20 3 = THUNDER
SNOW, ICE PELLETS, HAIL 4 = ICE PELLETS
TOTAL MONTH: T 5 = HAIL
GRTST 24HR T ON 18-18 6 = FREEZING RAIN OR DRIZZLE
GRTST DEPTH: 0 7 = DUSTSTORM OR SANDSTORM:
VSBY 1/2 MILE OR LESS
8 = SMOKE OR HAZE
[NO. OF DAYS WITH] [WEATHER - DAYS WITH] 9 = BLOWING SNOW
X = TORNADO
MAX 32 OR BELOW: 0 0.01 INCH OR MORE: 9
MAX 90 OR ABOVE: 0 0.10 INCH OR MORE: 7
MIN 32 OR BELOW: 9 0.50 INCH OR MORE: 2
MIN 0 OR BELOW: 0 1.00 INCH OR MORE: 1
[HDD (BASE 65) ]
TOTAL THIS MO. 403 CLEAR (SCALE 0-3) 20
DPTR FM NORMAL -381 PTCLDY (SCALE 4-7) 9
TOTAL FM JUL 1 1028 CLOUDY (SCALE 8-10) 2
DPTR FM NORMAL -506
[CDD (BASE 65) ]
TOTAL THIS MO. 6
DPTR FM NORMAL 6 [PRESSURE DATA]
TOTAL FM JAN 1 1515 HIGHEST SLP 30.42 ON 19
DPTR FM NORMAL 42 LOWEST SLP 29.45 ON 10
[REMARKS]
#FINAL-12-21#