000
CXUS53 KGID 012340
CLMHSI
CLIMATE REPORT
NATIONAL WEATHER SERVICE HASTINGS NE
640 PM CDT FRI SEP 01 2023
...................................
...THE HASTINGS NE CLIMATE SUMMARY FOR THE MONTH OF AUGUST 2023...
CLIMATE NORMAL PERIOD 1991 TO 2020
CLIMATE RECORD PERIOD 1894 TO 2023
WEATHER OBSERVED NORMAL DEPART LAST YEAR`S
VALUE DATE(S) VALUE FROM VALUE DATE(S)
NORMAL
................................................................
TEMPERATURE (F)
RECORD
HIGH 111 08/23/1943
08/08/1934
LOW 40 08/20/1950
08/30/1911
HIGHEST 104 08/21 101 3 100 08/06
LOWEST 54 08/14 51 3 54 08/21
08/15
AVG. MAXIMUM 88.5 85.3 3.2 88.5
AVG. MINIMUM 63.6 63.7 -0.1 62.9
MEAN 76.1 74.5 1.6 75.7
DAYS MAX >= 90 12 8.2 3.8 15
DAYS MAX <= 32 0 0.0 0.0 0
DAYS MIN <= 32 0 0.0 0.0 0
DAYS MIN <= 0 0 0.0 0.0 0
PRECIPITATION (INCHES)
RECORD
MAXIMUM 9.86 1903
MINIMUM 0.37 1919
TOTALS 2.23 3.42 -1.19 0.46
DAILY AVG. 0.07 0.11 -0.04 0.01
DAYS >= .01 9 9.6 -0.6 5
DAYS >= .10 5 5.7 -0.7 2
DAYS >= .50 2 2.3 -0.3 0
DAYS >= 1.00 0 1.1 -1.1 0
GREATEST
24 HR. TOTAL 0.98 08/25 TO 08/26
SNOWFALL (INCHES)
RECORDS
TOTAL 0.0 MM
TOTALS 0.0 0.0 0.0 0.0
SINCE 7/1 T 0.0 0.0 MM
DAYS >= 1.0 0 0.0 0.0 0
GREATEST
SNOW DEPTH 0 0 MM
24 HR TOTAL 0.0
DEGREE DAYS
HEATING TOTAL 0 4 -4 2
SINCE 7/1 0 2 -2 MM
COOLING TOTAL 348 298 50 339
SINCE 1/1 1003 992 11 MM
................................................................
WIND (MPH)
AVERAGE WIND SPEED 7.7
HIGHEST WIND SPEED/DIRECTION 47/280 DATE 08/02
HIGHEST GUST SPEED/DIRECTION 75/270 DATE 08/02
SKY COVER
POSSIBLE SUNSHINE (PERCENT) MM
AVERAGE SKY COVER 0.18
NUMBER OF DAYS FAIR 26
NUMBER OF DAYS PC 4
NUMBER OF DAYS CLOUDY 1
AVERAGE RH (PERCENT) 67
WEATHER CONDITIONS. NUMBER OF DAYS WITH
THUNDERSTORM 7 MIXED PRECIP 0
HEAVY RAIN 3 RAIN 3
LIGHT RAIN 11 FREEZING RAIN 0
LT FREEZING RAIN 0 HAIL 0
HEAVY SNOW 0 SNOW 0
LIGHT SNOW 0 SLEET 0
FOG 12 FOG W/VIS <= 1/4 MILE 1
HAZE 4
- INDICATES NEGATIVE NUMBERS.
R INDICATES RECORD WAS SET OR TIED.
MM INDICATES DATA IS MISSING.
T INDICATES TRACE AMOUNT.
$$