000
CXUS54 KHUN 020605
CLMHSV
CLIMATE REPORT
NATIONAL WEATHER SERVICE HUNTSVILLE AL
1205 AM CST SAT MAR 02 2024
...................................
...THE HUNTSVILLE CLIMATE SUMMARY FOR THE MONTH OF FEBRUARY 2024...
CLIMATE NORMAL PERIOD 1991 TO 2020
CLIMATE RECORD PERIOD 1894 TO 2024
WEATHER OBSERVED NORMAL DEPART LAST YEAR`S
VALUE DATE(S) VALUE FROM VALUE
NORMAL
..............................................................
TEMPERATURE (F)
RECORD
HIGH 83 02/23/1996
LOW -8 02/17/1958
HIGHEST 76 02/27 MM MM 82
LOWEST 25 02/18 MM MM 24
AVG. MAXIMUM 63.1 57.1 6.0 63.4
AVG. MINIMUM 39.3 36.4 2.9 43.1
MEAN 51.2 46.7 4.5 53.3
DAYS MAX >= 90 0 0.0 0.0 0
DAYS MAX <= 32 0 0.5 -0.5 0
DAYS MIN <= 32 6 11.5 -5.5 6
DAYS MIN <= 0 0 0.0 0.0 0
PRECIPITATION (INCHES)
RECORD
MAXIMUM 13.63 2019
MINIMUM 0.59 1978
TOTALS 4.07 5.11 -1.04 4.89
DAILY AVG. 0.14 NAN NAN 0.17
DAYS >= .01 10 11.3 -1.3 12
DAYS >= .10 7 7.5 -0.5 7
DAYS >= .50 4 3.5 0.5 5
DAYS >= 1.00 1 1.4 -0.4 2
GREATEST
24 HR. TOTAL 1.87 02/10 TO 02/11 1.55
SNOWFALL (INCHES)
RECORDS
TOTAL 8.8 2015
24 HR TOTAL 8.2 02/25/2015 TO 02/26/2015
TOTALS 0.0 1.0 -1.0 T
SINCE 7/1 0.8 1.9 MM MM
DAYS >= TRACE 0 0.6 -0.6 1
DAYS >= 1.0 0 0.3 -0.3 0
GREATEST
SNOW DEPTH 0 MM
24 HR TOTAL 0.0
DEGREE DAYS
HEATING TOTAL 396 513 -117 339
SINCE 7/1 2156 2356 -200 MM
COOLING TOTAL 4 2 2 19
SINCE 1/1 4 3 1 MM
FREEZE DATES
RECORD
EARLIEST 10/09/2000
LATEST 05/07/1944
EARLIEST 11/01 11/08
LATEST 02/25 03/24
..............................................................
WIND (MPH)
AVERAGE WIND SPEED 7.9
HIGHEST WIND SPEED/DIRECTION 33/260 DATE 02/12
HIGHEST GUST SPEED/DIRECTION 51/290 DATE 02/28
SKY COVER
POSSIBLE SUNSHINE (PERCENT) MM
WEATHER CONDITIONS. NUMBER OF DAYS WITH
THUNDERSTORM 4 MIXED PRECIP 0
HEAVY RAIN 7 RAIN 8
LIGHT RAIN 15 FREEZING RAIN 0
LT FREEZING RAIN 0 HAIL 0
HEAVY SNOW 0 SNOW 0
LIGHT SNOW 0 SLEET 0
FOG 11 FOG W/VIS <= 1/4 MILE 2
- INDICATES NEGATIVE NUMBERS.
R INDICATES RECORD WAS SET OR TIED.
MM INDICATES DATA IS MISSING.
T INDICATES TRACE AMOUNT.
$$