000
CXUS54 KHUN 011855
CLMHSV
CLIMATE REPORT
NATIONAL WEATHER SERVICE HUNTSVILLE AL
155 PM CDT MON MAY 01 2023
...................................
...THE HUNTSVILLE CLIMATE SUMMARY FOR THE MONTH OF APRIL 2023...
CLIMATE NORMAL PERIOD 1991 TO 2020
CLIMATE RECORD PERIOD 1894 TO 2023
WEATHER OBSERVED NORMAL DEPART LAST YEAR`S
VALUE DATE(S) VALUE FROM VALUE
NORMAL
..............................................................
TEMPERATURE (F)
RECORD
HIGH 95 04/22/1925
LOW 24 04/01/1923
HIGHEST 86 04/04 MM MM 84
04/05
LOWEST 39 04/25 MM MM 36
AVG. MAXIMUM 71.8 74.8 -3.0 72.2
AVG. MINIMUM 49.1 51.0 -1.9 49.2
MEAN 60.5 62.9 -2.4 60.7
DAYS MAX >= 90 0 0.2 -0.2 0
DAYS MAX <= 32 0 0.0 0.0 0
DAYS MIN <= 32 0 0.4 -0.4 0
DAYS MIN <= 0 0 0.0 0.0 0
PRECIPITATION (INCHES)
RECORD
MAXIMUM 14.00 1911
MINIMUM 0.25 1906
TOTALS 3.66 4.86 -1.20 4.64
DAILY AVG. 0.12 0.16 -0.04 0.15
DAYS >= .01 13 10.1 2.9 12
DAYS >= .10 9 7.1 1.9 6
DAYS >= .50 4 3.1 0.9 3
DAYS >= 1.00 0 1.5 -1.5 1
GREATEST
24 HR. TOTAL 0.91 04/07 TO 04/08 2.40
SNOWFALL (INCHES)
RECORDS
TOTAL T 2014
24 HR TOTAL T 04/15/2014 TO 04/15/2014
04/13/2004 TO 04/13/2004
04/02/1993 TO 04/02/1993
TOTALS 0.0 0.0 MM 0.0
SINCE 7/1 0.6 2.4 MM MM
DAYS >= TRACE 0 0.0 MM 0
DAYS >= 1.0 0 0.0 MM 0
GREATEST
SNOW DEPTH MM MM
24 HR TOTAL MM
DEGREE DAYS
HEATING TOTAL 153 132 21 174
SINCE 7/1 2428 2807 -379 MM
COOLING TOTAL 26 69 -43 53
SINCE 1/1 64 88 -24 MM
FREEZE DATES
RECORD
EARLIEST 10/09/2000
LATEST 05/07/1944
EARLIEST 10/19 11/08
LATEST 03/21 03/24
..............................................................
WIND (MPH)
AVERAGE WIND SPEED 7.5
HIGHEST WIND SPEED/DIRECTION 38/240 DATE 04/01
HIGHEST GUST SPEED/DIRECTION 65/200 DATE 04/01
SKY COVER
POSSIBLE SUNSHINE (PERCENT) MM
WEATHER CONDITIONS. NUMBER OF DAYS WITH
THUNDERSTORM 3 MIXED PRECIP 0
HEAVY RAIN 3 RAIN 8
LIGHT RAIN 12 FREEZING RAIN 0
LT FREEZING RAIN 0 HAIL 0
HEAVY SNOW 0 SNOW 0
LIGHT SNOW 0 SLEET 0
FOG 14 FOG W/VIS <= 1/4 MILE 3
- INDICATES NEGATIVE NUMBERS.
R INDICATES RECORD WAS SET OR TIED.
MM INDICATES DATA IS MISSING.
T INDICATES TRACE AMOUNT.
$$