000
CXUS53 KAPX 021434
CF6HTL
PRELIMINARY LOCAL CLIMATOLOGICAL DATA (WS FORM: F-6)
STATION: HOUGHTON LAKE MI
MONTH: JANUARY
YEAR: 2024
LATITUDE: 44 22 N
LONGITUDE: 84 41 W
TEMPERATURE IN F: :PCPN: SNOW: WIND :SUNSHINE: SKY :PK WND
================================================================================
1 2 3 4 5 6A 6B 7 8 9 10 11 12 13 14 15 16 17 18
12Z AVG MX 2MIN
DY MAX MIN AVG DEP HDD CDD WTR SNW DPTH SPD SPD DIR MIN PSBL S-S WX SPD DR
================================================================================
1 27 22 25 3 40 0 0.00 0.0 0 8.7 17 250 M M M 25 250
2 36 26 31 10 34 0 T T 0 10.4 21 250 M M M 31 240
3 33 22 28 7 37 0 T T 0 10.4 18 360 M M M 28 330
4 25 21 23 2 42 0 T T T 8.2 16 330 M M M 23 330
5 29 22 26 5 39 0 0.00 0.0 T 8.0 16 250 M M 10 25 280
6 30 26 28 8 37 0 T T 0 4.0 12 90 M M 10 1 18 130
7 33 25 29 9 36 0 T T T 3.6 10 240 M M 10 1 15 240
8 34 30 32 12 33 0 T 0.0 T 5.4 15 110 M M 10 1 22 110
9 33 31 32 12 33 0 0.35 3.0 4 13.3 23 60 M M 10 1 33 60
10 30 25 28 8 37 0 0.10 1.0 6 10.9 24 310 M M M 32 310
11 32 22 27 7 38 0 0.08 1.1 6 4.6 13 200 M M M 17 190
12 32 24 28 9 37 0 0.38 4.0 7 14.9 30 80 M M M 43 70
13 26 16 21 2 44 0 0.45 5.8 8 14.0 28 300 M M M 41 290
14 18 9 14 -5 51 0 0.08 0.9 9 14.1 24 270 M M M 34 270
15 13 8 11 -8 54 0 T T 9 12.7 20 250 M M M 29 230
16 10 5 8 -11 57 0 T T 9 12.4 20 240 M M M 30 240
17 15 4 10 -9 55 0 T T 9 12.8 22 250 M M M 35 250
18 16 13 15 -4 50 0 T T 9 5.4 13 240 M M M 18 240
19 15 -5 5 -13 60 0 0.01 0.2 7 6.4 15 330 M M M 20 330
20 20 -7 7 -11 58 0 T T 7 8.3 22 350 M M M 31 340
21 22 5 14 -4 51 0 T T 7 8.6 16 230 M M M 25 200
22 29 15 22 4 43 0 T T 6 8.3 14 210 M M M 22 210
23 32 27 30 12 35 0 0.07 0.7 6 5.6 13 90 M M M 17 90
24 35 31 33 15 32 0 T 0.0 5 2.0 7 160 M M M 10 170
25 34 31 33 15 32 0 0.00 0.0 5 4.0 9 40 M M 10 12 13 100
26 38 32 35 17 30 0 0.00 0.0 4 5.1 14 40 M M 10 1 18 50
27 39 33 36 18 29 0 0.00 0.0 3 1.3 6 10 M M 10 1 8 30
28 36 30 33 15 32 0 T T 3 8.5 15 320 M M 10 1 20 320
29 36 30 33 15 32 0 T T 3 8.1 14 180 M M 8 1 20 170
30 34 32 33 15 32 0 0.03 0.2 3 4.0 12 200 M M 10 12 17 190
31 37 32 35 17 30 0 0.01 T 2 8.6 17 230 M M 10 1 25 210
================================================================================
SM 879 637 1250 0 1.56 16.9 252.6 M 118
================================================================================
AV 28.4 20.5 8.1 FASTST M M 10 MAX(MPH)
MISC ----> 30 80 43 70
================================================================================
NOTES:
# LAST OF SEVERAL OCCURRENCES
COLUMN 17 PEAK WIND IN M.P.H.
PRELIMINARY LOCAL CLIMATOLOGICAL DATA (WS FORM: F-6) , PAGE 2
STATION: HOUGHTON LAKE MI
MONTH: JANUARY
YEAR: 2024
LATITUDE: 44 22 N
LONGITUDE: 84 41 W
[TEMPERATURE DATA] [PRECIPITATION DATA] SYMBOLS USED IN COLUMN 16
AVERAGE MONTHLY: 24.5 TOTAL FOR MONTH: 1.56 1 = FOG OR MIST
DPTR FM NORMAL: 5.4 DPTR FM NORMAL: -0.14 2 = FOG REDUCING VISIBILITY
HIGHEST: 39 ON 27 GRTST 24HR 0.45 ON 13-13 TO 1/4 MILE OR LESS
LOWEST: -7 ON 20 3 = THUNDER
SNOW, ICE PELLETS, HAIL 4 = ICE PELLETS
TOTAL MONTH: 16.9 INCHES 5 = HAIL
GRTST 24HR 5.8 ON 13-13 6 = FREEZING RAIN OR DRIZZLE
GRTST DEPTH: 9 ON 18,17 7 = DUSTSTORM OR SANDSTORM:
VSBY 1/2 MILE OR LESS
8 = SMOKE OR HAZE
[NO. OF DAYS WITH] [WEATHER - DAYS WITH] 9 = BLOWING SNOW
X = TORNADO
MAX 32 OR BELOW: 18 0.01 INCH OR MORE: 10
MAX 90 OR ABOVE: 0 0.10 INCH OR MORE: 4
MIN 32 OR BELOW: 30 0.50 INCH OR MORE: 0
MIN 0 OR BELOW: 2 1.00 INCH OR MORE: 0
[HDD (BASE 65) ]
TOTAL THIS MO. 1250 CLEAR (SCALE 0-3) 0
DPTR FM NORMAL -171 PTCLDY (SCALE 4-7) 0
TOTAL FM JUL 1 3857 CLOUDY (SCALE 8-10) 31
DPTR FM NORMAL -573
[CDD (BASE 65) ]
TOTAL THIS MO. 0
DPTR FM NORMAL 0 [PRESSURE DATA]
TOTAL FM JAN 1 0 HIGHEST SLP 30.55 ON 21
DPTR FM NORMAL 0 LOWEST SLP 28.91 ON 9
[REMARKS]
#FINAL-01-24#