000
CXUS53 KAPX 010734
CLMHTL
CLIMATE REPORT
NATIONAL WEATHER SERVICE
334 AM EDT WED NOV 01 2023
...................................
...THE HOUGHTON LAKE MI CLIMATE SUMMARY FOR THE MONTH OF OCTOBER 2023...
CLIMATE NORMAL PERIOD: 1991 TO 2020
CLIMATE RECORD PERIOD: 1913 TO 2023
WEATHER OBSERVED NORMAL DEPART LAST YEAR`S
VALUE DATE(S) VALUE FROM VALUE
NORMAL
..............................................................
TEMPERATURE (F)
HIGHEST 83 10/02 MM MM
10/03
LOWEST 24 10/23 MM MM
AVG. MAXIMUM 57.4 56.8 0.6
AVG. MINIMUM 41.6 36.8 4.8
MEAN 49.5 46.8 2.7
DAYS MAX >= 90 0 0.0 0.0
DAYS MAX <= 32 0 0.0 0.0
DAYS MIN <= 32 5 10.0 -5.0
DAYS MIN <= 0 0 0.0 0.0
PRECIPITATION (INCHES)
TOTALS 3.05 3.08 -0.03
DAYS >= .01 16 13.5 2.5
DAYS >= .10 9 6.6 2.4
DAYS >= .50 1 1.8 -0.8
DAYS >= 1.00 0 0.5 -0.5
GREATEST
24 HR. TOTAL 0.83 10/13 TO 10/14
SNOWFALL (INCHES)
RECORDS
TOTAL 9.5 1962
24 HR TOTAL MM
TOTALS T 0.5 -0.5
DAYS >= TRACE 3 0.3 2.7
DAYS >= 1.0 0 0.2 -0.2
GREATEST
SNOW DEPTH 0
24 HR TOTAL MM
DEGREE DAYS
HEATING TOTAL 469 567 -98
SINCE 7/1 756 900 -144
COOLING TOTAL 12 2 10
SINCE 1/1 276 337 -61
..............................................................
WIND (MPH)
AVERAGE WIND SPEED 8.0
HIGHEST WIND SPEED/DIRECTION 26/320 DATE 10/08
HIGHEST GUST SPEED/DIRECTION 40/290 DATE 10/08
SKY COVER
AVERAGE SKY COVER 0.69
AVERAGE RH (PERCENT) 80
- INDICATES NEGATIVE NUMBERS.
R INDICATES RECORD WAS SET OR TIED.
MM INDICATES DATA IS MISSING.
T INDICATES TRACE AMOUNT.
$$