000
CXUS51 KCAR 032247
CLMHUL
CLIMATE REPORT
NATIONAL WEATHER SERVICE CARIBOU ME
647 PM EDT THU AUG 03 2023
...................................
...THE HOULTON ME CLIMATE SUMMARY FOR THE MONTH OF JULY 2023...
CLIMATE NORMAL PERIOD: 1991 TO 2020
CLIMATE RECORD PERIOD: 1948 TO 2023
WEATHER OBSERVED NORMAL DEPART LAST YEAR`S
VALUE DATE(S) VALUE FROM VALUE DATE(S)
NORMAL
................................................................
TEMPERATURE (F)
RECORD
HIGH 97 07/20/1991
07/10/1955
07/23/1952
LOW 32 07/07/1969
HIGHEST 91 07/07 MM MM 89 07/21
LOWEST 48 07/31 MM MM 40 07/10
AVG. MAXIMUM 81.2 78.1 3.1 80.8
AVG. MINIMUM 61.3 54.1 7.2 53.9
MEAN 71.2 66.1 5.1 67.4
DAYS MAX >= 90 2 0.7 1.3 0
DAYS MAX <= 32 0 0.0 0.0 0
DAYS MIN <= 32 0 0.0 0.0 0
DAYS MIN <= 0 0 0.0 0.0 0
PRECIPITATION (INCHES)
RECORD
MAXIMUM 6.02 2022
MINIMUM 3.13 2020
TOTALS 3.68 0.05
DAILY AVG. 0.12 0.12 0.00 0.19
DAYS >= .01 15 13.0 2.0 12
DAYS >= .10 11 7.7 3.3 9
DAYS >= .50 2 2.2 -0.2 5
DAYS >= 1.00 0 0.8 -0.8 2
GREATEST
24 HR. TOTAL 0.91 07/07 TO 07/07 1.81 07/18 TO 07/19
SNOWFALL (INCHES)
RECORDS
TOTAL MM MM
TOTALS MM MM MM MM
SINCE 7/1 MM MM MM MM
SNOWDEPTH AVG. MM MM
DAYS >= 1.0 MM MM MM MM
GREATEST
SNOW DEPTH MM MM MM
24 HR TOTAL MM MM
DEGREE DAYS
HEATING TOTAL 6 54 -48
................................................................
WIND (MPH)
AVERAGE WIND SPEED 4.6
HIGHEST WIND SPEED/DIRECTION 24/290 DATE 07/07
HIGHEST GUST SPEED/DIRECTION 36/280 DATE 07/07
SKY COVER
POSSIBLE SUNSHINE (PERCENT) MM
AVERAGE SKY COVER 0.44
NUMBER OF DAYS FAIR 14
NUMBER OF DAYS PC 12
NUMBER OF DAYS CLOUDY 5
AVERAGE RH (PERCENT) 76
WEATHER CONDITIONS. NUMBER OF DAYS WITH
THUNDERSTORM 4 MIXED PRECIP 0
HEAVY RAIN 7 RAIN 10
LIGHT RAIN 16 FREEZING RAIN 0
LT FREEZING RAIN 0 HAIL 0
HEAVY SNOW 0 SNOW 0
LIGHT SNOW 0 SLEET 0
FOG 27 FOG W/VIS <= 1/4 MILE 6
HAZE 2
- INDICATES NEGATIVE NUMBERS.
* INDICATES RECORD WAS SET OR TIED.
MM INDICATES DATA IS MISSING.
T INDICATES TRACE AMOUNT.
$$