000
CXUS56 KTFX 011210
CF6HVR
PRELIMINARY LOCAL CLIMATOLOGICAL DATA (WS FORM: F-6)
STATION: HAVRE MT
MONTH: FEBRUARY
YEAR: 2022
LATITUDE: 48 32 N
LONGITUDE: 109 46 W
TEMPERATURE IN F: :PCPN: SNOW: WIND :SUNSHINE: SKY :PK WND
================================================================================
1 2 3 4 5 6A 6B 7 8 9 10 11 12 13 14 15 16 17 18
12Z AVG MX 2MIN
DY MAX MIN AVG DEP HDD CDD WTR SNW DPTH SPD SPD DIR MIN PSBL S-S WX SPD DR
================================================================================
1 6 -7 0 -19 65 0 0.05 0.2 1 7.3 20 320 M M 9 18 25 300
2 5 -15 -5 -24 70 0 0.00 0.0 1 4.7 12 230 M M 3 14 230
3 20 -14 3 -16 62 0 0.00 0.0 1 6.9 18 290 M M 5 24 220
4 41 -3 19 0 46 0 0.00 0.0 1 11.0 35 230 M M 1 44 240
5 45 26 36 16 29 0 0.00 0.0 T 14.1 24 320 M M 3 37 220
6 49 25 37 17 28 0 0.00 0.0 0 15.7 28 230 M M 1 36 240
7 63 35 49 29 16 0 0.00 0.0 0 25.7 39 270 M M 1 8 54 290
8 49 28 39 19 26 0 0.00 0.0 0 11.1 24 260 M M 1 32 270
9 54 28 41 21 24 0 0.00 0.0 0 14.5 29 220 M M 4 38 230
10 56 34 45 25 20 0 0.01 T 0 19.1 37 290 M M 5 51 280
11 37 18 28 8 37 0 T T 0 12.6 29 320 M M 3 1 38 320
12 47 20 34 14 31 0 0.00 0.0 0 10.5 25 220 M M 7 33 220
13 50 26 38 17 27 0 0.00 0.0 0 9.6 28 220 M M 4 36 220
14 46 26 36 15 29 0 0.00 0.0 0 11.5 22 80 M M 5 30 90
15 34 27 31 10 34 0 0.02 0.1 0 8.8 22 300 M M 10 1 29 320
16 27 16 22 1 43 0 0.04 0.7 1 11.1 25 220 M M 6 1 35 220
17 45 12 29 7 36 0 0.00 0.0 T 16.1 31 310 M M 7 39 210
18 37 16 27 5 38 0 0.03 0.3 0 9.2 23 30 M M 9 18 31 20
19 49 16 33 11 32 0 0.00 0.0 T 21.1 40 270 M M 5 61 270
20 37 0 19 -3 46 0 0.05 1.6 0 14.6 29 40 M M 9 18 37 40
21 2 -8 -3 -25 68 0 0.03 0.4 2 13.4 20 60 M M 10 8 26 60
22 1 -18 -8 -31 73 0 T T 2 4.6 14 70 M M 5 8 18 60
23 3 -24 -10 -33 75 0 0.00 0.0 2 3.3 8 180 M M 0 12 80
24 17 -13 2 -21 63 0 T T 2 7.1 15 230 M M 4 18 230
25 29 3 16 -8 49 0 0.00 0.0 2 15.7 26 230 M M 3 34 230
26 41 12 27 3 38 0 0.00 0.0 T 21.4 30 230 M M 0 38 230
27 49 30 40 16 25 0 0.00 0.0 T 16.7 28 230 M M 2 37 230
28 53 35 44 19 21 0 0.00 0.0 0 11.8 24 230 M M 8 31 230
================================================================================
SM 992 331 1151 0 0.23 3.3 349.2 M 130
================================================================================
AV 35.4 11.8 12.5 FASTST M M 5 MAX(MPH)
MISC ----> 40 270 61 270
================================================================================
NOTES:
# LAST OF SEVERAL OCCURRENCES
COLUMN 17 PEAK WIND IN M.P.H.
PRELIMINARY LOCAL CLIMATOLOGICAL DATA (WS FORM: F-6) , PAGE 2
STATION: HAVRE MT
MONTH: FEBRUARY
YEAR: 2022
LATITUDE: 48 32 N
LONGITUDE: 109 46 W
[TEMPERATURE DATA] [PRECIPITATION DATA] SYMBOLS USED IN COLUMN 16
AVERAGE MONTHLY: 23.6 TOTAL FOR MONTH: 0.23 1 = FOG OR MIST
DPTR FM NORMAL: 2.3 DPTR FM NORMAL: -0.15 2 = FOG REDUCING VISIBILITY
HIGHEST: 63 ON 7 GRTST 24HR 0.08 ON 20-21 TO 1/4 MILE OR LESS
LOWEST: -24 ON 23 3 = THUNDER
SNOW, ICE PELLETS, HAIL 4 = ICE PELLETS
TOTAL MONTH: 4.4 INCHES 5 = HAIL
GRTST 24HR 1.6 ON 20-20 6 = FREEZING RAIN OR DRIZZLE
GRTST DEPTH: 2 ON 25,24 7 = DUSTSTORM OR SANDSTORM:
VSBY 1/2 MILE OR LESS
8 = SMOKE OR HAZE
[NO. OF DAYS WITH] [WEATHER - DAYS WITH] 9 = BLOWING SNOW
X = TORNADO
MAX 32 OR BELOW: 9 0.01 INCH OR MORE: 7
MAX 90 OR ABOVE: 0 0.10 INCH OR MORE: 0
MIN 32 OR BELOW: 25 0.50 INCH OR MORE: 0
MIN 0 OR BELOW: 9 1.00 INCH OR MORE: 0
[HDD (BASE 65) ]
TOTAL THIS MO. 1151 CLEAR (SCALE 0-3) 9
DPTR FM NORMAL -73 PTCLDY (SCALE 4-7) 14
TOTAL FM JUL 1 5667 CLOUDY (SCALE 8-10) 5
DPTR FM NORMAL -371
[CDD (BASE 65) ]
TOTAL THIS MO. 0
DPTR FM NORMAL 0 [PRESSURE DATA]
TOTAL FM JAN 1 0 HIGHEST SLP 30.86 ON 22
DPTR FM NORMAL 0 LOWEST SLP 29.45 ON 19
[REMARKS]
#FINAL-02-22#