000
CXUS55 KTFX 012138
CLMHVR
CLIMATE REPORT
NATIONAL WEATHER SERVICE GREAT FALLS MT
238 PM MST FRI DEC 01 2023
...................................
...THE HAVRE MT CLIMATE SUMMARY FOR THE MONTH OF NOVEMBER 2023...
CLIMATE NORMAL PERIOD 1991 TO 2020
CLIMATE RECORD PERIOD 1880 TO 2023
WEATHER OBSERVED NORMAL DEPART LAST YEAR`S
VALUE DATE(S) VALUE FROM VALUE
NORMAL
..............................................................
TEMPERATURE (F)
RECORD
HIGH 78 11/12/1999
11/05/1975
LOW -33 11/20/1896
HIGHEST 60 11/05 49 11 65
11/13
LOWEST 13 11/24 12 1 -18
AVG. MAXIMUM 47.8 42.1 5.7 31.5
AVG. MINIMUM 25.3 19.7 5.6 12.2
MEAN 36.5 30.9 5.6 21.9
DAYS MAX >= 90 0 0.0 0.0 0
DAYS MAX <= 32 2 6.8 -4.8 17
DAYS MIN <= 32 27 26.3 0.7 28
DAYS MIN <= 0 0 3.0 -3.0 9
PRECIPITATION (INCHES)
RECORD
MAXIMUM 3.76 1883
MINIMUM T
TOTALS 0.61 0.49 0.12 0.55
DAYS >= .01 7 6.4 0.6
DAYS >= .10 3 1.6 1.4
DAYS >= .50 0 0.0 0.0
DAYS >= 1.00 0 0.0 0.0
GREATEST
24 HR. TOTAL 0.41 11/15 TO 11/16
SNOWFALL (INCHES)
RECORDS
TOTAL 26.4 1958
24 HR TOTAL 12.0
SNOW DEPTH 14 11/30/1896
11/29/1896
11/28/1896
TOTALS T 6.2 -6.2 7.1
SINCE 7/1 5.7 8.6 -2.9
SNOWDEPTH AVG. 0
DAYS >= TRACE 1 4.4 -3.4
DAYS >= 1.0 0 1.9 -1.9
GREATEST
SNOW DEPTH 1 11/01 6
11/17
24 HR TOTAL MM
DEGREE DAYS
HEATING TOTAL 845 1023 -178 1285
SINCE 7/1 1672 1988 -316 MM
COOLING TOTAL 0 0 0 0
SINCE 1/1 513 404 109 MM
..............................................................
WIND (MPH)
AVERAGE WIND SPEED 9.4
HIGHEST WIND SPEED/DIRECTION 35/270 DATE 11/14
HIGHEST GUST SPEED/DIRECTION 47/230 DATE 11/11
SKY COVER
AVERAGE SKY COVER 0.34
AVERAGE RH (PERCENT) 67
WEATHER CONDITIONS. NUMBER OF DAYS WITH
THUNDERSTORM 0 MIXED PRECIP 0
HEAVY RAIN 0 RAIN 0
LIGHT RAIN 6 FREEZING RAIN 0
LT FREEZING RAIN 0 HAIL 0
HEAVY SNOW 0 SNOW 0
LIGHT SNOW 4 SLEET 0
FOG 6 FOG W/VIS <= 1/4 MILE 2
HAZE 1
- INDICATES NEGATIVE NUMBERS.
R INDICATES RECORD WAS SET OR TIED.
MM INDICATES DATA IS MISSING.
T INDICATES TRACE AMOUNT.
$$