000
CXUS56 KMTR 010900
CF6HWD
PRELIMINARY LOCAL CLIMATOLOGICAL DATA (WS FORM: F-6)
STATION: HAYWARD AIRPORT
MONTH: OCTOBER
YEAR: 2022
LATITUDE: 37 39 N
LONGITUDE: 122 7 W
TEMPERATURE IN F: :PCPN: SNOW: WIND :SUNSHINE: SKY :PK WND
================================================================================
1 2 3 4 5 6A 6B 7 8 9 10 11 12 13 14 15 16 17 18
12Z AVG MX 2MIN
DY MAX MIN AVG DEP HDD CDD WTR SNW DPTH SPD SPD DIR MIN PSBL S-S WX SPD DR
================================================================================
1 71 57 64 -2 1 0 0.00 M M 6.2 16 300 M M 7 18 20 290
2 73 59 66 0 0 1 0.00 M M 8.1 17 290 M M 5 22 290
3 73 55 64 -2 1 0 0.00 M M 7.4 17 280 M M 1 22 270
4 69 57 63 -3 2 0 0.00 M M 6.2 14 280 M M 5 18 290
5 77 53 65 -1 0 0 0.00 M M 4.4 12 280 M M 2 14 290
6 75 52 64 -1 1 0 0.00 M M 4.4 14 290 M M 2 128 17 300
7 76 53 65 0 0 0 0.00 M M 4.3 12 290 M M 0 14 270
8 70 53 62 -3 3 0 0.00 M M 5.4 15 280 M M 2 128 18 280
9 66 54 60 -5 5 0 0.00 M M 6.1 16 280 M M 6 1 19 280
10 71 53 62 -3 3 0 0.00 M M 5.6 14 290 M M 5 18 290
11 68 53 61 -4 4 0 0.00 M M 5.5 16 300 M M 4 1 21 300
12 69 55 62 -2 3 0 0.00 M M 5.8 16 300 M M 7 1 20 300
13 67 55 61 -3 4 0 0.00 M M 6.5 14 290 M M 7 17 290
14 67 55 61 -3 4 0 0.00 M M 5.4 13 300 M M 7 16 300
15 68 57 63 -1 2 0 0.00 M M 6.4 14 270 M M 9 19 280
16 66 54 60 -4 5 0 0.00 M M 5.8 13 280 M M 7 15 230
17 72 51 62 -2 3 0 0.00 M M 4.7 16 300 M M 0 19 300
18 79 56 68 5 0 3 0.00 M M 2.5 9 290 M M 1 13 260
19 88 56 72 9 0 7 0.00 M M 2.4 9 260 M M 0 12 280
20 75 53 64 1 1 0 0.00 M M 4.6 13 290 M M 0 15 280
21 65 51 58 -5 7 0 0.00 M M 7.6 20 290 M M 3 18 23 300
22 68 55 62 0 3 0 T M M 12.1 23 270 M M 3 1 30 290
23 70 45 58 -4 7 0 0.00 M M 6.0 21 280 M M 0 28 280
24 73 47 60 -2 5 0 0.00 M M 4.6 14 300 M M 0 19 280
25 66 53 60 -2 5 0 0.00 M M 5.4 15 280 M M 3 21 270
26 65 45 55 -7 10 0 0.00 M M 5.6 14 270 M M 0 20 250
27 69 45 57 -4 8 0 0.00 M M 5.4 14 280 M M 0 17 280
28 67 46 57 -4 8 0 0.00 M M 4.3 18 290 M M 0 22 290
29 70 46 58 -3 7 0 0.00 M M 4.1 14 290 M M 1 18 290
30 68 52 60 -1 5 0 0.00 M M 3.6 14 290 M M 5 17 280
31 66 50 58 -2 7 0 0.00 M M 5.5 15 280 M M 2 18 280
================================================================================
SM 2187 1626 114 11 T M 171.9 M 94
================================================================================
AV 70.5 52.5 5.5 FASTST M M 3 MAX(MPH)
MISC ----> 23 270 30 290
================================================================================
NOTES:
# LAST OF SEVERAL OCCURRENCES
COLUMN 17 PEAK WIND IN M.P.H.
PRELIMINARY LOCAL CLIMATOLOGICAL DATA (WS FORM: F-6) , PAGE 2
STATION: HAYWARD AIRPORT
MONTH: OCTOBER
YEAR: 2022
LATITUDE: 37 39 N
LONGITUDE: 122 7 W
[TEMPERATURE DATA] [PRECIPITATION DATA] SYMBOLS USED IN COLUMN 16
AVERAGE MONTHLY: 61.5 TOTAL FOR MONTH: T 1 = FOG OR MIST
DPTR FM NORMAL: -2.0 DPTR FM NORMAL: -0.81 2 = FOG REDUCING VISIBILITY
HIGHEST: 88 ON 19 GRTST 24HR T ON 22-22 TO 1/4 MILE OR LESS
LOWEST: 45 ON 27,26 3 = THUNDER
SNOW, ICE PELLETS, HAIL 4 = ICE PELLETS
TOTAL MONTH: M 5 = HAIL
GRTST 24HR M ON M 6 = FREEZING RAIN OR DRIZZLE
GRTST DEPTH: M ON M 7 = DUSTSTORM OR SANDSTORM:
VSBY 1/2 MILE OR LESS
8 = SMOKE OR HAZE
[NO. OF DAYS WITH] [WEATHER - DAYS WITH] 9 = BLOWING SNOW
X = TORNADO
MAX 32 OR BELOW: 0 0.01 INCH OR MORE: 0
MAX 90 OR ABOVE: 0 0.10 INCH OR MORE: 0
MIN 32 OR BELOW: 0 0.50 INCH OR MORE: 0
MIN 0 OR BELOW: 0 1.00 INCH OR MORE: 0
[HDD (BASE 65) ]
TOTAL THIS MO. 114 CLEAR (SCALE 0-3) 18
DPTR FM NORMAL 26 PTCLDY (SCALE 4-7) 12
TOTAL FM JUL 1 141 CLOUDY (SCALE 8-10) 1
DPTR FM NORMAL -16
[CDD (BASE 65) ]
TOTAL THIS MO. 11
DPTR FM NORMAL -30 [PRESSURE DATA]
TOTAL FM JAN 1 430 HIGHEST SLP M ON M
DPTR FM NORMAL 64 LOWEST SLP 29.77 ON 22
[REMARKS]
#FINAL-10-22#