000
CXUS52 KMFL 011130
CF6HWO
PRELIMINARY LOCAL CLIMATOLOGICAL DATA (WS FORM: F-6)
STATION: NORTH PERRY ARPT
MONTH: JANUARY
YEAR: 2021
LATITUDE: 26 0 N
LONGITUDE: 80 14 W
TEMPERATURE IN F: :PCPN: SNOW: WIND :SUNSHINE: SKY :PK WND
================================================================================
1 2 3 4 5 6A 6B 7 8 9 10 11 12 13 14 15 16 17 18
12Z AVG MX 2MIN
DY MAX MIN AVG DEP HDD CDD WTR SNW DPTH SPD SPD DIR MIN PSBL S-S WX SPD DR
================================================================================
1 82 74 78 10 0 13 T 0.0 0 13.0 23 140 M M 6 29 140
2 82 66 74 7 0 9 T 0.0 0 9.3 20 140 M M 6 26 160
3 85 63 74 7 0 9 T 0.0 0 6.2 14 260 M M 2 20 180
4 75 61 68 1 0 3 0.00 M M 7.4 15 320 M M 8 18 310
5 73 54 64 -3 1 0 0.00 M M 7.5 18 330 M M 1 23 320
6 75 51 63 -4 2 0 0.00 M M 1.9 10 60 M M 0 12 60
7 77 54 66 -1 0 1 T M M 5.0 16 130 M M 2 25 140
8 77 63 70 3 0 5 T M M 10.5 21 280 M M 4 28 260
9 66 51 59 -8 6 0 0.00 M M 9.5 21 300 M M 4 27 300
10 72 46 59 -8 6 0 0.00 M M 4.9 12 340 M M 1 13 340
11 77 59 68 1 0 3 0.00 M M 6.1 15 120 M M 3 19 140
12 77 64 71 4 0 6 T M M 4.1 13 330 M M 2 15 330
13 77 61 69 2 0 4 0.33 M M 6.5 17 330 M M 6 18 23 320
14 70 59 65 -2 0 0 0.14 M M 6.2 16 340 M M 9 1 20 340
15 76 61 69 2 0 4 0.06 M M 5.8 12 300 M M 5 16 280
16 73 56 65 -2 0 0 0.00 M M 11.1 21 270 M M 2 29 290
17 70 50 60 -7 5 0 0.00 M M 2.5 14 260 M M 2 19 240
18 72 57 65 -2 0 0 T M M 4.1 13 320 M M 2 17 330
19 75 53 64 -3 1 0 T M M 6.5 16 70 M M 1 22 70
20 76 55 66 -1 0 1 0.00 M M 5.6 17 40 M M 1 22 50
21 78 54 66 -1 0 1 0.00 M M 3.7 12 140 M M 1 15 140
22 79 55 67 0 0 2 0.00 M M 4.5 15 270 M M 1 1 22 240
23 81 56 69 2 0 4 T M M 2.3 10 60 M M 2 12 16 320
24 84 64 74 7 0 9 0.00 M M 3.8 10 80 M M 4 12 17 90
25 81 65 73 6 0 8 0.00 M 0 6.0 18 130 M M 4 23 140
26 84 62 73 6 0 8 0.00 0.0 M 5.0 14 150 M M 0 18 130
27 87 64 76 9 0 11 0.00 M 0 6.1 17 240 M M 2 22 260
28 78 55 67 0 0 2 0.00 M 0 12.4 24 350 M M 3 29 340
29 74 52 63 -5 2 0 0.00 M 0 9.9 17 40 M M 4 22 40
30 76 55 66 -2 0 1 0.00 0.0 M 8.9 20 90 M M 4 26 130
31 79 68 74 6 0 9 0.00 0.0 M 9.5 18 140 M M 6 23 150
================================================================================
SM 2388 1808 23 113 0.53 0.0 205.8 M 98
================================================================================
AV 77.0 58.3 6.6 FASTST M M 3 MAX(MPH)
MISC ----> 24 350 # 29 140
================================================================================
NOTES:
# LAST OF SEVERAL OCCURRENCES
COLUMN 17 PEAK WIND IN M.P.H.
PRELIMINARY LOCAL CLIMATOLOGICAL DATA (WS FORM: F-6) , PAGE 2
STATION: NORTH PERRY ARPT
MONTH: JANUARY
YEAR: 2021
LATITUDE: 26 0 N
LONGITUDE: 80 14 W
[TEMPERATURE DATA] [PRECIPITATION DATA] SYMBOLS USED IN COLUMN 16
AVERAGE MONTHLY: 67.7 TOTAL FOR MONTH: 0.53 1 = FOG OR MIST
DPTR FM NORMAL: 0.6 DPTR FM NORMAL: -1.99 2 = FOG REDUCING VISIBILITY
HIGHEST: 87 ON 27 GRTST 24HR 0.33 ON 13-13 TO 1/4 MILE OR LESS
LOWEST: 46 ON 10 3 = THUNDER
SNOW, ICE PELLETS, HAIL 4 = ICE PELLETS
TOTAL MONTH: 0.0 INCH 5 = HAIL
GRTST 24HR 0.0 6 = FREEZING RAIN OR DRIZZLE
GRTST DEPTH: 0 7 = DUSTSTORM OR SANDSTORM:
VSBY 1/2 MILE OR LESS
8 = SMOKE OR HAZE
[NO. OF DAYS WITH] [WEATHER - DAYS WITH] 9 = BLOWING SNOW
X = TORNADO
MAX 32 OR BELOW: 0 0.01 INCH OR MORE: 3
MAX 90 OR ABOVE: 0 0.10 INCH OR MORE: 2
MIN 32 OR BELOW: 0 0.50 INCH OR MORE: 0
MIN 0 OR BELOW: 0 1.00 INCH OR MORE: 0
[HDD (BASE 65) ]
TOTAL THIS MO. 23 CLEAR (SCALE 0-3) 18
DPTR FM NORMAL -40 PTCLDY (SCALE 4-7) 11
TOTAL FM JUL 1 69 CLOUDY (SCALE 8-10) 2
DPTR FM NORMAL -31
[CDD (BASE 65) ]
TOTAL THIS MO. 113
DPTR FM NORMAL -15 [PRESSURE DATA]
TOTAL FM JAN 1 113 HIGHEST SLP 30.33 ON 19
DPTR FM NORMAL -15 LOWEST SLP 29.87 ON 15
[REMARKS]
#FINAL-01-21#