741
CXUS52 KMFL 011000
CF6HWO
PRELIMINARY LOCAL CLIMATOLOGICAL DATA (WS FORM: F-6)
STATION: NORTH PERRY ARPT
MONTH: OCTOBER
YEAR: 2020
LATITUDE: 26 0 N
LONGITUDE: 80 14 W
TEMPERATURE IN F: :PCPN: SNOW: WIND :SUNSHINE: SKY :PK WND
================================================================================
1 2 3 4 5 6A 6B 7 8 9 10 11 12 13 14 15 16 17 18
12Z AVG MX 2MIN
DY MAX MIN AVG DEP HDD CDD WTR SNW DPTH SPD SPD DIR MIN PSBL S-S WX SPD DR
================================================================================
1 91 75 83 2 0 18 0.00 0.0 0 4.1 18 260 M M 3 138 33 310
2 84 76 80 -1 0 15 0.06 0.0 0 5.0 14 10 M M 5 13 16 10
3 85 75 80 -1 0 15 0.58 0.0 0 5.1 18 100 M M 6 1 24 100
4 89 77 83 2 0 18 0.02 0.0 0 9.5 21 110 M M 3 24 110
5 90 80 85 4 0 20 0.02 0.0 0 11.5 21 110 M M 4 25 70
6 91 80 86 5 0 21 0.15 0.0 0 11.5 23 130 M M 4 1 32 80
7 90 82 86 5 0 21 0.00 0.0 0 11.5 21 120 M M 2 26 120
8 90 79 85 5 0 20 0.10 0.0 0 7.2 17 120 M M 2 1 22 110
9 90 76 83 3 0 18 1.07 0.0 0 9.7 18 100 M M 5 1 23 130
10 91 79 85 5 0 20 0.70 0.0 0 7.1 20 240 M M 4 13 28 240
11 93 78 86 6 0 21 0.00 0.0 0 5.5 15 260 M M 3 38 17 260
12 92 79 86 6 0 21 0.40 0.0 0 3.2 22 290 M M 3 13 30 280
13 89 74 82 2 0 17 0.00 0.0 0 6.0 13 20 M M 1 16 20
14 89 73 81 1 0 16 0.28 0.0 0 8.9 18 70 M M 2 1 24 60
15 89 75 82 2 0 17 T 0.0 0 5.9 16 90 M M 6 21 80
16 89 73 81 2 0 16 1.02 0.0 0 5.4 21 270 M M 5 13 25 270
17 88 75 82 3 0 17 0.08 0.0 0 11.5 22 50 M M 3 1 29 50
18 89 80 85 6 0 20 T 0.0 0 13.7 23 60 M M 4 28 60
19 83 72 78 -1 0 13 2.05 0.0 0 11.5 28 80 M M 6 13 40 80
20 85 73 79 0 0 14 1.61 0.0 0 12.4 29 90 M M 7 13 37 90
21 78 73 76 -2 0 11 3.65 0.0 0 11.9 26 110 M M 9 13 35 90
22 88 74 81 3 0 16 0.90 0.0 0 10.6 23 110 M M 6 1 29 100
23 87 77 82 4 0 17 0.23 0.0 0 11.0 23 80 M M 3 1 28 90
24 87 75 81 3 0 16 1.60 0.0 0 7.7 20 90 M M 4 13 24 120
25 87 74 81 3 0 16 2.62 0.0 0 6.8 18 150 M M 8 1 25 190
26 88 75 82 4 0 17 0.14 0.0 0 8.4 17 120 M M 5 1 21 110
27 89 79 84 7 0 19 0.00 0.0 0 10.5 20 110 M M 2 24 110
28 88 79 84 7 0 19 T 0.0 0 10.3 20 110 M M 3 24 110
29 90 78 84 7 0 19 0.25 0.0 0 7.8 16 130 M M 3 1 22 140
30 89 76 83 6 0 18 0.62 0.0 0 3.7 16 40 M M 5 13 20 40
31 86 74 80 3 0 15 1.49 0.0 0 7.6 20 140 M M 7 13 25 90
================================================================================
SM 2734 2365 0 541 19.64 0.0 262.5 M 133
================================================================================
AV 88.2 76.3 8.5 FASTST M M 4 MAX(MPH)
MISC ----> # 29 90 # 40 80
================================================================================
NOTES:
# LAST OF SEVERAL OCCURRENCES
COLUMN 17 PEAK WIND IN M.P.H.
PRELIMINARY LOCAL CLIMATOLOGICAL DATA (WS FORM: F-6) , PAGE 2
STATION: NORTH PERRY ARPT
MONTH: OCTOBER
YEAR: 2020
LATITUDE: 26 0 N
LONGITUDE: 80 14 W
[TEMPERATURE DATA] [PRECIPITATION DATA] SYMBOLS USED IN COLUMN 16
AVERAGE MONTHLY: 82.2 TOTAL FOR MONTH: 19.64 1 = FOG OR MIST
DPTR FM NORMAL: 3.0 DPTR FM NORMAL: 13.35 2 = FOG REDUCING VISIBILITY
HIGHEST: 93 ON 11 GRTST 24HR 3.65 ON 21-21 TO 1/4 MILE OR LESS
LOWEST: 72 ON 19 3 = THUNDER
SNOW, ICE PELLETS, HAIL 4 = ICE PELLETS
TOTAL MONTH: 0.0 INCH 5 = HAIL
GRTST 24HR 0.0 6 = FREEZING RAIN OR DRIZZLE
GRTST DEPTH: 0 7 = DUSTSTORM OR SANDSTORM:
VSBY 1/2 MILE OR LESS
8 = SMOKE OR HAZE
[NO. OF DAYS WITH] [WEATHER - DAYS WITH] 9 = BLOWING SNOW
X = TORNADO
MAX 32 OR BELOW: 0 0.01 INCH OR MORE: 23
MAX 90 OR ABOVE: 10 0.10 INCH OR MORE: 19
MIN 32 OR BELOW: 0 0.50 INCH OR MORE: 12
MIN 0 OR BELOW: 0 1.00 INCH OR MORE: 8
[HDD (BASE 65) ]
TOTAL THIS MO. 0 CLEAR (SCALE 0-3) 10
DPTR FM NORMAL 0 PTCLDY (SCALE 4-7) 20
TOTAL FM JUL 1 0 CLOUDY (SCALE 8-10) 1
DPTR FM NORMAL 0
[CDD (BASE 65) ]
TOTAL THIS MO. 541
DPTR FM NORMAL 101 [PRESSURE DATA]
TOTAL FM JAN 1 3823 HIGHEST SLP 30.11 ON 31
DPTR FM NORMAL -67 LOWEST SLP 29.84 ON 24
[REMARKS]
#FINAL-10-20#