000
CXUS53 KUNR 011030
CF6ICR
PRELIMINARY LOCAL CLIMATOLOGICAL DATA (WS FORM: F-6)
STATION: WINNER REGIONAL AIRPORT SD
MONTH: DECEMBER
YEAR: 2020
LATITUDE: 43 23 N
LONGITUDE: 99 50 W
TEMPERATURE IN F: :PCPN: SNOW: WIND :SUNSHINE: SKY :PK WND
================================================================================
1 2 3 4 5 6A 6B 7 8 9 10 11 12 13 14 15 16 17 18
12Z AVG MX 2MIN
DY MAX MIN AVG DEP HDD CDD WTR SNW DPTH SPD SPD DIR MIN PSBL S-S WX SPD DR
================================================================================
1 47 25 36 8 29 0 0.00 M M 15.3 29 330 M M 1 36 330
2 38 23 31 3 34 0 T M M 12.3 22 20 M M 8 28 20
3 48 21 35 8 30 0 0.00 M M 9.8 18 270 M M 0 24 270
4 62 29 46 19 19 0 0.00 M M 10.6 23 300 M M 0 28 300
5 56 30 43 16 22 0 0.00 M M 10.8 18 290 M M 0 26 300
6 54 22 38 12 27 0 0.00 M M 5.8 12 260 M M 0 15 260
7 60 33 47 21 18 0 0.00 M M 11.5 29 310 M M 0 36 310
8 63 38 51 25 14 0 0.00 M M 9.9 20 300 M M 0 29 290
9 65 39 52 26 13 0 0.00 M M 9.7 22 160 M M 0 32 160
10 49 29 39 13 26 0 0.00 M M 14.3 25 310 M M 3 34 300
11 32 25 29 4 36 0 0.00 M M 10.1 17 340 M M 9 1 23 340
12 26 20 23 -2 42 0 0.00 M M 4.8 13 350 M M 10 128 16 340
13 34 8 21 -4 44 0 0.00 M M 9.8 25 320 M M 7 31 320
14 23 6 15 -10 50 0 0.00 M M 10.2 18 130 M M 2 24 140
15 27 14 21 -4 44 0 T M M 6.4 15 150 M M 9 8 20 150
16 49 12 31 7 34 0 0.00 M M 9.2 18 300 M M 1 25 290
17 49 20 35 11 30 0 0.00 M M 12.1 29 190 M M 0 38 180
18 47 17 32 8 33 0 0.00 M M 12.3 29 330 M M 2 37 320
19 51 10 31 7 34 0 0.00 M M 10.4 21 200 M M 0 27 290
20 55 30 43 19 22 0 0.00 M M 13.3 23 300 M M 4 32 290
21 52 35 44 20 21 0 0.00 M M 12.8 22 320 M M 3 8 31 280
22 67 37 52 28 13 0 T M M 22.3 39 310 M M 0 51 300
23 41 12 27 3 38 0 0.23 M M 29.5 51 320 M M 2 1289 66 330
24 23 9 16 -8 49 0 0.00 M M 3.9 12 190 M M 7 14 200
25 47 22 35 11 30 0 0.00 M M 7.6 16 280 M M 0 22 290
26 39 18 29 5 36 0 0.00 M M 5.1 13 120 M M 1 14 120
27 35 22 29 5 36 0 0.01 M M 12.2 29 340 M M 10 16 40 330
28 29 15 22 -2 43 0 0.00 M M 5.9 14 130 M M 3 18 130
29 33 22 28 4 37 0 0.01 M M 16.1 31 310 M M 9 18 39 320
30 26 16 21 -3 44 0 0.00 M M 10.9 23 300 M M 1 31 310
31 37 19 28 4 37 0 0.00 M M 6.5 15 200 M M 0 19 200
================================================================================
SM 1364 678 985 0 0.25 M 341.4 M 92
================================================================================
AV 44.0 21.9 11.0 FASTST M M 3 MAX(MPH)
MISC ----> 51 320 66 330
================================================================================
NOTES:
# LAST OF SEVERAL OCCURRENCES
COLUMN 17 PEAK WIND IN M.P.H.
PRELIMINARY LOCAL CLIMATOLOGICAL DATA (WS FORM: F-6) , PAGE 2
STATION: WINNER REGIONAL AIRPORT SD
MONTH: DECEMBER
YEAR: 2020
LATITUDE: 43 23 N
LONGITUDE: 99 50 W
[TEMPERATURE DATA] [PRECIPITATION DATA] SYMBOLS USED IN COLUMN 16
AVERAGE MONTHLY: 32.9 TOTAL FOR MONTH: 0.25 1 = FOG OR MIST
DPTR FM NORMAL: 7.8 DPTR FM NORMAL: -0.09 2 = FOG REDUCING VISIBILITY
HIGHEST: 67 ON 22 GRTST 24HR 0.23 ON 23-23 TO 1/4 MILE OR LESS
LOWEST: 6 ON 14 3 = THUNDER
SNOW, ICE PELLETS, HAIL 4 = ICE PELLETS
TOTAL MONTH: M 5 = HAIL
GRTST 24HR M ON M 6 = FREEZING RAIN OR DRIZZLE
GRTST DEPTH: M ON M 7 = DUSTSTORM OR SANDSTORM:
VSBY 1/2 MILE OR LESS
8 = SMOKE OR HAZE
[NO. OF DAYS WITH] [WEATHER - DAYS WITH] 9 = BLOWING SNOW
X = TORNADO
MAX 32 OR BELOW: 7 0.01 INCH OR MORE: 3
MAX 90 OR ABOVE: 0 0.10 INCH OR MORE: 1
MIN 32 OR BELOW: 26 0.50 INCH OR MORE: 0
MIN 0 OR BELOW: 0 1.00 INCH OR MORE: 0
[HDD (BASE 65) ]
TOTAL THIS MO. 985 CLEAR (SCALE 0-3) 22
DPTR FM NORMAL -250 PTCLDY (SCALE 4-7) 4
TOTAL FM JUL 1 2316 CLOUDY (SCALE 8-10) 5
DPTR FM NORMAL -394
[CDD (BASE 65) ]
TOTAL THIS MO. 0
DPTR FM NORMAL 0 [PRESSURE DATA]
TOTAL FM JAN 1 1128 HIGHEST SLP 30.54 ON 2
DPTR FM NORMAL 212 LOWEST SLP 29.27 ON 22
[REMARKS]
#FINAL-12-20#