000
CXUS53 KICT 010919
CLMICT
CLIMATE REPORT
NATIONAL WEATHER SERVICE WICHITA KANSAS
419 AM CDT TUE AUG 01 2023
...................................
...THE WICHITA EISENHOWER NATIONAL CLIMATE SUMMARY FOR THE MONTH OF JULY 2023...
CLIMATE NORMAL PERIOD 1991 TO 2020
CLIMATE RECORD PERIOD 1888 TO 2023
WEATHER OBSERVED NORMAL DEPART LAST YEAR`S
VALUE DATE(S) VALUE FROM VALUE DATE(S)
NORMAL
................................................................
TEMPERATURE (F)
RECORD
HIGH 113 07/14/1954
LOW 51 07/13/1975
07/05/1972
HIGHEST 103 07/31 107 07/19
LOWEST 62 07/10 65 07/13
AVG. MAXIMUM 92.0 92.6 -0.6 96.2
AVG. MINIMUM 69.5 70.4 -0.9 71.6
MEAN 80.8 81.5 -0.7 83.9
DAYS MAX >= 90 21 21.0 0.0 28
DAYS MAX <= 32 0 0.0 0.0 0
DAYS MIN <= 32 0 0.0 0.0 0
DAYS MIN <= 0 0 0.0 0.0 0
PRECIPITATION (INCHES)
RECORD
MAXIMUM 13.37 1950
MINIMUM 0.05 1975
TOTALS 4.60 3.98 0.62 1.05
DAILY AVG. 0.15 0.13 0.02 0.03
DAYS >= .01 9 8.3 0.7 5
DAYS >= .10 6 5.6 0.4 2
DAYS >= .50 3 2.7 0.3 1
DAYS >= 1.00 1 1.3 -0.3 0
GREATEST
24 HR. TOTAL 2.00 07/05 TO 07/05
SNOWFALL (INCHES)
RECORDS
TOTAL T 2020
TOTALS 0.0 0.0 0.0 0.0
SINCE 7/1 0.0 0.0 0.0 MM
SNOWDEPTH AVG. 0 0
DAYS >= 1.0 0 0.0 0.0 0
GREATEST
SNOW DEPTH 0 0 MM
24 HR TOTAL MM 0.0
DEGREE DAYS
HEATING TOTAL 0 0 0 0
SINCE 7/1 0 0 0 MM
COOLING TOTAL 497 512 -15 595
SINCE 1/1 1025 1031 -6 MM
................................................................
WIND (MPH)
AVERAGE WIND SPEED 9.3
HIGHEST WIND SPEED/DIRECTION 29/010 DATE 07/04
29/360 07/14
HIGHEST GUST SPEED/DIRECTION 46/350 DATE 07/04
SKY COVER
POSSIBLE SUNSHINE (PERCENT) MM
AVERAGE SKY COVER 0.47
NUMBER OF DAYS FAIR 12
NUMBER OF DAYS PC 13
NUMBER OF DAYS CLOUDY 6
AVERAGE RH (PERCENT) 66
WEATHER CONDITIONS. NUMBER OF DAYS WITH
THUNDERSTORM 11 MIXED PRECIP 0
HEAVY RAIN 4 RAIN 5
LIGHT RAIN 11 FREEZING RAIN 0
LT FREEZING RAIN 0 HAIL 0
HEAVY SNOW 0 SNOW 0
LIGHT SNOW 0 SLEET 0
FOG 8 FOG W/VIS <= 1/4 MILE 0
HAZE 1
- INDICATES NEGATIVE NUMBERS.
R INDICATES RECORD WAS SET OR TIED.
MM INDICATES DATA IS MISSING.
T INDICATES TRACE AMOUNT.
$$