000
CXUS54 KFWD 010839
CF6ILE
PRELIMINARY LOCAL CLIMATOLOGICAL DATA (WS FORM: F-6)
STATION: KILLEEN SKYLARK
MONTH: FEBRUARY
YEAR: 2024
LATITUDE: 31 4 N
LONGITUDE: 97 41 W
TEMPERATURE IN F: :PCPN: SNOW: WIND :SUNSHINE: SKY :PK WND
================================================================================
1 2 3 4 5 6A 6B 7 8 9 10 11 12 13 14 15 16 17 18
12Z AVG MX 2MIN
DY MAX MIN AVG DEP HDD CDD WTR SNW DPTH SPD SPD DIR MIN PSBL S-S WX SPD DR
================================================================================
1 73 48 61 13 4 0 0.00 M M 9.4 21 180 M M 2 22 220
2 67 56 62 13 3 0 0.08 M M 11.2 25 150 M M 9 1 41 130
3 71 52 62 13 3 0 0.01 M M 6.9 17 280 M M 3 30 280
4 66 50 58 9 7 0 0.00 M M 13.3 22 320 M M 2 32 330
5 63 46 55 6 10 0 0.00 M M 11.9 20 340 M M 6 38 340
6 69 37 53 4 12 0 0.00 M M 4.2 8 280 M M 0 M M
7 69 45 57 8 8 0 0.00 M M 12.6 22 180 M M 1 35 170
8 71 54 63 14 2 0 0.00 M M 4.9 9 140 M M 4 M M
9 74 51 63 13 2 0 0.00 M M 4.6 13 170 M M 4 M M
10 65 55 60 10 5 0 0.74 M M 6.8 15 80 M M 10 13 M M
11 56 41 49 -1 16 0 0.32 M M 10.3 17 320 M M 10 13 24 330
12 58 38 48 -2 17 0 0.00 M M 11.5 18 330 M M 2 29 330
13 67 32 50 0 15 0 0.00 M M 5.6 12 130 M M 0 18 170
14 68 39 54 4 11 0 0.00 M M 8.1 16 190 M M 3 18 160
15 72 56 64 14 1 0 0.00 M M 7.8 10 150 M M 3 M M
16 75 47 61 10 4 0 0.00 M M 12.5 20 200 M M 0 24 200
17 47 35 41 -10 24 0 0.00 M M 15.1 23 20 M M 3 30 360
18 55 30 43 -8 22 0 0.00 M M 5.9 9 360 M M 0 M M
19 70 33 52 1 13 0 0.00 M M 8.4 16 190 M M 0 23 190
20 81 41 61 10 4 0 0.00 M M 8.2 16 150 M M 0 22 150
21 79 57 68 16 0 3 0.00 M M 14.4 21 170 M M 2 31 170
22 85 62 74 22 0 9 0.00 M M 11.1 16 310 M M 4 25 180
23 73 50 62 10 3 0 0.00 M M 7.6 15 20 M M 0 M M
24 79 44 62 10 3 0 0.00 M M 6.3 13 190 M M 0 M M
25 87 57 72 20 0 7 0.00 M M 11.5 16 210 M M 0 23 210
26 92 57 75 22 0 10 0.00 M M 10.0 18 170 M M 0 M M
27 82 66 74 21 0 9 0.00 M M 10.2 16 190 M M 3 1 M M
28 74 45 60 7 5 0 0.00 M M 14.1 23 340 M M 1 37 330
29 52 41 47 -6 18 0 0.01 M M 6.3 13 70 M M 8 18 M M
================================================================================
SM 2040 1365 212 38 1.16 M 270.5 M 80
================================================================================
AV 70.3 47.1 9.3 FASTST M M 3 MAX(MPH)
MISC ----> 25 150 41 130
================================================================================
NOTES:
# LAST OF SEVERAL OCCURRENCES
COLUMN 17 PEAK WIND IN M.P.H.
PRELIMINARY LOCAL CLIMATOLOGICAL DATA (WS FORM: F-6) , PAGE 2
STATION: KILLEEN SKYLARK
MONTH: FEBRUARY
YEAR: 2024
LATITUDE: 31 4 N
LONGITUDE: 97 41 W
[TEMPERATURE DATA] [PRECIPITATION DATA] SYMBOLS USED IN COLUMN 16
AVERAGE MONTHLY: 58.7 TOTAL FOR MONTH: 1.16 1 = FOG OR MIST
DPTR FM NORMAL: 8.2 DPTR FM NORMAL: -1.26 2 = FOG REDUCING VISIBILITY
HIGHEST: 92 ON 26 GRTST 24HR 0.99 ON 10-11 TO 1/4 MILE OR LESS
LOWEST: 30 ON 18 3 = THUNDER
SNOW, ICE PELLETS, HAIL 4 = ICE PELLETS
TOTAL MONTH: M 5 = HAIL
GRTST 24HR M ON M 6 = FREEZING RAIN OR DRIZZLE
GRTST DEPTH: M ON M 7 = DUSTSTORM OR SANDSTORM:
VSBY 1/2 MILE OR LESS
8 = SMOKE OR HAZE
[NO. OF DAYS WITH] [WEATHER - DAYS WITH] 9 = BLOWING SNOW
X = TORNADO
MAX 32 OR BELOW: 0 0.01 INCH OR MORE: 5
MAX 90 OR ABOVE: 1 0.10 INCH OR MORE: 2
MIN 32 OR BELOW: 2 0.50 INCH OR MORE: 1
MIN 0 OR BELOW: 0 1.00 INCH OR MORE: 0
[HDD (BASE 65) ]
TOTAL THIS MO. 212 CLEAR (SCALE 0-3) 19
DPTR FM NORMAL -200 PTCLDY (SCALE 4-7) 7
TOTAL FM JUL 1 1463 CLOUDY (SCALE 8-10) 3
DPTR FM NORMAL -372
[CDD (BASE 65) ]
TOTAL THIS MO. 38
DPTR FM NORMAL 32 [PRESSURE DATA]
TOTAL FM JAN 1 38 HIGHEST SLP M ON M
DPTR FM NORMAL 30 LOWEST SLP M ON M
[REMARKS]
#FINAL-02-24#