000
CXUS51 KPHI 010915
CF6ILG
PRELIMINARY LOCAL CLIMATOLOGICAL DATA (WS FORM: F-6)
STATION: WILMINGTON DE
MONTH: FEBRUARY
YEAR: 2023
LATITUDE: 39 40 N
LONGITUDE: 75 36 W
TEMPERATURE IN F: :PCPN: SNOW: WIND :SUNSHINE: SKY :PK WND
================================================================================
1 2 3 4 5 6A 6B 7 8 9 10 11 12 13 14 15 16 17 18
12Z AVG MX 2MIN
DY MAX MIN AVG DEP HDD CDD WTR SNW DPTH SPD SPD DIR MIN PSBL S-S WX SPD DR
================================================================================
1 38 26 32 -1 33 0 0.03 0.4 T 6.0 16 320 M M 4 1 20 320
2 40 22 31 -3 34 0 0.00 0.0 0 7.5 16 230 M M 1 19 240
3 36 15 26 -8 39 0 T T 0 18.3 33 310 M M 3 8 46 310
4 28 13 21 -13 44 0 0.00 0.0 0 10.6 23 300 M M 0 30 300
5 51 25 38 4 27 0 0.00 0.0 0 8.5 17 200 M M 0 22 210
6 53 29 41 7 24 0 0.00 0.0 0 9.8 26 350 M M 6 33 350
7 42 24 33 -1 32 0 0.00 0.0 0 5.0 15 160 M M 1 18 140
8 59 34 47 13 18 0 0.00 0.0 0 6.3 17 320 M M 1 18 22 310
9 62 31 47 13 18 0 0.00 0.0 0 8.4 23 200 M M 4 29 210
10 62 42 52 18 13 0 0.00 0.0 0 13.7 25 290 M M 0 32 300
11 49 33 41 6 24 0 0.00 0.0 0 7.9 18 330 M M 0 26 310
12 45 32 39 4 26 0 0.16 0.0 0 7.2 21 10 M M 5 24 20
13 60 38 49 14 16 0 0.02 0.0 0 11.5 18 300 M M 3 22 300
14 57 35 46 11 19 0 0.00 0.0 0 7.7 20 310 M M 0 25 290
15 65 41 53 18 12 0 0.00 0.0 0 10.3 25 210 M M 2 32 220
16 59 44 52 16 13 0 0.29 0.0 0 3.5 16 250 M M 4 12 19 250
17 59 31 45 9 20 0 0.63 0.0 0 14.2 36 280 M M 8 12 43 270
18 39 22 31 -5 34 0 0.00 0.0 0 10.8 25 330 M M 2 32 330
19 50 27 39 3 26 0 0.00 0.0 0 8.5 21 170 M M 0 28 170
20 56 33 45 9 20 0 0.00 0.0 0 5.4 17 220 M M 1 1 23 240
21 55 36 46 9 19 0 0.15 0.0 0 8.7 35 300 M M 4 41 300
22 55 25 40 3 25 0 0.03 0.0 0 6.5 16 70 M M 6 1 19 80
23 61 36 49 12 16 0 T 0.0 0 7.5 23 160 M M 5 12 30 170
24 53 33 43 6 22 0 0.00 0.0 0 14.7 31 310 M M 3 12 39 290
25 35 28 32 -6 33 0 T T 0 6.2 15 80 M M 7 17 160
26 54 30 42 4 23 0 0.00 0.0 0 8.6 20 250 M M 6 8 23 260
27 50 32 41 3 24 0 0.28 T 0 9.7 22 170 M M 3 14 27 160
28 49 33 41 3 24 0 0.06 0.0 0 7.5 16 40 M M 7 1 22 70
================================================================================
SM 1422 850 678 0 1.65 0.4 250.5 M 86
================================================================================
AV 50.8 30.4 8.9 FASTST M M 3 MAX(MPH)
MISC ----> 36 280 46 310
================================================================================
NOTES:
# LAST OF SEVERAL OCCURRENCES
COLUMN 17 PEAK WIND IN M.P.H.
PRELIMINARY LOCAL CLIMATOLOGICAL DATA (WS FORM: F-6) , PAGE 2
STATION: WILMINGTON DE
MONTH: FEBRUARY
YEAR: 2023
LATITUDE: 39 40 N
LONGITUDE: 75 36 W
[TEMPERATURE DATA] [PRECIPITATION DATA] SYMBOLS USED IN COLUMN 16
AVERAGE MONTHLY: 40.6 TOTAL FOR MONTH: 1.65 1 = FOG OR MIST
DPTR FM NORMAL: 5.1 DPTR FM NORMAL: -1.18 2 = FOG REDUCING VISIBILITY
HIGHEST: 65 ON 15 GRTST 24HR 0.92 ON 16-17 TO 1/4 MILE OR LESS
LOWEST: 13 ON 4 3 = THUNDER
SNOW, ICE PELLETS, HAIL 4 = ICE PELLETS
TOTAL MONTH: 0.4 INCH 5 = HAIL
GRTST 24HR 0.4 ON 1- 1 6 = FREEZING RAIN OR DRIZZLE
GRTST DEPTH: T 7 = DUSTSTORM OR SANDSTORM:
VSBY 1/2 MILE OR LESS
8 = SMOKE OR HAZE
[NO. OF DAYS WITH] [WEATHER - DAYS WITH] 9 = BLOWING SNOW
X = TORNADO
MAX 32 OR BELOW: 1 0.01 INCH OR MORE: 9
MAX 90 OR ABOVE: 0 0.10 INCH OR MORE: 5
MIN 32 OR BELOW: 16 0.50 INCH OR MORE: 1
MIN 0 OR BELOW: 0 1.00 INCH OR MORE: 0
[HDD (BASE 65) ]
TOTAL THIS MO. 678 CLEAR (SCALE 0-3) 14
DPTR FM NORMAL -146 PTCLDY (SCALE 4-7) 14
TOTAL FM JUL 1 3002 CLOUDY (SCALE 8-10) 0
DPTR FM NORMAL -487
[CDD (BASE 65) ]
TOTAL THIS MO. 0
DPTR FM NORMAL 0 [PRESSURE DATA]
TOTAL FM JAN 1 0 HIGHEST SLP 30.70 ON 4
DPTR FM NORMAL 0 LOWEST SLP 29.50 ON 28
[REMARKS]
#FINAL-02-23#