000
CXUS52 KILM 012025
CF6ILM
PRELIMINARY LOCAL CLIMATOLOGICAL DATA (WS FORM: F-6)
STATION: WILMINGTON NORTH CAROLINA
MONTH: JUNE
YEAR: 2020
LATITUDE: 34 16 N
LONGITUDE: 77 55 W
TEMPERATURE IN F: :PCPN: SNOW: WIND :SUNSHINE: SKY :PK WND
================================================================================
1 2 3 4 5 6A 6B 7 8 9 10 11 12 13 14 15 16 17 18
12Z AVG MX 2MIN
DY MAX MIN AVG DEP HDD CDD WTR SNW DPTH SPD SPD DIR MIN PSBL S-S WX SPD DR
================================================================================
1 77 57 67 -7 0 2 0.00 0.0 0 5.1 14 20 M M 1 19 50
2 81 56 69 -6 0 4 0.00 0.0 0 8.1 20 210 M M 2 8 26 240
3 87 70 79 4 0 14 0.00 0.0 0 13.1 23 240 M M 0 29 220
4 86 72 79 4 0 14 0.00 0.0 0 8.9 16 190 M M 0 21 190
5 85 70 78 2 0 13 0.27 0.0 0 9.4 23 230 M M 4 1 30 230
6 87 75 81 5 0 16 0.00 0.0 0 10.4 18 270 M M 2 23 260
7 90 72 81 5 0 16 0.16 0.0 0 8.7 18 30 M M 2 1 24 20
8 83 73 78 2 0 13 0.00 0.0 0 8.5 16 130 M M 9 23 120
9 85 75 80 4 0 15 T 0.0 0 8.6 20 180 M M 7 26 180
10 83 76 80 3 0 15 0.04 0.0 0 11.5 22 170 M M 7 1 30 160
11 82 76 79 2 0 14 0.01 0.0 0 9.9 18 180 M M 9 25 180
12 76 68 72 -5 0 7 3.59 0.0 0 5.3 14 170 M M 9 123 17 180
13 69 64 67 -10 0 2 0.29 0.0 0 10.2 21 50 M M 10 1 28 30
14 73 64 69 -9 0 4 0.12 0.0 0 9.7 18 70 M M 10 1 25 70
15 70 62 66 -12 0 1 1.45 0.0 0 10.8 21 30 M M 9 13 26 30
16 69 63 66 -12 0 1 0.22 0.0 0 10.8 17 30 M M 10 13 24 40
17 74 63 69 -9 0 4 0.00 0.0 0 6.9 13 290 M M 9 18 17 290
18 80 59 70 -8 0 5 0.00 0.0 0 4.7 15 120 M M 3 19 120
19 81 66 74 -5 0 9 2.33 0.0 0 4.9 22 190 M M 3 1238 32 200
20 84 65 75 -4 0 10 0.13 0.0 0 4.5 16 10 M M 2 13 20 10
21 86 65 76 -3 0 11 0.00 0.0 0 5.2 15 180 M M 1 1 19 180
22 93 74 84 5 0 19 T 0.0 0 9.2 18 190 M M 0 3 25 180
23 90 75 83 3 0 18 0.32 0.0 0 10.2 22 230 M M 1 13 29 230
24 90 73 82 2 0 17 T 0.0 0 7.8 16 240 M M 3 20 200
25 80 70 75 -5 0 10 0.28 0.0 0 5.1 14 280 M M 4 1 17 280
26 91 72 82 2 0 17 0.00 0.0 0 6.3 16 310 M M 1 20 300
27 90 72 81 1 0 16 T 0.0 0 9.0 18 270 M M 1 24 270
28 92 73 83 3 0 18 0.08 0.0 0 10.3 21 290 M M 1 3 27 290
29 92 73 83 3 0 18 0.00 0.0 0 6.7 15 330 M M 2 18 270
30 92 69 81 1 0 16 1.81 0.0 0 3.6 28 130 M M 3 123 34 140
================================================================================
SM 2498 2062 0 339 11.10 0.0 243.4 M 125
================================================================================
AV 83.3 68.7 8.1 FASTST M M 4 MAX(MPH)
MISC ----> 28 130 34 140
================================================================================
NOTES:
# LAST OF SEVERAL OCCURRENCES
COLUMN 17 PEAK WIND IN M.P.H.
PRELIMINARY LOCAL CLIMATOLOGICAL DATA (WS FORM: F-6) , PAGE 2
STATION: WILMINGTON NORTH CAROLINA
MONTH: JUNE
YEAR: 2020
LATITUDE: 34 16 N
LONGITUDE: 77 55 W
[TEMPERATURE DATA] [PRECIPITATION DATA] SYMBOLS USED IN COLUMN 16
AVERAGE MONTHLY: 76.0 TOTAL FOR MONTH: 11.10 1 = FOG OR MIST
DPTR FM NORMAL: -1.8 DPTR FM NORMAL: 5.92 2 = FOG REDUCING VISIBILITY
HIGHEST: 93 ON 22 GRTST 24HR 3.63 ON 12-13 TO 1/4 MILE OR LESS
LOWEST: 56 ON 2 3 = THUNDER
SNOW, ICE PELLETS, HAIL 4 = ICE PELLETS
TOTAL MONTH: 0.0 INCH 5 = HAIL
GRTST 24HR 0.0 6 = FREEZING RAIN OR DRIZZLE
GRTST DEPTH: 0 7 = DUSTSTORM OR SANDSTORM:
VSBY 1/2 MILE OR LESS
8 = SMOKE OR HAZE
[NO. OF DAYS WITH] [WEATHER - DAYS WITH] 9 = BLOWING SNOW
X = TORNADO
MAX 32 OR BELOW: 0 0.01 INCH OR MORE: 15
MAX 90 OR ABOVE: 9 0.10 INCH OR MORE: 12
MIN 32 OR BELOW: 0 0.50 INCH OR MORE: 4
MIN 0 OR BELOW: 0 1.00 INCH OR MORE: 4
[HDD (BASE 65) ]
TOTAL THIS MO. 0 CLEAR (SCALE 0-3) 14
DPTR FM NORMAL -2 PTCLDY (SCALE 4-7) 8
TOTAL FM JUL 1 1852 CLOUDY (SCALE 8-10) 8
DPTR FM NORMAL -557
[CDD (BASE 65) ]
TOTAL THIS MO. 339
DPTR FM NORMAL -46 [PRESSURE DATA]
TOTAL FM JAN 1 678 HIGHEST SLP 30.26 ON 1
DPTR FM NORMAL 12 LOWEST SLP 29.82 ON 24
[REMARKS]
#FINAL-06-20#