000
CXUS52 KILM 031059
CF6ILM
PRELIMINARY LOCAL CLIMATOLOGICAL DATA (WS FORM: F-6)
STATION: WILMINGTON NORTH CAROLINA
MONTH: AUGUST
YEAR: 2023
LATITUDE: 34 16 N
LONGITUDE: 77 55 W
TEMPERATURE IN F: :PCPN: SNOW: WIND :SUNSHINE: SKY :PK WND
================================================================================
1 2 3 4 5 6A 6B 7 8 9 10 11 12 13 14 15 16 17 18
12Z AVG MX 2MIN
DY MAX MIN AVG DEP HDD CDD WTR SNW DPTH SPD SPD DIR MIN PSBL S-S WX SPD DR
================================================================================
1 89 70 80 -1 0 15 0.81 0.0 0 6.7 30 30 M M 2 123 37 40
2 85 67 76 -5 0 11 0.00 0.0 0 6.0 16 30 M M 0 19 40
3 84 64 74 -7 0 9 T 0.0 0 3.8 10 130 M M 2 15 100
4 82 74 78 -3 0 13 0.90 0.0 0 5.6 21 230 M M 8 1 27 220
5 88 74 81 0 0 16 0.00 0.0 0 4.0 12 40 M M 5 1 17 10
6 87 70 79 -2 0 14 0.00 0.0 0 5.0 14 120 M M 3 12 17 130
7 94 74 84 3 0 19 0.22 0.0 0 8.8 37 290 M M 1 13 46 290
8 94 74 84 3 0 19 0.00 0.0 0 11.5 25 250 M M 2 30 250
9 92 76 84 3 0 19 0.02 0.0 0 5.9 13 240 M M 2 18 290
10 89 71 80 -1 0 15 0.82 0.0 0 6.6 41 270 M M 2 138 56 280
11 90 74 82 2 0 17 0.00 0.0 0 5.9 17 250 M M 1 24 270
12 93 74 84 4 0 19 0.00 0.0 0 6.7 14 250 M M 3 17 270
13 97 80 89 9 0 24 0.00 0.0 0 8.2 16 280 M M 0 20 220
14 94 81 88 8 0 23 0.08 0.0 0 8.7 20 240 M M 1 3 25 230
15 94 82 88 8 0 23 0.00 0.0 0 10.6 21 190 M M 1 33 210
16 92 78 85 5 0 20 0.01 0.0 0 6.7 18 210 M M 2 26 200
17 89 75 82 2 0 17 0.27 0.0 0 7.3 23 240 M M 3 13 31 240
18 92 76 84 4 0 19 0.00 0.0 0 10.2 20 280 M M 2 27 270
19 90 74 82 2 0 17 0.00 0.0 0 3.9 12 130 M M 2 17 120
20 91 72 82 2 0 17 0.00 0.0 0 3.7 12 170 M M 1 1 20 170
21 95 75 85 5 0 20 0.00 0.0 0 4.8 12 190 M M 2 17 160
22 94 77 86 6 0 21 T 0.0 0 6.4 15 30 M M 2 22 50
23 87 70 79 -1 0 14 0.01 0.0 0 8.8 18 30 M M 4 25 30
24 87 68 78 -1 0 13 0.00 0.0 0 3.8 12 120 M M 0 17 140
25 89 72 81 2 0 16 0.00 0.0 0 5.8 15 180 M M 3 21 190
26 92 74 83 4 0 18 0.24 0.0 0 6.7 21 350 M M 4 13 34 360
27 93 75 84 5 0 19 0.83 0.0 0 3.7 15 290 M M 4 13 22 140
28 89 74 82 3 0 17 T 0.0 0 4.3 13 170 M M 3 1 18 160
29 92 74 83 4 0 18 0.02 0.0 0 3.1 10 200 M M 1 13 15 130
30 82 76 79 0 0 14 3.96 0.0 0 6.8 26 70 M M 6 13 42 120
31 79 66 73 -5 0 8 1.61 0.0 0 15.3 32 360 M M 6 1 52 340
================================================================================
SM 2785 2281 0 524 9.80 0.0 205.3 M 78
================================================================================
AV 89.8 73.6 6.6 FASTST M M 3 MAX(MPH)
MISC ----> 41 270 56 280
================================================================================
NOTES:
# LAST OF SEVERAL OCCURRENCES
COLUMN 17 PEAK WIND IN M.P.H.
PRELIMINARY LOCAL CLIMATOLOGICAL DATA (WS FORM: F-6) , PAGE 2
STATION: WILMINGTON NORTH CAROLINA
MONTH: AUGUST
YEAR: 2023
LATITUDE: 34 16 N
LONGITUDE: 77 55 W
[TEMPERATURE DATA] [PRECIPITATION DATA] SYMBOLS USED IN COLUMN 16
AVERAGE MONTHLY: 81.7 TOTAL FOR MONTH: 9.80 1 = FOG OR MIST
DPTR FM NORMAL: 1.7 DPTR FM NORMAL: 1.64 2 = FOG REDUCING VISIBILITY
HIGHEST: 97 ON 13 GRTST 24HR 5.56 ON 30-31 TO 1/4 MILE OR LESS
LOWEST: 64 ON 3 3 = THUNDER
SNOW, ICE PELLETS, HAIL 4 = ICE PELLETS
TOTAL MONTH: 0.0 INCH 5 = HAIL
GRTST 24HR 0.0 6 = FREEZING RAIN OR DRIZZLE
GRTST DEPTH: 0 7 = DUSTSTORM OR SANDSTORM:
VSBY 1/2 MILE OR LESS
8 = SMOKE OR HAZE
[NO. OF DAYS WITH] [WEATHER - DAYS WITH] 9 = BLOWING SNOW
X = TORNADO
MAX 32 OR BELOW: 0 0.01 INCH OR MORE: 14
MAX 90 OR ABOVE: 17 0.10 INCH OR MORE: 9
MIN 32 OR BELOW: 0 0.50 INCH OR MORE: 6
MIN 0 OR BELOW: 0 1.00 INCH OR MORE: 2
[HDD (BASE 65) ]
TOTAL THIS MO. 0 CLEAR (SCALE 0-3) 23
DPTR FM NORMAL 0 PTCLDY (SCALE 4-7) 7
TOTAL FM JUL 1 0 CLOUDY (SCALE 8-10) 1
DPTR FM NORMAL 0
[CDD (BASE 65) ]
TOTAL THIS MO. 524
DPTR FM NORMAL 59 [PRESSURE DATA]
TOTAL FM JAN 1 1837 HIGHEST SLP 30.20 ON 2
DPTR FM NORMAL 152 LOWEST SLP 29.32 ON 31
[REMARKS]
#FINAL-08-23#