000
CXUS53 KILX 011855
CLSILX
CLIMATE REPORT
NATIONAL WEATHER SERVICE LINCOLN IL
155 PM CDT WED SEP 01 2021
...................................
...THE LINCOLN IL CLIMATE SUMMARY FOR THE SEASON, FROM
6/1/2021 TO 8/31/2021...
CLIMATE NORMAL PERIOD 1991 TO 2020
CLIMATE RECORD PERIOD 1905 TO 2021
WEATHER OBSERVED NORMAL DEPART LAST YEAR`S
VALUE DATE(S) VALUE FROM VALUE
NORMAL
..............................................................
TEMPERATURE (F)
RECORD
HIGH 113 07/15/1936
LOW 35 06/16/1917
06/11/1913
HIGHEST 95 06/12 MM MM 94
06/18
LOWEST 49 06/22 MM MM 49
AVG. MAXIMUM 84.6 84.3 0.3 85.4
AVG. MINIMUM 63.9 62.1 1.8 62.5
MEAN 74.3 73.2 1.1 74.0
DAYS MAX >= 90 12 19.5 -7.5 25
DAYS MAX <= 32 0 0.0 0.0 0
DAYS MIN <= 32 0 0.0 0.0 0
DAYS MIN <= 0 0 0.0 0.0 0
PRECIPITATION (INCHES)
RECORD
MAXIMUM 23.76 1981
MINIMUM 3.15 1988
TOTALS 14.68 12.54 2.14 7.62
DAILY AVG. 0.16 0.09
DAYS >= .01 34 28.0 6.0 26
DAYS >= .10 24 18.5 5.5 16
DAYS >= .50 12 8.4 3.6 6
DAYS >= 1.00 5 3.6 1.4 1
GREATEST
24 HR. TOTAL 1.62 06/26 TO 06/26 1.03
SNOWFALL (INCHES)
RECORDS
TOTAL T 2017
24 HR TOTAL 0.0 MM
TOTALS 0.0 0.0 0.0 0.0
DAYS >= TRACE 0 0.0 0.0 0
DAYS >= 1.0 0 0.0 0.0 0
GREATEST
SNOW DEPTH 0 0
24 HR TOTAL MM 0.0
DEGREE DAYS
HEATING TOTAL 3 23 -20 3
SINCE 7/1 1 2 -1 3
COOLING TOTAL 879 778 101 856
SINCE 1/1 979 879 100 935
FREEZE DATES
RECORD
EARLIEST 09/11/1917
LATEST 05/29/1925
EARLIEST MM
LATEST 04/22
..............................................................
SKY COVER
POSSIBLE SUNSHINE (PERCENT) MM
WEATHER CONDITIONS. NUMBER OF DAYS WITH
THUNDERSTORM 22 MIXED PRECIP 0
HEAVY RAIN 17 RAIN 23
LIGHT RAIN 35 FREEZING RAIN 0
LT FREEZING RAIN 0 HAIL 0
HEAVY SNOW 0 SNOW 0
LIGHT SNOW 0 SLEET 0
FOG 26 FOG W/VIS <= 1/4 MILE 1
HAZE 4
- INDICATES NEGATIVE NUMBERS.
R INDICATES RECORD WAS SET OR TIED.
MM INDICATES DATA IS MISSING.
T INDICATES TRACE AMOUNT.
$$