000
CXUS53 KDLH 010920
CF6INL
PRELIMINARY LOCAL CLIMATOLOGICAL DATA (WS FORM: F-6)
STATION: INTERNATIONAL FALLS
MONTH: JANUARY
YEAR: 2021
LATITUDE: 48 34 N
LONGITUDE: 93 23 W
TEMPERATURE IN F: :PCPN: SNOW: WIND :SUNSHINE: SKY :PK WND
================================================================================
1 2 3 4 5 6A 6B 7 8 9 10 11 12 13 14 15 16 17 18
12Z AVG MX 2MIN
DY MAX MIN AVG DEP HDD CDD WTR SNW DPTH SPD SPD DIR MIN PSBL S-S WX SPD DR
================================================================================
1 23 19 21 16 44 0 0.00 0.0 10 3.1 9 270 M M 10 18 13 270
2 32 19 26 21 39 0 0.00 0.0 10 5.7 10 200 M M 6 1 19 200
3 40 20 30 25 35 0 0.00 0.0 9 6.1 14 200 M M 0 22 200
4 38 22 30 26 35 0 0.02 T 9 7.0 16 290 M M 4 168 22 290
5 26 10 18 14 47 0 0.00 0.0 9 2.9 9 130 M M 5 1 12 140
6 31 14 23 19 42 0 0.00 0.0 9 5.3 13 120 M M 5 1 15 140
7 30 3 17 13 48 0 0.00 0.0 8 4.6 10 140 M M 6 12 14 150
8 22 2 12 8 53 0 T T 8 0.8 6 290 M M 9 128 7 260
9 24 22 23 19 42 0 T T 8 5.8 12 290 M M 10 1 14 290
10 30 23 27 23 38 0 0.00 0.0 8 5.8 16 260 M M 8 1 27 240
11 32 26 29 25 36 0 0.00 0.0 8 3.7 10 250 M M 10 19 230
12 33 24 29 25 36 0 0.00 0.0 8 6.9 12 210 M M 5 1 18 240
13 35 6 21 17 44 0 0.00 0.0 8 4.6 12 110 M M 0 14 110
14 33 18 26 22 39 0 0.15 1.6 10 7.1 14 100 M M 9 18 18 110
15 32 29 31 27 34 0 T T 10 7.6 14 350 M M 10 1 20 360
16 28 20 24 20 41 0 T T 10 7.3 15 360 M M 10 1 20 360
17 20 13 17 13 48 0 0.04 1.0 10 4.6 10 300 M M 10 1 16 300
18 13 2 8 4 57 0 0.01 0.5 11 8.2 16 330 M M 10 18 18 320
19 5 -6 0 -4 65 0 T T 11 6.7 13 270 M M 9 8 19 280
20 34 -4 15 11 50 0 0.04 0.2 10 13.0 23 290 M M 8 168 39 260
21 32 -7 13 9 52 0 0.04 1.0 11 14.2 25 300 M M 10 189 42 300
22 14 -16 -1 -5 66 0 T T 10 3.9 12 250 M M 8 1 19 240
23 24 9 17 13 48 0 0.08 1.7 10 6.1 12 180 M M 10 1 22 140
24 19 -21 -1 -5 66 0 0.06 1.7 13 7.6 18 280 M M 4 18 27 270
25 0 -22 -11 -16 76 0 0.00 0.0 12 3.6 8 360 M M 7 8 12 10
26 5 -22 -8 -13 73 0 0.00 0.0 12 3.9 8 340 M M 5 18 12 10
27 2 -29 -13 -18 78 0 0.00 0.0 12 0.8 6 60 M M 0 18 7 50
28 11 -27 -8 -13 73 0 0.00 0.0 11 4.8 12 100 M M 1 15 100
29 24 -8 8 3 57 0 0.00 0.0 11 8.5 20 130 M M 3 1 25 130
30 29 20 25 19 40 0 0.13 1.7 12 8.3 14 100 M M 10 1 22 120
31 28 23 26 20 39 0 0.11 1.6 13 5.0 9 290 M M 10 18 12 300
================================================================================
SM 749 182 1541 0 0.68 11.0 183.5 M 212
================================================================================
AV 24.2 5.9 5.9 FASTST M M 7 MAX(MPH)
MISC ----> 25 300 42 300
================================================================================
NOTES:
# LAST OF SEVERAL OCCURRENCES
COLUMN 17 PEAK WIND IN M.P.H.
PRELIMINARY LOCAL CLIMATOLOGICAL DATA (WS FORM: F-6) , PAGE 2
STATION: INTERNATIONAL FALLS
MONTH: JANUARY
YEAR: 2021
LATITUDE: 48 34 N
LONGITUDE: 93 23 W
[TEMPERATURE DATA] [PRECIPITATION DATA] SYMBOLS USED IN COLUMN 16
AVERAGE MONTHLY: 15.0 TOTAL FOR MONTH: 0.68 1 = FOG OR MIST
DPTR FM NORMAL: 10.6 DPTR FM NORMAL: 0.06 2 = FOG REDUCING VISIBILITY
HIGHEST: 40 ON 3 GRTST 24HR 0.34 ON 14-15 TO 1/4 MILE OR LESS
LOWEST: -29 ON 27 3 = THUNDER
SNOW, ICE PELLETS, HAIL 4 = ICE PELLETS
TOTAL MONTH: 11.0 INCHES 5 = HAIL
GRTST 24HR 1.7 ON 23-23 6 = FREEZING RAIN OR DRIZZLE
GRTST DEPTH: 13 ON 31,24 7 = DUSTSTORM OR SANDSTORM:
VSBY 1/2 MILE OR LESS
8 = SMOKE OR HAZE
[NO. OF DAYS WITH] [WEATHER - DAYS WITH] 9 = BLOWING SNOW
X = TORNADO
MAX 32 OR BELOW: 25 0.01 INCH OR MORE: 10
MAX 90 OR ABOVE: 0 0.10 INCH OR MORE: 3
MIN 32 OR BELOW: 31 0.50 INCH OR MORE: 0
MIN 0 OR BELOW: 10 1.00 INCH OR MORE: 0
[HDD (BASE 65) ]
TOTAL THIS MO. 1541 CLEAR (SCALE 0-3) 5
DPTR FM NORMAL -337 PTCLDY (SCALE 4-7) 10
TOTAL FM JUL 1 5365 CLOUDY (SCALE 8-10) 16
DPTR FM NORMAL -689
[CDD (BASE 65) ]
TOTAL THIS MO. 0
DPTR FM NORMAL 0 [PRESSURE DATA]
TOTAL FM JAN 1 0 HIGHEST SLP 30.74 ON 28
DPTR FM NORMAL 0 LOWEST SLP 29.21 ON 20
[REMARKS]
#FINAL-01-21#