000
CXUS53 KDLH 042359
CLSINL
CLIMATE REPORT
NATIONAL WEATHER SERVICE DULUTH MN
659 PM CDT SAT JUN 04 2022
...................................
...THE INTERNATIONAL FALLS CLIMATE SUMMARY FOR THE SEASON, FROM
3/1/2022 TO 5/31/2022...
CLIMATE NORMAL PERIOD: 1991 TO 2020
CLIMATE RECORD PERIOD: 1895 TO 2022
WEATHER OBSERVED NORMAL DEPART LAST YEAR`S
VALUE DATE(S) VALUE FROM VALUE DATE(S)
NORMAL
................................................................
TEMPERATURE (F)
RECORD
HIGH 95 05/21/1964
LOW -38 03/01/1962
HIGHEST 79 05/30 MM MM 87
LOWEST -22 03/12 MM MM -11
MEAN 35.1 37.6 -2.5 41.7
PRECIPITATION (INCHES)
RECORD
MAXIMUM 14.62 2022
MINIMUM 1.31 1917
TOTALS 14.62R 5.72 8.90 4.48
SNOWFALL (INCHES)
RECORDS
TOTAL 41.6 1950
SNOW DEPTH 33 03/01/2014
TOTALS 32.9 15.1 17.8 2.1
SINCE 7/1 94.1 73.0 21.1
SNOWDEPTH AVG. 11 1
DAYS >= TRACE 32 11.0 21.0 18
DAYS >= 1.0 7 5.0 2.0 1
DAYS >= 1.0 7 1
GREATEST
SNOW DEPTH 25 03/01 13 03/01
03/23
DEGREE DAYS
HEATING TOTAL 2734 2528 206 2139
COOLING TOTAL 4 8 -4 26
................................................................
WIND (MPH)
AVERAGE WIND SPEED 8.5
HIGHEST WIND SPEED/DIRECTION 38/320
HIGHEST GUST SPEED/DIRECTION 56/320
SKY COVER
POSSIBLE SUNSHINE (PERCENT) MM
- INDICATES NEGATIVE NUMBERS.
R INDICATES RECORD WAS SET OR TIED.
MM INDICATES DATA IS MISSING.
T INDICATES TRACE AMOUNT.
$$