000
CXUS55 KDVN 011100
CF6IOW
PRELIMINARY LOCAL CLIMATOLOGICAL DATA (WS FORM: F-6)
STATION: IOWA CITY IA
MONTH: APRIL
YEAR: 2020
LATITUDE: 41 37 N
LONGITUDE: 91 33 W
TEMPERATURE IN F: :PCPN: SNOW: WIND :SUNSHINE: SKY :PK WND
================================================================================
1 2 3 4 5 6A 6B 7 8 9 10 11 12 13 14 15 16 17 18
12Z AVG MX 2MIN
DY MAX MIN AVG DEP HDD CDD WTR SNW DPTH SPD SPD DIR MIN PSBL S-S WX SPD DR
================================================================================
1 59 37 48 2 17 0 0.01 M M 8.1 17 140 M M 3 24 130
2 64 46 55 9 10 0 T M M 11.7 23 150 M M 3 31 150
3 56 32 44 -3 21 0 0.16 M M 11.9 21 310 M M 10 16 28 320
4 54 31 43 -4 22 0 0.00 M M 8.3 18 330 M M 5 27 320
5 61 42 52 4 13 0 0.00 M M 6.8 15 150 M M 3 21 130
6 66 42 54 6 11 0 T M M 7.0 18 180 M M 7 22 180
7 80 47 64 16 1 0 0.11 M M 6.6 20 210 M M 4 123 29 340
8 75 45 60 12 5 0 0.02 M M 8.3 28 10 M M 4 128 40 350
9 51 33 42 -7 23 0 T M M 15.9 36 300 M M 3 54 310
10 55 30 43 -6 22 0 0.00 M M 8.5 18 330 M M 3 27 300
11 61 40 51 1 14 0 0.11 M M 5.5 18 190 M M 6 13 26 170
12 71 36 54 4 11 0 0.45 M M 13.4 29 340 M M 7 1 42 340
13 44 29 37 -13 28 0 0.00 M M 17.8 31 320 M M 4 42 330
14 44 25 35 -15 30 0 0.02 M M 12.6 28 270 M M 5 1 37 300
15 41 26 34 -17 31 0 0.09 M M 8.3 17 280 M M 7 1 25 270
16 44 24 34 -17 31 0 0.09 M M 3.6 14 200 M M 4 1 18 210
17 50 34 42 -10 23 0 0.12 M M 9.1 15 210 M M 8 1 22 250
18 63 33 48 -4 17 0 0.00 M M 13.6 29 200 M M 0 39 210
19 63 39 51 -1 14 0 0.00 M M 8.6 21 330 M M 0 28 310
20 68 32 50 -2 15 0 T M M 10.8 29 270 M M 5 39 270
21 60 36 48 -5 17 0 0.00 M M 10.4 24 310 M M 1 34 310
22 80 39 60 7 5 0 T M M 8.7 24 230 M M 1 33 230
23 70 47 59 6 6 0 0.00 M M 6.5 15 40 M M 5 1 22 330
24 55 48 52 -2 13 0 0.25 M M 8.1 15 10 M M 9 138 22 90
25 62 42 52 -2 13 0 0.01 M M 9.2 18 30 M M 4 27 40
26 70 37 54 0 11 0 0.00 M M 3.4 12 180 M M 1 1 15 170
27 77 49 63 8 2 0 T M M 10.9 25 210 M M 4 36 210
28 74 52 63 8 2 0 0.24 M M 10.2 29 300 M M 4 13 40 300
29 60 50 55 0 10 0 T M M 16.2 28 350 M M 8 42 340
30 72 46 59 3 6 0 0.00 M M 10.1 23 320 M M 0 33 300
================================================================================
SM 1850 1149 444 0 1.68 M 290.1 M 128
================================================================================
AV 61.7 38.3 9.7 FASTST M M 4 MAX(MPH)
MISC ----> # 36 300 # 54 310
================================================================================
NOTES:
# LAST OF SEVERAL OCCURRENCES
COLUMN 17 PEAK WIND IN M.P.H.
PRELIMINARY LOCAL CLIMATOLOGICAL DATA (WS FORM: F-6) , PAGE 2
STATION: IOWA CITY IA
MONTH: APRIL
YEAR: 2020
LATITUDE: 41 37 N
LONGITUDE: 91 33 W
[TEMPERATURE DATA] [PRECIPITATION DATA] SYMBOLS USED IN COLUMN 16
AVERAGE MONTHLY: 50.0 TOTAL FOR MONTH: 1.68 1 = FOG OR MIST
DPTR FM NORMAL: -1.0 DPTR FM NORMAL: -1.82 2 = FOG REDUCING VISIBILITY
HIGHEST: 80 ON 22, 7 GRTST 24HR 0.45 ON 12-12 TO 1/4 MILE OR LESS
LOWEST: 24 ON 16 3 = THUNDER
SNOW, ICE PELLETS, HAIL 4 = ICE PELLETS
TOTAL MONTH: M 5 = HAIL
GRTST 24HR M ON M 6 = FREEZING RAIN OR DRIZZLE
GRTST DEPTH: M ON M 7 = DUSTSTORM OR SANDSTORM:
VSBY 1/2 MILE OR LESS
8 = SMOKE OR HAZE
[NO. OF DAYS WITH] [WEATHER - DAYS WITH] 9 = BLOWING SNOW
X = TORNADO
MAX 32 OR BELOW: 0 0.01 INCH OR MORE: 13
MAX 90 OR ABOVE: 0 0.10 INCH OR MORE: 7
MIN 32 OR BELOW: 8 0.50 INCH OR MORE: 0
MIN 0 OR BELOW: 0 1.00 INCH OR MORE: 0
[HDD (BASE 65) ]
TOTAL THIS MO. 444 CLEAR (SCALE 0-3) 7
DPTR FM NORMAL 18 PTCLDY (SCALE 4-7) 20
TOTAL FM JUL 1 5652 CLOUDY (SCALE 8-10) 3
DPTR FM NORMAL -541
[CDD (BASE 65) ]
TOTAL THIS MO. 0
DPTR FM NORMAL -4 [PRESSURE DATA]
TOTAL FM JAN 1 0 HIGHEST SLP 30.41 ON 16
DPTR FM NORMAL -4 LOWEST SLP 29.45 ON 12
[REMARKS]
#FINAL-04-20#