000
CXUS55 KDVN 011100
CF6IOW
PRELIMINARY LOCAL CLIMATOLOGICAL DATA (WS FORM: F-6)
STATION: IOWA CITY IA
MONTH: MARCH
YEAR: 2020
LATITUDE: 41 37 N
LONGITUDE: 91 33 W
TEMPERATURE IN F: :PCPN: SNOW: WIND :SUNSHINE: SKY :PK WND
================================================================================
1 2 3 4 5 6A 6B 7 8 9 10 11 12 13 14 15 16 17 18
12Z AVG MX 2MIN
DY MAX MIN AVG DEP HDD CDD WTR SNW DPTH SPD SPD DIR MIN PSBL S-S WX SPD DR
================================================================================
1 64 33 49 18 16 0 0.00 M M 9.3 18 330 M M 0 26 330
2 39 28 34 2 31 0 0.00 M M 6.0 15 320 M M 6 20 340
3 53 30 42 10 23 0 0.00 M M 9.8 29 290 M M 4 39 290
4 53 31 42 9 23 0 T M M 7.5 20 350 M M 2 28 350
5 53 33 43 10 22 0 T M M 18.4 35 290 M M 5 49 290
6 49 29 39 5 26 0 0.00 M M 8.0 26 350 M M 2 42 350
7 62 28 45 11 20 0 0.00 M M 11.8 25 190 M M 0 36 160
8 73 44 59 24 6 0 0.00 M M 14.3 29 190 M M 0 39 200
9 60 38 49 14 16 0 1.11 M M 9.4 23 220 M M 10 13 37 230
10 52 33 43 7 22 0 T M M 6.7 17 310 M M 3 23 310
11 51 39 45 9 20 0 0.00 M M 5.5 14 170 M M 7 18 18 180
12 66 39 53 16 12 0 T M M 13.6 31 300 M M 7 128 44 310
13 50 29 40 3 25 0 0.00 M M 11.1 22 320 M M 1 29 290
14 41 31 36 -2 29 0 0.06 M M 10.4 22 50 M M 10 1 28 50
15 41 29 35 -3 30 0 0.00 M M 7.9 14 120 M M 10 18 120
16 46 35 41 2 24 0 T M M 4.4 12 280 M M 10 16 270
17 50 30 40 1 25 0 0.00 M M 6.8 18 320 M M 2 25 330
18 49 42 46 6 19 0 0.53 M M 7.7 15 120 M M 10 18 21 120
19 59 44 52 12 13 0 1.31 M M 9.2 26 310 M M 10 123 35 360
20 44 33 39 -2 26 0 0.02 M M 13.8 25 330 M M 10 18 37 330
21 41 30 36 -5 29 0 0.00 M M 8.4 14 130 M M 8 19 130
22 37 31 34 -8 31 0 0.10 M M 9.8 17 130 M M 10 1 26 120
23 44 32 38 -4 27 0 T M M 4.9 12 140 M M 9 1 15 150
24 51 37 44 1 21 0 0.00 M M 8.0 16 130 M M 8 1 21 130
25 55 31 43 0 22 0 0.00 M M 8.4 17 170 M M 6 12 23 160
26 55 44 50 6 15 0 0.01 M M 9.0 16 60 M M 9 1 23 70
27 54 43 49 5 16 0 0.11 M M 9.9 18 80 M M 8 18 29 70
28 72 49 61 17 4 0 0.74 M M 11.3 29 200 M M 6 123 44 190
29 54 36 45 0 20 0 0.01 M M 20.7 35 280 M M 9 48 280
30 64 32 48 3 17 0 0.00 M M 6.5 18 300 M M 0 23 310
31 57 37 47 1 18 0 0.00 M M 7.6 17 60 M M 2 23 80
================================================================================
SM 1639 1080 648 0 4.00 M 296.1 M 184
================================================================================
AV 52.9 34.8 9.6 FASTST M M 6 MAX(MPH)
MISC ----> # 35 290 # 49 290
================================================================================
NOTES:
# LAST OF SEVERAL OCCURRENCES
COLUMN 17 PEAK WIND IN M.P.H.
PRELIMINARY LOCAL CLIMATOLOGICAL DATA (WS FORM: F-6) , PAGE 2
STATION: IOWA CITY IA
MONTH: MARCH
YEAR: 2020
LATITUDE: 41 37 N
LONGITUDE: 91 33 W
[TEMPERATURE DATA] [PRECIPITATION DATA] SYMBOLS USED IN COLUMN 16
AVERAGE MONTHLY: 43.9 TOTAL FOR MONTH: 4.00 1 = FOG OR MIST
DPTR FM NORMAL: 5.3 DPTR FM NORMAL: 1.78 2 = FOG REDUCING VISIBILITY
HIGHEST: 73 ON 8 GRTST 24HR 1.31 ON 19-19 TO 1/4 MILE OR LESS
LOWEST: 28 ON 7, 2 3 = THUNDER
SNOW, ICE PELLETS, HAIL 4 = ICE PELLETS
TOTAL MONTH: M 5 = HAIL
GRTST 24HR M ON M 6 = FREEZING RAIN OR DRIZZLE
GRTST DEPTH: M ON M 7 = DUSTSTORM OR SANDSTORM:
VSBY 1/2 MILE OR LESS
8 = SMOKE OR HAZE
[NO. OF DAYS WITH] [WEATHER - DAYS WITH] 9 = BLOWING SNOW
X = TORNADO
MAX 32 OR BELOW: 0 0.01 INCH OR MORE: 10
MAX 90 OR ABOVE: 0 0.10 INCH OR MORE: 6
MIN 32 OR BELOW: 14 0.50 INCH OR MORE: 4
MIN 0 OR BELOW: 0 1.00 INCH OR MORE: 2
[HDD (BASE 65) ]
TOTAL THIS MO. 648 CLEAR (SCALE 0-3) 10
DPTR FM NORMAL -169 PTCLDY (SCALE 4-7) 9
TOTAL FM JUL 1 5208 CLOUDY (SCALE 8-10) 12
DPTR FM NORMAL -559
[CDD (BASE 65) ]
TOTAL THIS MO. 0
DPTR FM NORMAL 0 [PRESSURE DATA]
TOTAL FM JAN 1 0 HIGHEST SLP 30.71 ON 15
DPTR FM NORMAL 0 LOWEST SLP 29.34 ON 28
[REMARKS]
#FINAL-03-20#