000
CXUS55 KPSR 011005
CF6IPL
PRELIMINARY LOCAL CLIMATOLOGICAL DATA (WS FORM: F-6)
STATION: IMPERIAL CA
MONTH: FEBRUARY
YEAR: 2022
LATITUDE: 32 50 N
LONGITUDE: 115 35 W
TEMPERATURE IN F: :PCPN: SNOW: WIND :SUNSHINE: SKY :PK WND
================================================================================
1 2 3 4 5 6A 6B 7 8 9 10 11 12 13 14 15 16 17 18
12Z AVG MX 2MIN
DY MAX MIN AVG DEP HDD CDD WTR SNW DPTH SPD SPD DIR MIN PSBL S-S WX SPD DR
================================================================================
1 71 45 58 0 7 0 0.00 M M 4.7 12 350 M M 0 15 20
2 63 41 52 -6 13 0 0.00 M M 12.5 44 350 M M 1 8 58 360
3 63 34 49 -9 16 0 0.00 M M 5.0 14 350 M M 0 20 360
4 66 32 49 -9 16 0 0.00 M M 6.8 16 20 M M 0 8 27 50
5 70 35 53 -5 12 0 0.00 M M 4.6 9 270 M M 0 13 350
6 79 38 59 1 6 0 0.00 M M 7.7 21 360 M M 0 30 350
7 75 39 57 -1 8 0 0.00 M M 4.8 12 50 M M 0 18 40
8 78 41 60 2 5 0 0.00 M M 5.5 12 260 M M 0 13 260
9 84 43 64 6 1 0 0.00 M M 7.3 16 360 M M 0 22 40
10 83 54 69 10 0 4 0.00 M M 8.2 20 20 M M 0 27 20
11 87 47 67 8 0 2 0.00 M M 4.6 12 270 M M 0 14 270
12 85 47 66 7 0 1 0.00 M M 3.6 10 270 M M 0 12 270
13 82 45 64 5 1 0 0.00 M M 3.4 8 270 M M 0 11 120
14 83 44 64 5 1 0 0.00 M M 5.7 14 240 M M 0 18 260
15 72 49 61 2 4 0 0.00 M M 19.0 41 270 M M 1 8 56 260
16 73 44 59 -1 6 0 0.00 M M 9.8 28 260 M M 1 36 260
17 71 40 56 -4 9 0 0.00 M M 5.4 17 340 M M 0 25 320
18 74 38 56 -4 9 0 0.00 M M 5.2 10 330 M M 0 14 340
19 78 41 60 0 5 0 0.00 M M 4.2 10 260 M M 0 12 280
20 79 43 61 1 4 0 0.00 M M 6.1 14 270 M M 0 19 290
21 71 53 62 2 3 0 0.00 M M 23.0 37 260 M M 0 8 54 260
22 66 52 59 -2 6 0 0.00 M M 21.0 36 260 M M 0 49 240
23 62 41 52 -9 13 0 T M M 10.1 33 270 M M 3 8 47 280
24 62 33 48 -13 17 0 0.00 M M 3.4 9 280 M M 0 13 90
25 67 33 50 -11 15 0 0.00 M M 4.9 12 320 M M 0 16 320
26 69 36 53 -9 12 0 0.00 M M 6.2 16 340 M M 0 24 360
27 71 36 54 -8 11 0 0.00 M M 5.6 9 260 M M 0 8 14 320
28 82 44 63 1 2 0 0.00 M M 6.6 15 350 M M 0 22 360
================================================================================
SM 2066 1168 202 7 T M 214.9 M 6
================================================================================
AV 73.8 41.7 7.7 FASTST M M 0 MAX(MPH)
MISC ----> 44 350 58 360
================================================================================
NOTES:
# LAST OF SEVERAL OCCURRENCES
COLUMN 17 PEAK WIND IN M.P.H.
PRELIMINARY LOCAL CLIMATOLOGICAL DATA (WS FORM: F-6) , PAGE 2
STATION: IMPERIAL CA
MONTH: FEBRUARY
YEAR: 2022
LATITUDE: 32 50 N
LONGITUDE: 115 35 W
[TEMPERATURE DATA] [PRECIPITATION DATA] SYMBOLS USED IN COLUMN 16
AVERAGE MONTHLY: 57.8 TOTAL FOR MONTH: T 1 = FOG OR MIST
DPTR FM NORMAL: -1.7 DPTR FM NORMAL: -0.38 2 = FOG REDUCING VISIBILITY
HIGHEST: 87 ON 11 GRTST 24HR T ON 2- 2 TO 1/4 MILE OR LESS
LOWEST: 32 ON 4 3 = THUNDER
SNOW, ICE PELLETS, HAIL 4 = ICE PELLETS
TOTAL MONTH: M 5 = HAIL
GRTST 24HR M ON M 6 = FREEZING RAIN OR DRIZZLE
GRTST DEPTH: M ON M 7 = DUSTSTORM OR SANDSTORM:
VSBY 1/2 MILE OR LESS
8 = SMOKE OR HAZE
[NO. OF DAYS WITH] [WEATHER - DAYS WITH] 9 = BLOWING SNOW
X = TORNADO
MAX 32 OR BELOW: 0 0.01 INCH OR MORE: 0
MAX 90 OR ABOVE: 0 0.10 INCH OR MORE: 0
MIN 32 OR BELOW: 1 0.50 INCH OR MORE: 0
MIN 0 OR BELOW: 0 1.00 INCH OR MORE: 0
[HDD (BASE 65) ]
TOTAL THIS MO. 202 CLEAR (SCALE 0-3) 28
DPTR FM NORMAL 33 PTCLDY (SCALE 4-7) 0
TOTAL FM JUL 1 716 CLOUDY (SCALE 8-10) 0
DPTR FM NORMAL -160
[CDD (BASE 65) ]
TOTAL THIS MO. 7
DPTR FM NORMAL -7 [PRESSURE DATA]
TOTAL FM JAN 1 7 HIGHEST SLP M ON M
DPTR FM NORMAL -4 LOWEST SLP 29.65 ON 15
[REMARKS]
#FINAL-02-22#