000
CXUS55 KPSR 011005
CF6IPL
PRELIMINARY LOCAL CLIMATOLOGICAL DATA (WS FORM: F-6)
STATION: IMPERIAL CA
MONTH: DECEMBER
YEAR: 2023
LATITUDE: 32 50 N
LONGITUDE: 115 35 W
TEMPERATURE IN F: :PCPN: SNOW: WIND :SUNSHINE: SKY :PK WND
================================================================================
1 2 3 4 5 6A 6B 7 8 9 10 11 12 13 14 15 16 17 18
12Z AVG MX 2MIN
DY MAX MIN AVG DEP HDD CDD WTR SNW DPTH SPD SPD DIR MIN PSBL S-S WX SPD DR
================================================================================
1 70 50 60 3 5 0 0.00 M M 5.7 15 250 M M 0 21 240
2 70 44 57 0 8 0 0.00 M M 2.3 7 280 M M 0 25 150
3 70 43 57 0 8 0 0.00 M M 2.5 7 290 M M 0 9 350
4 73 44 59 3 6 0 0.00 M M 3.8 8 260 M M 0 12 40
5 79 45 62 6 3 0 0.00 M M 4.1 9 260 M M 0 11 270
6 79 49 64 8 1 0 0.00 M M 4.7 9 300 M M 0 12 320
7 77 51 64 8 1 0 0.00 0.0 0 4.3 15 300 M M 0 8 20 300
8 73 46 60 4 5 0 0.00 0.0 0 2.9 9 300 M M 0 12 310
9 67 41 54 -1 11 0 0.00 0.0 0 7.7 18 330 M M 0 26 360
10 69 36 53 -2 12 0 0.00 M M 6.2 10 330 M M 0 15 330
11 69 38 54 -1 11 0 0.00 M M 2.7 7 350 M M 0 15 70
12 71 39 55 0 10 0 0.00 M M 3.0 7 260 M M 0 9 270
13 72 39 56 1 9 0 0.00 M M 3.3 9 340 M M 0 13 350
14 72 42 57 2 8 0 0.00 M M 3.8 8 270 M M 0 10 360
15 74 41 58 4 7 0 0.00 M M 4.5 9 260 M M 0 11 280
16 76 43 60 6 5 0 0.00 M M 4.5 10 250 M M 0 11 350
17 77 43 60 6 5 0 0.00 M M 3.7 10 260 M M 0 11 260
18 69 44 57 3 8 0 0.00 M M 3.2 6 60 M M 0 8 50
19 73 45 59 5 6 0 0.00 M M 2.9 8 350 M M 0 12 340
20 73 50 62 8 3 0 0.00 M M 1.9 9 240 M M 5 14 60
21 69 48 59 5 6 0 0.00 M M 2.5 8 80 M M 2 8 13 70
22 66 55 61 7 4 0 T M M 5.1 16 90 M M 4 20 80
23 70 47 59 5 6 0 0.00 M M 2.9 8 80 M M 1 1 10 90
24 68 44 56 2 9 0 0.00 0.0 0 3.3 9 70 M M 1 12 14 60
25 68 43 56 2 9 0 0.00 0.0 0 1.8 8 90 M M 0 10 170
26 70 44 57 3 8 0 0.00 M M 2.8 8 260 M M 0 9 80
27 68 44 56 2 9 0 0.00 M M 2.6 8 10 M M 0 8 11 150
28 72 42 57 3 8 0 0.00 M M 2.2 8 260 M M 0 10 10
29 70 42 56 2 9 0 0.00 M M 1.8 7 240 M M 0 8 120
30 71 42 57 3 8 0 0.00 M M 9.2 30 250 M M 0 8 40 240
31 66 42 54 0 11 0 0.00 M M 3.1 13 250 M M 0 18 18 240
================================================================================
SM 2211 1366 219 0 T 0.0 115.0 M 13
================================================================================
AV 71.3 44.1 3.7 FASTST M M 0 MAX(MPH)
MISC ----> 30 250 40 240
================================================================================
NOTES:
# LAST OF SEVERAL OCCURRENCES
COLUMN 17 PEAK WIND IN M.P.H.
PRELIMINARY LOCAL CLIMATOLOGICAL DATA (WS FORM: F-6) , PAGE 2
STATION: IMPERIAL CA
MONTH: DECEMBER
YEAR: 2023
LATITUDE: 32 50 N
LONGITUDE: 115 35 W
[TEMPERATURE DATA] [PRECIPITATION DATA] SYMBOLS USED IN COLUMN 16
AVERAGE MONTHLY: 57.7 TOTAL FOR MONTH: T 1 = FOG OR MIST
DPTR FM NORMAL: 2.8 DPTR FM NORMAL: -0.34 2 = FOG REDUCING VISIBILITY
HIGHEST: 79 ON 6, 5 GRTST 24HR T ON 22-22 TO 1/4 MILE OR LESS
LOWEST: 36 ON 10 3 = THUNDER
SNOW, ICE PELLETS, HAIL 4 = ICE PELLETS
TOTAL MONTH: 0.0 INCH 5 = HAIL
GRTST 24HR 0.0 6 = FREEZING RAIN OR DRIZZLE
GRTST DEPTH: 0 7 = DUSTSTORM OR SANDSTORM:
VSBY 1/2 MILE OR LESS
8 = SMOKE OR HAZE
[NO. OF DAYS WITH] [WEATHER - DAYS WITH] 9 = BLOWING SNOW
X = TORNADO
MAX 32 OR BELOW: 0 0.01 INCH OR MORE: 0
MAX 90 OR ABOVE: 0 0.10 INCH OR MORE: 0
MIN 32 OR BELOW: 0 0.50 INCH OR MORE: 0
MIN 0 OR BELOW: 0 1.00 INCH OR MORE: 0
[HDD (BASE 65) ]
TOTAL THIS MO. 219 CLEAR (SCALE 0-3) 29
DPTR FM NORMAL -94 PTCLDY (SCALE 4-7) 2
TOTAL FM JUL 1 292 CLOUDY (SCALE 8-10) 0
DPTR FM NORMAL -138
[CDD (BASE 65) ]
TOTAL THIS MO. 0
DPTR FM NORMAL -1 [PRESSURE DATA]
TOTAL FM JAN 1 3838 HIGHEST SLP M ON M
DPTR FM NORMAL -324 LOWEST SLP 29.80 ON 19
[REMARKS]
#FINAL-12-23#