000
CXUS51 KCTP 010800
CF6IPT
PRELIMINARY LOCAL CLIMATOLOGICAL DATA (WS FORM: F-6)
STATION: WILLIAMSPORT PA
MONTH: JULY
YEAR: 2021
LATITUDE: 41 15 N
LONGITUDE: 76 55 W
TEMPERATURE IN F: :PCPN: SNOW: WIND :SUNSHINE: SKY :PK WND
================================================================================
1 2 3 4 5 6A 6B 7 8 9 10 11 12 13 14 15 16 17 18
12Z AVG MX 2MIN
DY MAX MIN AVG DEP HDD CDD WTR SNW DPTH SPD SPD DIR MIN PSBL S-S WX SPD DR
================================================================================
1 75 68 72 -1 0 7 0.44 0.0 0 2.5 10 300 M M 7 18 13 300
2 79 61 70 -3 0 5 0.03 0.0 0 6.3 15 270 M M 4 3 19 270
3 76 60 68 -5 0 3 0.06 0.0 0 7.0 17 290 M M 7 23 340
4 84 62 73 0 0 8 0.00 0.0 0 4.0 13 240 M M 6 17 250
5 90 59 75 2 0 10 0.00 0.0 0 2.6 13 190 M M 1 18 17 200
6 94 67 81 7 0 16 0.00 0.0 0 5.3 20 270 M M 2 13 25 250
7 93 68 81 7 0 16 1.46 0.0 0 4.4 29 290 M M 3 1238 35 290
8 76 68 72 -2 0 7 0.26 0.0 0 4.0 26 160 M M 8 18 40 150
9 85 66 76 2 0 11 0.19 0.0 0 3.3 12 320 M M 8 13 15 320
10 82 63 73 -1 0 8 0.00 0.0 0 5.2 12 260 M M 6 24 250
11 81 63 72 -2 0 7 0.46 0.0 0 3.6 10 110 M M 7 13 13 100
12 87 70 79 5 0 14 0.62 0.0 0 3.5 23 290 M M 7 13 28 290
13 88 68 78 4 0 13 1.45 0.0 0 6.9 25 290 M M 7 13 34 140
14 87 67 77 3 0 12 0.01 0.0 0 3.3 16 10 M M 7 13 20 20
15 88 68 78 4 0 13 0.00 0.0 0 3.1 13 210 M M 5 1 16 200
16 89 67 78 4 0 13 0.76 0.0 0 3.7 21 280 M M 5 1238 27 260
17 88 70 79 5 0 14 0.19 0.0 0 4.6 24 280 M M 7 138 37 270
18 81 63 72 -2 0 7 0.02 0.0 0 6.9 18 340 M M 8 1 24 340
19 88 61 75 1 0 10 T 0.0 0 4.6 17 80 M M 3 138 20 90
20 86 64 75 1 0 10 0.00 0.0 0 4.8 9 280 M M 3 18 13 250
21 81 60 71 -3 0 6 0.18 0.0 0 4.0 13 340 M M 4 38 24 340
22 81 57 69 -5 0 4 0.00 0.0 0 6.3 14 270 M M 1 17 270
23 82 55 69 -5 0 4 0.00 0.0 0 3.7 10 280 M M 2 13 270
24 83 57 70 -4 0 5 0.00 0.0 0 4.6 16 170 M M 3 26 170
25 90 71 81 7 0 16 T 0.0 0 4.5 14 230 M M 4 17 230
26 90 66 78 4 0 13 0.00 0.0 0 3.6 10 240 M M 2 1 15 240
27 90 63 77 3 0 12 0.10 0.0 0 5.2 16 340 M M 1 1 21 230
28 84 63 74 0 0 9 0.00 0.0 0 3.5 10 80 M M 3 128 16 100
29 78 60 69 -5 0 4 0.76 0.0 0 3.1 9 230 M M 6 18 23 230
30 81 57 69 -5 0 4 0.00 0.0 0 7.2 22 290 M M 3 1 27 340
31 78 52 65 -9 0 0 0.00 0.0 0 3.7 13 240 M M 1 16 220
================================================================================
SM 2615 1964 0 281 6.99 0.0 139.0 M 141
================================================================================
AV 84.4 63.4 4.5 FASTST M M 5 MAX(MPH)
MISC ----> 29 290 40 150
================================================================================
NOTES:
# LAST OF SEVERAL OCCURRENCES
COLUMN 17 PEAK WIND IN M.P.H.
PRELIMINARY LOCAL CLIMATOLOGICAL DATA (WS FORM: F-6) , PAGE 2
STATION: WILLIAMSPORT PA
MONTH: JULY
YEAR: 2021
LATITUDE: 41 15 N
LONGITUDE: 76 55 W
[TEMPERATURE DATA] [PRECIPITATION DATA] SYMBOLS USED IN COLUMN 16
AVERAGE MONTHLY: 73.9 TOTAL FOR MONTH: 6.99 1 = FOG OR MIST
DPTR FM NORMAL: 0.2 DPTR FM NORMAL: 2.35 2 = FOG REDUCING VISIBILITY
HIGHEST: 94 ON 6 GRTST 24HR 1.71 ON 7- 8 TO 1/4 MILE OR LESS
LOWEST: 52 ON 31 3 = THUNDER
SNOW, ICE PELLETS, HAIL 4 = ICE PELLETS
TOTAL MONTH: 0.0 INCH 5 = HAIL
GRTST 24HR 0.0 6 = FREEZING RAIN OR DRIZZLE
GRTST DEPTH: 0 7 = DUSTSTORM OR SANDSTORM:
VSBY 1/2 MILE OR LESS
8 = SMOKE OR HAZE
[NO. OF DAYS WITH] [WEATHER - DAYS WITH] 9 = BLOWING SNOW
X = TORNADO
MAX 32 OR BELOW: 0 0.01 INCH OR MORE: 16
MAX 90 OR ABOVE: 6 0.10 INCH OR MORE: 12
MIN 32 OR BELOW: 0 0.50 INCH OR MORE: 5
MIN 0 OR BELOW: 0 1.00 INCH OR MORE: 2
[HDD (BASE 65) ]
TOTAL THIS MO. 0 CLEAR (SCALE 0-3) 11
DPTR FM NORMAL -2 PTCLDY (SCALE 4-7) 18
TOTAL FM JUL 1 0 CLOUDY (SCALE 8-10) 2
DPTR FM NORMAL 0
[CDD (BASE 65) ]
TOTAL THIS MO. 281
DPTR FM NORMAL 8 [PRESSURE DATA]
TOTAL FM JAN 1 560 HIGHEST SLP 30.20 ON 23
DPTR FM NORMAL 73 LOWEST SLP 29.71 ON 2
[REMARKS]
#FINAL-07-21#