000
CXUS51 KCTP 010900
CF6IPT
PRELIMINARY LOCAL CLIMATOLOGICAL DATA (WS FORM: F-6)
STATION: WILLIAMSPORT PA
MONTH: NOVEMBER
YEAR: 2023
LATITUDE: 41 15 N
LONGITUDE: 76 55 W
TEMPERATURE IN F: :PCPN: SNOW: WIND :SUNSHINE: SKY :PK WND
================================================================================
1 2 3 4 5 6A 6B 7 8 9 10 11 12 13 14 15 16 17 18
12Z AVG MX 2MIN
DY MAX MIN AVG DEP HDD CDD WTR SNW DPTH SPD SPD DIR MIN PSBL S-S WX SPD DR
================================================================================
1 48 29 39 -8 26 0 0.00 0.0 0 7.7 20 310 M M 4 28 270
2 49 29 39 -8 26 0 0.00 0.0 0 3.5 14 160 M M 4 18 150
3 58 29 44 -2 21 0 0.00 0.0 0 5.8 21 170 M M 0 32 160
4 55 42 49 3 16 0 0.00 0.0 0 2.2 8 120 M M 4 9 70
5 61 38 50 4 15 0 0.00 0.0 0 2.6 14 330 M M 4 22 320
6 59 35 47 2 18 0 T 0.0 0 6.2 23 160 M M 2 36 160
7 70 46 58 13 7 0 0.00 0.0 0 9.6 24 290 M M 4 1 36 280
8 50 38 44 0 21 0 0.00 0.0 0 6.8 16 70 M M 2 23 70
9 65 41 53 9 12 0 T 0.0 0 8.2 18 300 M M 5 29 90
10 54 40 47 3 18 0 0.00 0.0 0 2.3 8 270 M M 4 9 270
11 54 34 44 1 21 0 0.00 0.0 0 4.0 10 20 M M 6 15 10
12 47 27 37 -6 28 0 0.00 0.0 0 3.4 12 20 M M 1 15 40
13 50 25 38 -5 27 0 0.00 0.0 0 1.8 9 110 M M 3 12 15 110
14 55 28 42 0 23 0 0.00 0.0 0 4.8 21 310 M M 3 32 310
15 55 27 41 -1 24 0 0.00 0.0 0 2.3 16 110 M M 2 12 26 120
16 61 30 46 4 19 0 0.00 0.0 0 1.5 6 100 M M 0 18 9 110
17 60 31 46 5 19 0 0.17 0.0 0 3.4 18 170 M M 4 18 25 160
18 51 28 40 -1 25 0 0.03 0.0 0 6.9 17 300 M M 4 1 25 310
19 55 26 41 0 24 0 0.00 0.0 0 5.0 16 250 M M 1 22 250
20 45 25 35 -5 30 0 0.00 0.0 0 3.3 9 60 M M 0 11 20
21 49 28 39 -1 26 0 1.14 0.0 0 12.0 28 120 M M 7 1 38 120
22 53 45 49 9 16 0 0.10 0.0 0 7.8 18 290 M M 10 12 26 300
23 52 39 46 7 19 0 0.00 0.0 0 8.5 18 260 M M 8 23 260
24 47 28 38 -1 27 0 0.00 0.0 0 7.8 16 330 M M 4 26 290
25 41 24 33 -6 32 0 0.00 0.0 0 4.7 9 120 M M 0 13 270
26 46 27 37 -1 28 0 0.05 0.0 0 6.4 17 130 M M 5 18 26 120
27 42 32 37 -1 28 0 0.02 0.0 0 9.9 23 280 M M 10 1 34 280
28 34 25 30 -8 35 0 T T 0 11.6 25 280 M M 7 35 290
29 32 22 27 -10 38 0 0.00 0.0 0 7.9 20 270 M M 6 26 280
30 45 20 33 -4 32 0 0.00 0.0 0 1.4 10 80 M M 1 16 100
================================================================================
SM 1543 938 701 0 1.51 T 169.3 M 115
================================================================================
AV 51.4 31.3 5.6 FASTST M M 4 MAX(MPH)
MISC ----> 28 120 38 120
================================================================================
NOTES:
# LAST OF SEVERAL OCCURRENCES
COLUMN 17 PEAK WIND IN M.P.H.
PRELIMINARY LOCAL CLIMATOLOGICAL DATA (WS FORM: F-6) , PAGE 2
STATION: WILLIAMSPORT PA
MONTH: NOVEMBER
YEAR: 2023
LATITUDE: 41 15 N
LONGITUDE: 76 55 W
[TEMPERATURE DATA] [PRECIPITATION DATA] SYMBOLS USED IN COLUMN 16
AVERAGE MONTHLY: 41.4 TOTAL FOR MONTH: 1.51 1 = FOG OR MIST
DPTR FM NORMAL: -0.6 DPTR FM NORMAL: -1.74 2 = FOG REDUCING VISIBILITY
HIGHEST: 70 ON 7 GRTST 24HR 1.24 ON 21-22 TO 1/4 MILE OR LESS
LOWEST: 20 ON 30 3 = THUNDER
SNOW, ICE PELLETS, HAIL 4 = ICE PELLETS
TOTAL MONTH: T 5 = HAIL
GRTST 24HR T ON 28-28 6 = FREEZING RAIN OR DRIZZLE
GRTST DEPTH: 0 7 = DUSTSTORM OR SANDSTORM:
VSBY 1/2 MILE OR LESS
8 = SMOKE OR HAZE
[NO. OF DAYS WITH] [WEATHER - DAYS WITH] 9 = BLOWING SNOW
X = TORNADO
MAX 32 OR BELOW: 1 0.01 INCH OR MORE: 6
MAX 90 OR ABOVE: 0 0.10 INCH OR MORE: 3
MIN 32 OR BELOW: 20 0.50 INCH OR MORE: 1
MIN 0 OR BELOW: 0 1.00 INCH OR MORE: 1
[HDD (BASE 65) ]
TOTAL THIS MO. 701 CLEAR (SCALE 0-3) 12
DPTR FM NORMAL 8 PTCLDY (SCALE 4-7) 16
TOTAL FM JUL 1 1046 CLOUDY (SCALE 8-10) 2
DPTR FM NORMAL -126
[CDD (BASE 65) ]
TOTAL THIS MO. 0
DPTR FM NORMAL 0 [PRESSURE DATA]
TOTAL FM JAN 1 864 HIGHEST SLP 30.54 ON 12
DPTR FM NORMAL 66 LOWEST SLP 29.68 ON 27
[REMARKS]
#FINAL-11-23#