000
CXUS53 KEAX 010736
CF6IRK
PRELIMINARY LOCAL CLIMATOLOGICAL DATA (WS FORM: F-6)
STATION: KIRKSVILLE MO
MONTH: OCTOBER
YEAR: 2021
LATITUDE: 40 5 N
LONGITUDE: 92 33 W
TEMPERATURE IN F: :PCPN: SNOW: WIND :SUNSHINE: SKY :PK WND
================================================================================
1 2 3 4 5 6A 6B 7 8 9 10 11 12 13 14 15 16 17 18
12Z AVG MX 2MIN
DY MAX MIN AVG DEP HDD CDD WTR SNW DPTH SPD SPD DIR MIN PSBL S-S WX SPD DR
================================================================================
1 78 59 69 9 0 4 0.00 M M 6.8 14 140 M M 6 1 18 150
2 79 63 71 12 0 6 T M M 4.6 12 260 M M 6 123 16 280
3 76 57 67 8 0 2 0.00 M M 6.7 14 310 M M 7 18 20 290
4 76 49 63 4 2 0 0.00 M M 6.1 17 360 M M 1 1 24 360
5 73 59 66 8 0 1 0.00 M M 6.9 12 50 M M 10 1 18 40
6 67 63 65 7 0 0 0.03 M M 7.2 14 40 M M 10 18 19 60
7 74 60 67 9 0 2 0.00 M M 2.8 10 110 M M 6 1 14 100
8 82 56 69 12 0 4 0.00 M M 5.8 12 120 M M 1 1 16 110
9 78 59 69 12 0 4 0.00 M M 9.2 18 160 M M 0 26 170
10 83 59 71 15 0 6 0.10 M M 10.9 21 170 M M 4 3 30 240
11 65 51 58 2 7 0 0.47 M M 10.8 23 40 M M 9 13 30 40
12 76 47 62 6 3 0 0.00 M M 5.1 16 140 M M 0 18 23 140
13 73 60 67 12 0 2 0.44 M M 9.5 24 170 M M 6 1 37 210
14 73 50 62 7 3 0 0.00 M M 2.5 9 300 M M 4 12 220
15 59 43 51 -3 14 0 0.01 M M 9.0 18 350 M M 5 24 20
16 63 38 51 -3 14 0 0.00 M M 7.8 20 290 M M 0 29 290
17 71 37 54 0 11 0 0.00 M M 6.1 13 270 M M 0 17 250
18 75 42 59 6 6 0 0.00 M M 6.8 14 190 M M 0 8 19 200
19 73 47 60 7 5 0 0.00 M M 10.6 18 170 M M 0 8 26 160
20 70 47 59 7 6 0 0.00 M M 11.2 18 220 M M 3 28 240
21 52 45 49 -3 16 0 0.00 M M 11.1 18 280 M M 9 30 280
22 57 35 46 -6 19 0 0.00 M M 4.4 10 50 M M 3 1 14 50
23 59 42 51 0 14 0 0.12 M M 9.8 15 90 M M 8 138 24 50
24 65 46 56 5 9 0 4.54 M M 13.4 26 270 M M 10 13 40 280
25 48 35 42 -8 23 0 0.00 M M 7.9 21 320 M M 8 1 32 310
26 59 33 46 -4 19 0 0.00 M M 10.9 20 120 M M 2 18 29 140
27 60 49 55 6 10 0 0.19 M M 11.4 20 120 M M 9 18 27 140
28 49 46 48 -1 17 0 0.62 M M 16.0 23 340 M M 10 1 36 350
29 50 47 49 1 16 0 0.15 M M 14.8 25 340 M M 10 1 36 340
30 61 38 50 2 15 0 0.00 M M 5.8 13 320 M M 0 18 19 320
31 55 38 47 -1 18 0 0.00 M M 11.0 22 340 M M 2 1 31 320
================================================================================
SM 2079 1500 247 31 6.67 M 262.9 M 149
================================================================================
AV 67.1 48.4 8.5 FASTST M M 5 MAX(MPH)
MISC ----> 26 270 40 280
================================================================================
NOTES:
# LAST OF SEVERAL OCCURRENCES
COLUMN 17 PEAK WIND IN M.P.H.
PRELIMINARY LOCAL CLIMATOLOGICAL DATA (WS FORM: F-6) , PAGE 2
STATION: KIRKSVILLE MO
MONTH: OCTOBER
YEAR: 2021
LATITUDE: 40 5 N
LONGITUDE: 92 33 W
[TEMPERATURE DATA] [PRECIPITATION DATA] SYMBOLS USED IN COLUMN 16
AVERAGE MONTHLY: 57.7 TOTAL FOR MONTH: 6.67 1 = FOG OR MIST
DPTR FM NORMAL: 3.9 DPTR FM NORMAL: 3.43 2 = FOG REDUCING VISIBILITY
HIGHEST: 83 ON 10 GRTST 24HR 4.66 ON 23-24 TO 1/4 MILE OR LESS
LOWEST: 33 ON 26 3 = THUNDER
SNOW, ICE PELLETS, HAIL 4 = ICE PELLETS
TOTAL MONTH: M 5 = HAIL
GRTST 24HR M ON M 6 = FREEZING RAIN OR DRIZZLE
GRTST DEPTH: M ON M 7 = DUSTSTORM OR SANDSTORM:
VSBY 1/2 MILE OR LESS
8 = SMOKE OR HAZE
[NO. OF DAYS WITH] [WEATHER - DAYS WITH] 9 = BLOWING SNOW
X = TORNADO
MAX 32 OR BELOW: 0 0.01 INCH OR MORE: 10
MAX 90 OR ABOVE: 0 0.10 INCH OR MORE: 8
MIN 32 OR BELOW: 0 0.50 INCH OR MORE: 2
MIN 0 OR BELOW: 0 1.00 INCH OR MORE: 1
[HDD (BASE 65) ]
TOTAL THIS MO. 247 CLEAR (SCALE 0-3) 12
DPTR FM NORMAL -117 PTCLDY (SCALE 4-7) 10
TOTAL FM JUL 1 266 CLOUDY (SCALE 8-10) 9
DPTR FM NORMAL -198
[CDD (BASE 65) ]
TOTAL THIS MO. 31
DPTR FM NORMAL 13 [PRESSURE DATA]
TOTAL FM JAN 1 1228 HIGHEST SLP M ON M
DPTR FM NORMAL 220 LOWEST SLP 29.43 ON 24
[REMARKS]
#FINAL-10-21#