000
CXUS53 KEAX 010913
CLMIRK
CLIMATE REPORT
NATIONAL WEATHER SERVICE KANSAS CITY/PLEASANT HILL MO
408 AM CDT SUN OCT 01 2023
...................................
...THE KIRKSVILLE MO CLIMATE SUMMARY FOR THE MONTH OF SEPTEMBER 2023...
CLIMATE NORMAL PERIOD: 1991 TO 2020
CLIMATE RECORD PERIOD: 9999 TO 9999
WEATHER OBSERVED NORMAL DEPART LAST YEAR`S
VALUE DATE(S) VALUE FROM VALUE DATE(S)
NORMAL
................................................................
TEMPERATURE (F)
HIGHEST 92 09/04 89 3 96 09/20
LOWEST 45 09/18 37 8 34 09/28
AVG. MAXIMUM 81.3 77.1 4.2 79.9
AVG. MINIMUM 54.2 53.9 0.3 53.0
MEAN 67.8 65.5 2.3 66.5
DAYS MAX >= 90 3 2.8 0.2 1
DAYS MAX <= 32 0 0.0 0.0 0
DAYS MIN <= 32 0 0.0 0.0 0
DAYS MIN <= 0 0 0.0 0.0 0
PRECIPITATION (INCHES)
TOTALS 0.28R 3.65 -3.37 1.19
DAILY AVG. 0.01 0.12 -0.11 0.04
DAYS >= .01 4 8.3 -4.3 5
DAYS >= .10 1 4.6 -3.6 3
DAYS >= .50 0 2.2 -2.2 1
DAYS >= 1.00 0 1.2 -1.2 0
GREATEST
24 HR. TOTAL 0.16 09/23 TO 09/23
DEGREE DAYS
HEATING TOTAL 12 91 -79 82
SINCE 7/1 12 99 -87 MM
COOLING TOTAL 104 106 -2 135
SINCE 1/1 977 990 -13 MM
................................................................
WIND (MPH)
AVERAGE WIND SPEED 5.9
HIGHEST WIND SPEED/DIRECTION 24/130 DATE 09/23
HIGHEST GUST SPEED/DIRECTION 35/120 DATE 09/23
SKY COVER
POSSIBLE SUNSHINE (PERCENT) MM
AVERAGE SKY COVER 0.18
NUMBER OF DAYS FAIR 24
NUMBER OF DAYS PC 4
NUMBER OF DAYS CLOUDY 2
AVERAGE RH (PERCENT) 71
WEATHER CONDITIONS. NUMBER OF DAYS WITH
THUNDERSTORM 3 MIXED PRECIP 0
HEAVY RAIN 0 RAIN 0
LIGHT RAIN 4 FREEZING RAIN 0
LT FREEZING RAIN 0 HAIL 0
HEAVY SNOW 0 SNOW 0
LIGHT SNOW 0 SLEET 0
FOG 20 FOG W/VIS <= 1/4 MILE 5
HAZE 5
- INDICATES NEGATIVE NUMBERS.
R INDICATES RECORD WAS SET OR TIED.
MM INDICATES DATA IS MISSING.
T INDICATES TRACE AMOUNT.
$$