000
CXUS52 TJSJ 010431
CF6ISX
PRELIMINARY LOCAL CLIMATOLOGICAL DATA (WS FORM: F-6)
STATION: HENRY E. ROHLSEN AP/ST CROIX
MONTH: APRIL
YEAR: 2020
LATITUDE: 17 42 N
LONGITUDE: 64 48 W
TEMPERATURE IN F: :PCPN: SNOW: WIND :SUNSHINE: SKY :PK WND
================================================================================
1 2 3 4 5 6A 6B 7 8 9 10 11 12 13 14 15 16 17 18
12Z AVG MX 2MIN
DY MAX MIN AVG DEP HDD CDD WTR SNW DPTH SPD SPD DIR MIN PSBL S-S WX SPD DR
================================================================================
1 84 69 77 -2 0 12 0.00 0.0 0 7.2 14 100 M M 2 17 90
2 85 71 78 -1 0 13 0.00 0.0 0 7.2 13 130 M M 2 16 110
3 85 70 78 -1 0 13 0.00 0.0 0 5.7 12 150 M M 1 14 150
4 85 71 78 -1 0 13 0.00 0.0 0 5.2 12 150 M M 0 15 150
5 86 71 79 0 0 14 0.00 0.0 0 6.3 14 120 M M 2 18 120
6 87 72 80 1 0 15 0.00 0.0 0 7.9 15 100 M M 2 20 110
7 86 75 81 1 0 16 0.09 0.0 0 7.6 16 70 M M 2 1 20 80
8 87 75 81 1 0 16 0.00 0.0 0 8.9 17 100 M M 3 21 100
9 87 74 81 1 0 16 0.00 0.0 0 6.9 13 160 M M 3 15 150
10 86 73 80 0 0 15 0.00 0.0 0 6.8 12 130 M M 3 17 110
11 87 74 81 1 0 16 0.00 0.0 0 5.8 13 100 M M 2 16 110
12 88 75 82 2 0 17 0.00 0.0 0 8.8 15 110 M M 2 20 100
13 88 75 82 2 0 17 0.12 0.0 0 10.7 24 90 M M 4 1 28 100
14 87 76 82 2 0 17 0.17 0.0 0 11.5 22 100 M M 4 18 27 90
15 88 75 82 2 0 17 0.01 0.0 0 9.2 20 110 M M 3 25 110
16 87 73 80 0 0 15 T 0.0 0 10.0 23 90 M M 3 29 80
17 88 74 81 1 0 16 0.00 0.0 0 10.5 23 90 M M 2 27 90
18 88 73 81 1 0 16 0.00 0.0 0 10.3 18 100 M M 2 23 100
19 88 75 82 2 0 17 0.00 0.0 0 11.1 21 100 M M 3 27 90
20 88 75 82 2 0 17 T 0.0 0 10.1 21 90 M M 3 26 100
21 88 75 82 2 0 17 0.01 0.0 0 10.9 21 120 M M 3 26 120
22 89 74 82 2 0 17 0.00 0.0 0 8.3 16 120 M M 3 20 110
23 90 76 83 3 0 18 T 0.0 0 11.3 23 90 M M 5 18 28 90
24 89 77 83 3 0 18 0.00 0.0 0 13.6 24 100 M M 2 32 90
25 89 75 82 2 0 17 0.03 0.0 0 13.0 26 90 M M 5 18 33 90
26 91 76 84 4 0 19 0.01 0.0 0 14.6 24 100 M M 3 31 100
27 88 75 82 2 0 17 0.01 0.0 0 10.9 20 110 M M 3 8 24 110
28 88 74 81 0 0 16 0.00 0.0 0 8.3 20 80 M M 4 23 80
29 88 75 82 1 0 17 0.14 0.0 0 10.4 18 110 M M 4 25 120
30 89 77 83 2 0 18 0.02 0.0 0 12.7 18 90 M M 4 8 25 100
================================================================================
SM 2624 2220 0 482 0.61 0.0 281.7 M 84
================================================================================
AV 87.5 74.0 9.4 FASTST M M 3 MAX(MPH)
MISC ----> # 26 90 # 33 90
================================================================================
NOTES:
# LAST OF SEVERAL OCCURRENCES
COLUMN 17 PEAK WIND IN M.P.H.
PRELIMINARY LOCAL CLIMATOLOGICAL DATA (WS FORM: F-6) , PAGE 2
STATION: HENRY E. ROHLSEN AP/ST CROIX
MONTH: APRIL
YEAR: 2020
LATITUDE: 17 42 N
LONGITUDE: 64 48 W
[TEMPERATURE DATA] [PRECIPITATION DATA] SYMBOLS USED IN COLUMN 16
AVERAGE MONTHLY: 80.7 TOTAL FOR MONTH: 0.61 1 = FOG OR MIST
DPTR FM NORMAL: 0.7 DPTR FM NORMAL: -1.52 2 = FOG REDUCING VISIBILITY
HIGHEST: 91 ON 26 GRTST 24HR 0.17 ON 14-14 TO 1/4 MILE OR LESS
LOWEST: 69 ON 1 3 = THUNDER
SNOW, ICE PELLETS, HAIL 4 = ICE PELLETS
TOTAL MONTH: 0.0 INCH 5 = HAIL
GRTST 24HR 0.0 6 = FREEZING RAIN OR DRIZZLE
GRTST DEPTH: 0 7 = DUSTSTORM OR SANDSTORM:
VSBY 1/2 MILE OR LESS
8 = SMOKE OR HAZE
[NO. OF DAYS WITH] [WEATHER - DAYS WITH] 9 = BLOWING SNOW
X = TORNADO
MAX 32 OR BELOW: 0 0.01 INCH OR MORE: 10
MAX 90 OR ABOVE: 2 0.10 INCH OR MORE: 3
MIN 32 OR BELOW: 0 0.50 INCH OR MORE: 0
MIN 0 OR BELOW: 0 1.00 INCH OR MORE: 0
[HDD (BASE 65) ]
TOTAL THIS MO. 0 CLEAR (SCALE 0-3) 18
DPTR FM NORMAL 0 PTCLDY (SCALE 4-7) 12
TOTAL FM JUL 1 0 CLOUDY (SCALE 8-10) 0
DPTR FM NORMAL 0
[CDD (BASE 65) ]
TOTAL THIS MO. 482
DPTR FM NORMAL 34 [PRESSURE DATA]
TOTAL FM JAN 1 1749 HIGHEST SLP M ON M
DPTR FM NORMAL 104 LOWEST SLP 29.85 ON M
[REMARKS]
#FINAL-04-20#