000
CXUS52 TJSJ 010442
CF6ISX
PRELIMINARY LOCAL CLIMATOLOGICAL DATA (WS FORM: F-6)
STATION: HENRY E. ROHLSEN AP/ST CROIX
MONTH: SEPTEMBER
YEAR: 2023
LATITUDE: 17 42 N
LONGITUDE: 64 48 W
TEMPERATURE IN F: :PCPN: SNOW: WIND :SUNSHINE: SKY :PK WND
================================================================================
1 2 3 4 5 6A 6B 7 8 9 10 11 12 13 14 15 16 17 18
12Z AVG MX 2MIN
DY MAX MIN AVG DEP HDD CDD WTR SNW DPTH SPD SPD DIR MIN PSBL S-S WX SPD DR
================================================================================
1 94 81 88 5 0 23 0.00 M M 10.0 18 110 M M 2 25 140
2 94 80 87 4 0 22 T M M 9.1 15 100 M M 2 21 110
3 94 79 87 4 0 22 0.04 M M 9.0 18 100 M M 3 24 110
4 94 81 88 5 0 23 0.00 M M 9.2 16 130 M M 3 21 130
5 93 80 87 4 0 22 0.00 M M 7.4 15 110 M M 2 20 100
6 93 80 87 4 0 22 0.00 M M 9.3 17 90 M M 2 24 130
7 95 81 88 5 0 23 T M M 10.6 18 100 M M 2 24 100
8 95 79 87 4 0 22 0.06 M M 9.2 17 70 M M 2 1 27 70
9 97 81 89 6 0 24 T M M 6.7 15 50 M M 2 22 60
10 94 78 86 3 0 21 0.07 M M 4.0 12 150 M M 3 8 19 170
11 94 80 87 4 0 22 T M M 9.2 20 220 M M 3 29 220
12 95 85 90 7 0 25 0.00 M M 10.5 17 220 M M 2 26 230
13 95 82 89 6 0 24 0.01 M M 9.5 16 180 M M 4 3 23 160
14 94 82 88 5 0 23 0.00 M M 7.1 14 150 M M 2 19 160
15 94 80 87 4 0 22 0.00 M M 6.5 13 130 M M 2 18 130
16 96 78 87 4 0 22 0.02 M M 8.8 17 30 M M 2 26 30
17 96 80 88 5 0 23 T M M 9.0 17 110 M M 2 25 70
18 94 79 87 4 0 22 0.00 M M 6.9 15 120 M M 2 21 120
19 94 78 86 3 0 21 0.03 M M 5.1 13 130 M M 3 1 18 130
20 95 78 87 4 0 22 T M M 8.5 21 100 M M 1 3 25 110
21 95 81 88 5 0 23 T M M 9.0 18 100 M M 1 3 25 100
22 96 81 89 6 0 24 T M M 11.1 21 110 M M 2 8 27 90
23 94 81 88 5 0 23 0.07 M M 8.5 16 130 M M 2 18 24 130
24 95 82 89 7 0 24 0.21 M M 10.4 20 100 M M 4 8 27 110
25 95 79 87 5 0 22 0.12 M M 10.4 21 110 M M 4 8 28 110
26 96 82 89 7 0 24 T M M 9.7 18 70 M M 2 25 70
27 97 81 89 7 0 24 0.10 M M 10.6 22 80 M M 3 13 30 70
28 96 82 89 7 0 24 0.01 M M 8.8 17 60 M M 2 1 25 90
29 96 81 89 7 0 24 0.02 M M 8.2 15 60 M M 3 1 22 50
30 97 84 91 9 0 26 T M M 12.4 22 70 M M 3 32 70
================================================================================
SM 2847 2416 0 688 0.76 M 264.7 M 72
================================================================================
AV 94.9 80.5 8.8 FASTST M M 2 MAX(MPH)
MISC ----> # 22 80 32 70
================================================================================
NOTES:
# LAST OF SEVERAL OCCURRENCES
COLUMN 17 PEAK WIND IN M.P.H.
PRELIMINARY LOCAL CLIMATOLOGICAL DATA (WS FORM: F-6) , PAGE 2
STATION: HENRY E. ROHLSEN AP/ST CROIX
MONTH: SEPTEMBER
YEAR: 2023
LATITUDE: 17 42 N
LONGITUDE: 64 48 W
[TEMPERATURE DATA] [PRECIPITATION DATA] SYMBOLS USED IN COLUMN 16
AVERAGE MONTHLY: 87.7 TOTAL FOR MONTH: 0.76 1 = FOG OR MIST
DPTR FM NORMAL: 4.9 DPTR FM NORMAL: -4.13 2 = FOG REDUCING VISIBILITY
HIGHEST: 97 ON 30,27 GRTST 24HR 0.33 ON 24-25 TO 1/4 MILE OR LESS
LOWEST: 78 ON 20,19 3 = THUNDER
SNOW, ICE PELLETS, HAIL 4 = ICE PELLETS
TOTAL MONTH: M 5 = HAIL
GRTST 24HR M ON M 6 = FREEZING RAIN OR DRIZZLE
GRTST DEPTH: M ON M 7 = DUSTSTORM OR SANDSTORM:
VSBY 1/2 MILE OR LESS
8 = SMOKE OR HAZE
[NO. OF DAYS WITH] [WEATHER - DAYS WITH] 9 = BLOWING SNOW
X = TORNADO
MAX 32 OR BELOW: 0 0.01 INCH OR MORE: 12
MAX 90 OR ABOVE: 30 0.10 INCH OR MORE: 3
MIN 32 OR BELOW: 0 0.50 INCH OR MORE: 0
MIN 0 OR BELOW: 0 1.00 INCH OR MORE: 0
[HDD (BASE 65) ]
TOTAL THIS MO. 0 CLEAR (SCALE 0-3) 23
DPTR FM NORMAL 0 PTCLDY (SCALE 4-7) 7
TOTAL FM JUL 1 0 CLOUDY (SCALE 8-10) 0
DPTR FM NORMAL 0
[CDD (BASE 65) ]
TOTAL THIS MO. 688
DPTR FM NORMAL 154 [PRESSURE DATA]
TOTAL FM JAN 1 4790 HIGHEST SLP M ON M
DPTR FM NORMAL 470 LOWEST SLP 29.79 ON 12
[REMARKS]
#FINAL-09-23#