000
CXUS53 KGLD 010900
CF6ITR
PRELIMINARY LOCAL CLIMATOLOGICAL DATA (WS FORM: F-6)
STATION: BURLINGTON CO
MONTH: OCTOBER
YEAR: 2020
LATITUDE: 39 15 N
LONGITUDE: 102 17 W
TEMPERATURE IN F: :PCPN: SNOW: WIND :SUNSHINE: SKY :PK WND
================================================================================
1 2 3 4 5 6A 6B 7 8 9 10 11 12 13 14 15 16 17 18
12Z AVG MX 2MIN
DY MAX MIN AVG DEP HDD CDD WTR SNW DPTH SPD SPD DIR MIN PSBL S-S WX SPD DR
================================================================================
1 68 34 51 -6 14 0 0.00 M M 7.8 16 170 M M 0 23 340
2 78 43 61 5 4 0 0.00 M M 9.8 25 20 M M 0 8 35 20
3 69 40 55 -1 10 0 0.00 M M 12.6 25 10 M M 0 8 35 360
4 83 40 62 6 3 0 0.00 M M 11.4 22 230 M M 0 27 250
5 88 45 67 12 0 2 0.00 M M 12.9 26 340 M M 0 8 37 340
6 88 40 64 9 1 0 0.00 M M 11.5 22 230 M M 0 30 230
7 89 43 66 12 0 1 0.00 M M 9.4 14 80 M M 0 8 22 80
8 90 39 65 11 0 0 0.00 M M 9.7 22 180 M M 0 8 27 140
9 93 46 70 16 0 5 0.00 M M 10.4 21 360 M M 0 8 31 350
10 85 42 64 11 1 0 0.00 M M 12.7 23 160 M M 0 8 32 160
11 90 36 63 10 2 0 0.00 M M 20.3 43 340 M M 2 8 60 350
12 77 32 55 3 10 0 0.00 M M 13.2 26 210 M M 0 35 220
13 75 42 59 7 6 0 0.00 M M 13.7 24 200 M M 0 32 190
14 79 40 60 8 5 0 0.00 M M 15.2 29 30 M M 0 8 39 20
15 57 41 49 -2 16 0 0.00 M M 9.1 23 20 M M 8 8 30 30
16 66 29 48 -3 17 0 0.00 M M 12.9 30 190 M M 2 39 190
17 73 39 56 6 9 0 0.00 M M 9.2 26 50 M M 1 8 35 60
18 42 32 37 -13 28 0 0.00 M M 12.3 22 20 M M 10 18 28 20
19 61 37 49 -1 16 0 0.00 M M 13.3 22 210 M M 2 28 210
20 72 30 51 2 14 0 0.00 M M 9.5 22 30 M M 0 8 30 360
21 70 32 51 2 14 0 0.00 M M 13.6 25 160 M M 1 1 32 160
22 54 28 41 -8 24 0 T M M 17.6 29 350 M M 10 128 41 350
23 32 23 28 -20 37 0 0.00 M M 11.5 25 350 M M 7 37 340
24 48 22 35 -13 30 0 0.00 M M 17.3 30 170 M M 3 37 170
25 29 15 22 -25 43 0 0.08 M M 12.7 24 30 M M 10 168 29 10
26 15 5 10 -37 55 0 0.04 M M 8.3 18 30 M M 6 18 23 20
27 31 0 16 -31 49 0 0.00 M M 8.0 16 310 M M 0 19 300
28 44 16 30 -16 35 0 0.00 M M 13.9 21 340 M M 0 31 340
29 65 32 49 3 16 0 0.00 M M 9.2 17 320 M M 0 21 320
30 71 34 53 7 12 0 0.00 M M 11.5 20 160 M M 0 8 25 160
31 63 31 47 2 18 0 0.00 M M 12.7 25 360 M M 0 33 360
================================================================================
SM 2045 1008 489 8 0.12 M 373.2 M 62
================================================================================
AV 66.0 32.5 12.0 FASTST M M 2 MAX(MPH)
MISC ----> 43 340 60 350
================================================================================
NOTES:
# LAST OF SEVERAL OCCURRENCES
COLUMN 17 PEAK WIND IN M.P.H.
PRELIMINARY LOCAL CLIMATOLOGICAL DATA (WS FORM: F-6) , PAGE 2
STATION: BURLINGTON CO
MONTH: OCTOBER
YEAR: 2020
LATITUDE: 39 15 N
LONGITUDE: 102 17 W
[TEMPERATURE DATA] [PRECIPITATION DATA] SYMBOLS USED IN COLUMN 16
AVERAGE MONTHLY: 49.2 TOTAL FOR MONTH: 0.12 1 = FOG OR MIST
DPTR FM NORMAL: -1.7 DPTR FM NORMAL: -1.03 2 = FOG REDUCING VISIBILITY
HIGHEST: 93 ON 9 GRTST 24HR 0.12 ON 25-26 TO 1/4 MILE OR LESS
LOWEST: 0 ON 27 3 = THUNDER
SNOW, ICE PELLETS, HAIL 4 = ICE PELLETS
TOTAL MONTH: M 5 = HAIL
GRTST 24HR M ON M 6 = FREEZING RAIN OR DRIZZLE
GRTST DEPTH: M ON M 7 = DUSTSTORM OR SANDSTORM:
VSBY 1/2 MILE OR LESS
8 = SMOKE OR HAZE
[NO. OF DAYS WITH] [WEATHER - DAYS WITH] 9 = BLOWING SNOW
X = TORNADO
MAX 32 OR BELOW: 4 0.01 INCH OR MORE: 2
MAX 90 OR ABOVE: 3 0.10 INCH OR MORE: 0
MIN 32 OR BELOW: 14 0.50 INCH OR MORE: 0
MIN 0 OR BELOW: 1 1.00 INCH OR MORE: 0
[HDD (BASE 65) ]
TOTAL THIS MO. 489 CLEAR (SCALE 0-3) 24
DPTR FM NORMAL 46 PTCLDY (SCALE 4-7) 4
TOTAL FM JUL 1 613 CLOUDY (SCALE 8-10) 3
DPTR FM NORMAL 24
[CDD (BASE 65) ]
TOTAL THIS MO. 8
DPTR FM NORMAL 2 [PRESSURE DATA]
TOTAL FM JAN 1 1207 HIGHEST SLP M ON M
DPTR FM NORMAL 418 LOWEST SLP 29.44 ON 11
[REMARKS]
#FINAL-10-20#